000
CXUS53 KUNR 011448
CLMPHP
CLIMATE REPORT
NATIONAL WEATHER SERVICE RAPID CITY SD
848 AM MDT MON APR 01 2024
...................................
...THE PHILIP SD CLIMATE SUMMARY FOR THE MONTH OF MARCH 2024...
CLIMATE NORMAL PERIOD 1991 TO 2020
CLIMATE RECORD PERIOD 9999 TO 9999
WEATHER OBSERVED NORMAL DEPART LAST YEAR`S
VALUE DATE(S) VALUE FROM VALUE DATE(S)
NORMAL
................................................................
TEMPERATURE (F)
HIGHEST 73 03/01 55 03/24
LOWEST 3 03/26 2 03/09
AVG. MAXIMUM 49.1 48.9 0.2 35.7
AVG. MINIMUM 22.3 22.1 0.2 16.1
MEAN 35.7 35.5 0.2 25.9
DAYS MAX >= 90 0 0
DAYS MAX <= 32 5 8
DAYS MIN <= 32 28 24
DAYS MIN <= 0 0 0
PRECIPITATION (INCHES)
TOTALS 0.55 0.89 -0.34 0.70
DAILY AVG. 0.02 0.03 -0.01 0.02
DAYS >= .01 4 MM
DAYS >= .10 2 MM
DAYS >= .50 0 MM
DAYS >= 1.00 0 MM
GREATEST
24 HR. TOTAL 0.38 03/31 TO 03/31 MM
DEGREE DAYS
HEATING TOTAL 902 915 -13 890
SINCE 7/1 5433 6204 -771 MM
COOLING TOTAL 0 0 0 0
SINCE 1/1 0 0 0 MM
................................................................
WIND (MPH)
AVERAGE WIND SPEED 10.9
HIGHEST WIND SPEED/DIRECTION 39/300 DATE 03/03
HIGHEST GUST SPEED/DIRECTION 54/300 DATE 03/03
AVERAGE RH (PERCENT) 60
WEATHER CONDITIONS. NUMBER OF DAYS WITH
THUNDERSTORM 0 MIXED PRECIP 0
HEAVY RAIN 0 RAIN 0
LIGHT RAIN 2 FREEZING RAIN 0
LT FREEZING RAIN 1 HAIL 0
HEAVY SNOW 1 SNOW 2
LIGHT SNOW 6 SLEET 0
FOG 8 FOG W/VIS <= 1/4 MILE 1
HAZE 0
- INDICATES NEGATIVE NUMBERS.
R INDICATES RECORD WAS SET OR TIED.
MM INDICATES DATA IS MISSING.
T INDICATES TRACE AMOUNT.
$$