000
CXUS55 KPSR 011016
CLMPHX
CLIMATE REPORT
NATIONAL WEATHER SERVICE PHOENIX AZ
316 AM MST FRI DEC 01 2023
...................................
...THE PHOENIX AZ CLIMATE SUMMARY FOR THE MONTH OF NOVEMBER 2023...
CLIMATE NORMAL PERIOD 1991 TO 2020
CLIMATE RECORD PERIOD 1895 TO 2023
WEATHER OBSERVED NORMAL DEPART LAST YEAR`S
VALUE DATE(S) VALUE FROM VALUE
NORMAL
..............................................................
TEMPERATURE (F)
RECORD
HIGH 99 11/05/2020
LOW 27 11/23/1931
HIGHEST 93 11/05 88 5
11/06
LOWEST 47 11/26 41 6
AVG. MAXIMUM 80.6 76.5 4.1
AVG. MINIMUM 58.1 53.7 4.4
MEAN 69.3 65.1 4.3
DAYS MAX >= 90 3 1.4 1.6
DAYS MAX >= 100 0
DAYS MAX >= 110 0
DAYS MIN <= 32 0 0.0 0.0
DAYS MIN >= 90 0
PRECIPITATION (INCHES)
RECORD
MAXIMUM 3.61 1905
MINIMUM 0.00 2014
TOTALS 0.29 0.57 -0.28
DAYS >= .01 3 2.2 0.8
DAYS >= .10 1 1.2 -0.2
DAYS >= .50 0 0.3 -0.3
DAYS >= 1.00 0 0.1 -0.1
GREATEST
24 HR. TOTAL 0.14 11/18 TO 11/18
DEGREE DAYS
HEATING TOTAL 18 85 -67
SINCE 7/1 18 90 -72
COOLING TOTAL 156 88 68
SINCE 1/1 5346 4762 584
..............................................................
WIND (MPH)
AVERAGE WIND SPEED 5.4
HIGHEST GUST SPEED/DIRECTION 32/270 DATE 11/19
AVERAGE RH (PERCENT) 33
WEATHER CONDITIONS. NUMBER OF DAYS WITH
THUNDERSTORM 0 HEAVY RAIN 1
RAIN 0 LIGHT RAIN 3
FOG W/VIS <= 1/4 MILE 0
- INDICATES NEGATIVE NUMBERS.
R INDICATES RECORD WAS SET OR TIED.
MM INDICATES DATA IS MISSING.
T INDICATES TRACE AMOUNT.
$$