303
CXUS53 KILX 011606
CLMPIA


CLIMATE REPORT
NATIONAL WEATHER SERVICE LINCOLN IL
951 AM CST THU FEB 1 2018

...................................

...THE PEORIA IL CLIMATE SUMMARY FOR THE MONTH OF JANUARY 2018...

CLIMATE NORMAL PERIOD 1981 TO 2010
CLIMATE RECORD PERIOD 1883 TO 2018

WEATHER         OBSERVED          NORMAL  DEPART  LAST YEAR`S
                 VALUE   DATE(S)  VALUE   FROM    VALUE
                                          NORMAL
.............................................................
TEMPERATURE (F)
RECORD
 HIGH              71   01/23/1909
 LOW              -27   01/05/1884
HIGHEST            60   01/22        32      28       60
                        01/11
LOWEST            -16   01/01        16     -32       -2
AVG. MAXIMUM     33.2              32.8     0.4     37.3
AVG. MINIMUM     14.4              17.0    -2.6     23.6
MEAN             23.8              24.9    -1.1     30.5
DAYS MAX >= 90      0               0.0     0.0        0
DAYS MAX <= 32     13              14.3    -1.3       10
DAYS MIN <= 32     27              28.1    -1.1       22
DAYS MIN <= 0       9               3.7     5.3        3

PRECIPITATION (INCHES)
RECORD
 MAXIMUM         8.11   1965
 MINIMUM         0.07   1919
TOTALS           1.74              1.78   -0.04     1.57
DAILY AVG.       0.06              0.06    0.00     0.05
DAYS >= .01         8               9.2    -1.2       14
DAYS >= .10         3               4.1    -1.1        4
DAYS >= .50         1               1.0     0.0        1
DAYS >= 1.00        1               0.4     0.6        0
GREATEST
 24 HR. TOTAL    1.17   01/22 TO 01/22              0.87

SNOWFALL (INCHES)
RECORDS
 TOTAL           24.7   1979
TOTALS            3.5               6.9    -3.4      0.5
SINCE 7/1        10.9              15.1    -4.2      6.0
DAYS >= 1.0         1               2.4    -1.4        0
GREATEST
 SNOW DEPTH         5   01/09                          0
                        01/08
                        01/07
 24 HR TOTAL      1.2   01/15 TO 01/15               0.4

DEGREE_DAYS
HEATING TOTAL    1269              1243      26     1063
 SINCE 7/1       3383              3521    -138     2929
COOLING TOTAL       0                 0       0        0
 SINCE 1/1          0                 0       0        0
..............................................................

WIND (MPH)
AVERAGE WIND SPEED              9.4
HIGHEST WIND SPEED/DIRECTION    29/190    DATE  01/26
HIGHEST GUST SPEED/DIRECTION    41/190    DATE  01/26

SKY COVER
POSSIBLE SUNSHINE (PERCENT)   MM
AVERAGE SKY COVER           0.50
NUMBER OF DAYS FAIR           12
NUMBER OF DAYS PC              8
NUMBER OF DAYS CLOUDY         11

AVERAGE RH (PERCENT)     72

WEATHER CONDITIONS. NUMBER OF DAYS WITH
THUNDERSTORM              1     MIXED PRECIP               0
HEAVY RAIN                1     RAIN                       2
LIGHT RAIN                5     FREEZING RAIN              1
LT FREEZING RAIN          0     HAIL                       0
HEAVY SNOW                0     SNOW                       2
LIGHT SNOW                9     SLEET                      0
FOG                      10     FOG W/VIS <= 1/4 MILE      4
HAZE                      9

-  INDICATES NEGATIVE NUMBERS.
R  INDICATES RECORD WAS SET OR TIED.
MM INDICATES DATA IS MISSING.
T  INDICATES TRACE AMOUNT.
&&

RECORD COLD HIGH TEMPERATURE OF -2 DEGREES ON JANUARY 1ST
RECORD LOW TEMPERATURE OF -16 DEGREES ON JANUARY 1ST

$$

JRP
