000
CXUS53 KILX 011522
CLMPIA


CLIMATE REPORT
NATIONAL WEATHER SERVICE LINCOLN IL
1013 AM CDT WED APR 1 2015

...................................

...THE PEORIA IL CLIMATE SUMMARY FOR THE MONTH OF MARCH 2015...

CLIMATE NORMAL PERIOD 1981 TO 2010
CLIMATE RECORD PERIOD 1883 TO 2015

WEATHER         OBSERVED          NORMAL  DEPART  LAST YEAR`S
                 VALUE   DATE(S)  VALUE   FROM    VALUE
                                          NORMAL
.............................................................
TEMPERATURE (F)
RECORD
 HIGH              87   03/21/1907
 LOW              -11   03/08/1943
HIGHEST            79   03/16        48      31       67
LOWEST              3   03/06        30     -27       -6
                        03/05
AVG. MAXIMUM     51.1              50.3     0.8     44.4
AVG. MINIMUM     30.4              31.0    -0.6     24.7
MEAN             40.8              40.6     0.2     34.6
DAYS MAX >= 90      0               0.0     0.0        0
DAYS MAX <= 32      3               2.0     1.0        6
DAYS MIN <= 32     18              17.0     1.0       24
DAYS MIN <= 0       0               0.0     0.0        1

PRECIPITATION (INCHES)
RECORD
 MAXIMUM         7.49   2009
 MINIMUM         0.24   1885
TOTALS           0.65              2.80   -2.15     1.94
DAILY AVG.       0.02              0.09   -0.07     0.06
DAYS >= .01         6              10.4    -4.4       11
DAYS >= .10         3               5.9    -2.9        7
DAYS >= .50         0               1.7    -1.7        0
DAYS >= 1.00        0               0.5    -0.5        0
GREATEST
 24 HR. TOTAL    0.19   03/01 TO 03/01              0.49

SNOWFALL (INCHES)
RECORDS
 TOTAL           18.2   1926
TOTALS            2.7               2.7     0.0      7.1
SINCE 7/1        27.0              24.0     3.0     57.3
DAYS >= 1.0         1               0.9     0.1        4
GREATEST
 SNOW DEPTH         4   03/02                          5
 24 HR TOTAL      2.7   MM                           2.2

DEGREE_DAYS
HEATING TOTAL     743               756     -13      934
 SINCE 7/1       5449              5272     177     6113
COOLING TOTAL       0                 1      -1        0
 SINCE 1/1          0                 1      -1        0
..............................................................

WIND (MPH)
AVERAGE WIND SPEED              7.9
HIGHEST WIND SPEED/DIRECTION    26/220    DATE  03/29
HIGHEST GUST SPEED/DIRECTION    33/180    DATE  03/29

SKY COVER
POSSIBLE SUNSHINE (PERCENT)   MM
AVERAGE SKY COVER           0.30
NUMBER OF DAYS FAIR           24
NUMBER OF DAYS PC              2
NUMBER OF DAYS CLOUDY          5

AVERAGE RH (PERCENT)     62

WEATHER CONDITIONS. NUMBER OF DAYS WITH
THUNDERSTORM              0     MIXED PRECIP               0
HEAVY RAIN                0     RAIN                       0
LIGHT RAIN                6     FREEZING RAIN              1
LT FREEZING RAIN          2     HAIL                       0
HEAVY SNOW                1     SNOW                       1
LIGHT SNOW                2     SLEET                      0
FOG                      12     FOG W/VIS <= 1/4 MILE      3
HAZE                     14

-  INDICATES NEGATIVE NUMBERS.
R  INDICATES RECORD WAS SET OR TIED.
MM INDICATES DATA IS MISSING.
T  INDICATES TRACE AMOUNT.

$$
