000
CXUS53 KILX 011514
CLMPIA


CLIMATE REPORT
NATIONAL WEATHER SERVICE LINCOLN IL
946 AM CDT SUN MAY 1 2016

...................................

...THE PEORIA IL CLIMATE SUMMARY FOR THE MONTH OF APRIL 2016...

CLIMATE NORMAL PERIOD 1981 TO 2010
CLIMATE RECORD PERIOD 1883 TO 2016

WEATHER         OBSERVED          NORMAL  DEPART  LAST YEAR`S
                 VALUE   DATE(S)  VALUE   FROM    VALUE
                                          NORMAL
.............................................................
TEMPERATURE (F)
RECORD
 HIGH              92   04/25/1986
                        04/10/1930
                        04/29/1899
 LOW               14   04/07/1982
                        04/06/1982
                        04/05/1920
HIGHEST            84   04/25        62      22       82
LOWEST             25   04/09        41     -16       26
AVG. MAXIMUM     63.8              63.0     0.8     67.5
AVG. MINIMUM     42.6              41.7     0.9     44.4
MEAN             53.2              52.3     0.9     55.9
DAYS MAX >= 90      0               0.0     0.0        0
DAYS MAX <= 32      0               0.1    -0.1        0
DAYS MIN <= 32      7               4.0     3.0        1
DAYS MIN <= 0       0               0.0     0.0        0

PRECIPITATION (INCHES)
RECORD
 MAXIMUM         8.66   1947
 MINIMUM         0.71   1971
TOTALS           2.55              3.63   -1.08     3.38
DAILY AVG.       0.09              0.12   -0.03     0.11
DAYS >= .01        10              11.4    -1.4       10
DAYS >= .10         6               7.2    -1.2        6
DAYS >= .50         2               2.4    -0.4        3
DAYS >= 1.00        1               0.7     0.3        1
GREATEST
 24 HR. TOTAL    1.10   04/27 TO 04/28              1.09

SNOWFALL (INCHES)
RECORDS
 TOTAL           13.4   1982
TOTALS              T               0.6    -0.6      0.0
SINCE 7/1        15.3              24.6    -9.3     27.0
DAYS >= 1.0         0               0.1    -0.1        0
GREATEST
 SNOW DEPTH         0   MM                             0
 24 HR TOTAL        T   04/09 TO 04/09               0.0

DEGREE_DAYS
HEATING TOTAL     364               393     -29      274
 SINCE 7/1       4494              5665   -1171     5723
COOLING TOTAL      18                13       5       11
 SINCE 1/1         18                14       4       11
..............................................................

WIND (MPH)
AVERAGE WIND SPEED              9.4
HIGHEST WIND SPEED/DIRECTION    36/280    DATE  04/02
HIGHEST GUST SPEED/DIRECTION    53/300    DATE  04/02

SKY COVER
POSSIBLE SUNSHINE (PERCENT)   MM
AVERAGE SKY COVER           0.40
NUMBER OF DAYS FAIR           16
NUMBER OF DAYS PC              5
NUMBER OF DAYS CLOUDY          9

AVERAGE RH (PERCENT)     62

WEATHER CONDITIONS. NUMBER OF DAYS WITH
THUNDERSTORM              3     MIXED PRECIP               0
HEAVY RAIN                4     RAIN                       5
LIGHT RAIN               17     FREEZING RAIN              0
LT FREEZING RAIN          0     HAIL                       2
HEAVY SNOW                0     SNOW                       0
LIGHT SNOW                1     SLEET                      1
FOG                      13     FOG W/VIS <= 1/4 MILE      2
HAZE                      8

-  INDICATES NEGATIVE NUMBERS.
R  INDICATES RECORD WAS SET OR TIED.
MM INDICATES DATA IS MISSING.
T  INDICATES TRACE AMOUNT.

&&

NO RECORDS SET IN APRIL 2016

$$
