505
CXUS53 KILX 011449
CLMPIA


CLIMATE REPORT
NATIONAL WEATHER SERVICE LINCOLN IL
847 AM CST MON FEB 1 2016

...................................

...THE PEORIA IL CLIMATE SUMMARY FOR THE MONTH OF JANUARY 2016...

CLIMATE NORMAL PERIOD 1981 TO 2010
CLIMATE RECORD PERIOD 1883 TO 2016

WEATHER         OBSERVED          NORMAL  DEPART  LAST YEAR`S
                 VALUE   DATE(S)  VALUE   FROM    VALUE
                                          NORMAL
.............................................................
TEMPERATURE (F)
RECORD
 HIGH              71   01/23/1909
 LOW              -27   01/05/1884
HIGHEST            55   01/31        32      23       49
LOWEST             -3   01/18        16     -19       -8
AVG. MAXIMUM     34.6              32.8     1.8     33.8
AVG. MINIMUM     18.5              17.0     1.5     18.0
MEAN             26.6              24.9     1.7     25.9
DAYS MAX >= 90      0               0.0     0.0        0
DAYS MAX <= 32     12              14.3    -2.3       10
DAYS MIN <= 32     28              28.1    -0.1       28
DAYS MIN <= 0       3               3.7    -0.7        4

PRECIPITATION (INCHES)
RECORD
 MAXIMUM         8.11   1965
 MINIMUM         0.07   1919
TOTALS           0.76              1.78   -1.02     2.22
DAILY AVG.       0.02              0.06   -0.04     0.07
DAYS >= .01         9               9.2    -0.2       12
DAYS >= .10         3               4.1    -1.1        9
DAYS >= .50         0               1.0    -1.0        1
DAYS >= 1.00        0               0.4    -0.4        0
GREATEST
 24 HR. TOTAL    0.25   01/09 TO 01/09              0.64
                        01/08 TO 01/09
                        01/09 TO 01/09

SNOWFALL (INCHES)
RECORDS
 TOTAL           24.7   1979
TOTALS            5.2               6.9    -1.7     10.2
SINCE 7/1        12.3              15.1    -2.8     11.5
DAYS >= 1.0         2               2.4    -0.4        3
GREATEST
 SNOW DEPTH         3   01/11                          6
                        01/10
 24 HR TOTAL      3.0   01/09 TO 01/09               5.1

DEGREE_DAYS
HEATING TOTAL    1182              1243     -61     1206
 SINCE 7/1       2670              3521    -851     3415
COOLING TOTAL       0                 0       0        0
 SINCE 1/1          0                 0       0        0
..............................................................

WIND (MPH)
AVERAGE WIND SPEED              8.8
HIGHEST WIND SPEED/DIRECTION    25/290    DATE  01/26
HIGHEST GUST SPEED/DIRECTION    35/270    DATE  01/26

SKY COVER
POSSIBLE SUNSHINE (PERCENT)   MM
AVERAGE SKY COVER           0.50
NUMBER OF DAYS FAIR           13
NUMBER OF DAYS PC             11
NUMBER OF DAYS CLOUDY          7

AVERAGE RH (PERCENT)     72

WEATHER CONDITIONS. NUMBER OF DAYS WITH
THUNDERSTORM              0     MIXED PRECIP               0
HEAVY RAIN                0     RAIN                       1
LIGHT RAIN                4     FREEZING RAIN              0
LT FREEZING RAIN          0     HAIL                       0
HEAVY SNOW                1     SNOW                       2
LIGHT SNOW                8     SLEET                      0
FOG                      12     FOG W/VIS <= 1/4 MILE      3
HAZE                      8

-  INDICATES NEGATIVE NUMBERS.
R  INDICATES RECORD WAS SET OR TIED.
MM INDICATES DATA IS MISSING.
T  INDICATES TRACE AMOUNT.

&&

NO RECORDS SET IN JANUARY

$$
