000
CXUS53 KILX 011550
CLMPIA


CLIMATE REPORT
NATIONAL WEATHER SERVICE LINCOLN IL
939 AM CST TUE MAR 1 2016

...................................

...THE PEORIA IL CLIMATE SUMMARY FOR THE MONTH OF FEBRUARY 2016...

CLIMATE NORMAL PERIOD 1981 TO 2010
CLIMATE RECORD PERIOD 1883 TO 2016

WEATHER         OBSERVED          NORMAL  DEPART  LAST YEAR`S
                 VALUE   DATE(S)  VALUE   FROM    VALUE
                                          NORMAL
.............................................................
TEMPERATURE (F)
RECORD
 HIGH              74   02/10/1932
 LOW              -26   02/13/1905
HIGHEST            68   02/28        36      32       47
                        02/20
LOWEST              4   02/13        20     -16       -7
AVG. MAXIMUM     42.1              37.7     4.4     27.7
AVG. MINIMUM     24.4              21.2     3.2      9.6
MEAN             33.3              29.5     3.8     18.7
DAYS MAX >= 90      0               0.0     0.0        0
DAYS MAX <= 32      7               8.6    -1.6       19
DAYS MIN <= 32     25              23.4     1.6       28
DAYS MIN <= 0       0               1.6    -1.6        4

PRECIPITATION (INCHES)
RECORD
 MAXIMUM         5.64   1900
 MINIMUM         0.14   1907
TOTALS           0.62              1.79   -1.17     1.50
DAILY AVG.       0.02                MM      MM     0.05
DAYS >= .01         5               8.4    -3.4        5
DAYS >= .10         2               4.0    -2.0        3
DAYS >= .50         0               1.0    -1.0        1
DAYS >= 1.00        0               0.3    -0.3        1
GREATEST
 24 HR. TOTAL    0.38   02/02 TO 02/02              1.27

SNOWFALL (INCHES)
RECORDS
 TOTAL           26.5   1900
TOTALS            2.8               6.2    -3.4     12.8
SINCE 7/1        15.1              21.3    -6.2     24.3
DAYS >= 1.0         1               1.9    -0.9        3
GREATEST
 SNOW DEPTH         2   02/15                          9
 24 HR TOTAL      2.1   MM                           6.1

DEGREE_DAYS
HEATING TOTAL     913               995     -82     1291
 SINCE 7/1       3583              4547    -964     4706
COOLING TOTAL       0                 0       0        0
 SINCE 1/1          0                 0       0        0
..............................................................

WIND (MPH)
AVERAGE WIND SPEED              9.1
HIGHEST WIND SPEED/DIRECTION    35/270    DATE  02/19
HIGHEST GUST SPEED/DIRECTION    51/270    DATE  02/19

SKY COVER
POSSIBLE SUNSHINE (PERCENT)   MM
AVERAGE SKY COVER           0.50
NUMBER OF DAYS FAIR           14
NUMBER OF DAYS PC              6
NUMBER OF DAYS CLOUDY          9

AVERAGE RH (PERCENT)     66

WEATHER CONDITIONS. NUMBER OF DAYS WITH
THUNDERSTORM              0     MIXED PRECIP               0
HEAVY RAIN                1     RAIN                       1
LIGHT RAIN                2     FREEZING RAIN              0
LT FREEZING RAIN          1     HAIL                       0
HEAVY SNOW                0     SNOW                       1
LIGHT SNOW                5     SLEET                      0
FOG                      11     FOG W/VIS <= 1/4 MILE      4
HAZE                      9

-  INDICATES NEGATIVE NUMBERS.
R  INDICATES RECORD WAS SET OR TIED.
MM INDICATES DATA IS MISSING.
T  INDICATES TRACE AMOUNT.

&&

RECORD HIGH TEMPERATURE OF 68 DEGREES WAS SET ON FEB 20TH.
RECORD HIGH TEMPERATURE OF 68 DEGREES TIES THE OLD RECORD SET IN 1895 ON FEB 28TH.


$$
