000
CXUS53 KILX 011741
CLMPIA


CLIMATE REPORT
NATIONAL WEATHER SERVICE LINCOLN IL
1215 PM CDT TUE NOV 1 2016

...................................

...THE PEORIA IL CLIMATE SUMMARY FOR THE MONTH OF OCTOBER 2016...

CLIMATE NORMAL PERIOD 1981 TO 2010
CLIMATE RECORD PERIOD 1883 TO 2016

WEATHER         OBSERVED          NORMAL  DEPART  LAST YEAR`S
                 VALUE   DATE(S)  VALUE   FROM    VALUE
                                          NORMAL
.............................................................
TEMPERATURE (F)
RECORD
 HIGH              93   10/03/2006
 LOW                7   10/30/1925
HIGHEST            87   10/17        65      22       83
LOWEST             37   10/22        43      -6       32
                        10/21
AVG. MAXIMUM     70.0              64.5     5.5     68.8
AVG. MINIMUM     49.9              43.5     6.4     47.7
MEAN             60.0              54.0     6.0     58.3
DAYS MAX >= 90      0               0.1    -0.1        0
DAYS MAX <= 32      0               0.0     0.0        0
DAYS MIN <= 32      0               3.4    -3.4        1
DAYS MIN <= 0       0               0.0     0.0        0

PRECIPITATION (INCHES)
RECORD
 MAXIMUM        10.53   1941
 MINIMUM         0.03   1964
TOTALS           4.42              2.84    1.58     2.01
DAILY AVG.       0.14              0.09    0.05     0.06
DAYS >= .01         7               9.2    -2.2        6
DAYS >= .10         6               6.0     0.0        4
DAYS >= .50         2               2.1    -0.1        2
DAYS >= 1.00        1               0.5     0.5        0
GREATEST
 24 HR. TOTAL    2.54   10/06 TO 10/06              0.91

SNOWFALL (INCHES)
RECORDS
 TOTAL            3.3   1929
TOTALS            0.0                 T     0.0      0.0
SINCE 7/1         0.0                 T     0.0      0.0
DAYS >= 1.0         0               0.0     0.0        0
GREATEST
 SNOW DEPTH         0   MM                             0
 24 HR TOTAL      0.0   10/31 TO 10/31               0.0

DEGREE_DAYS
HEATING TOTAL     199               356    -157      229
 SINCE 7/1        222               446    -224      250
COOLING TOTAL      49                15      34       29
 SINCE 1/1       1418              1039     379     1416
..............................................................

WIND (MPH)
AVERAGE WIND SPEED              7.3
HIGHEST WIND SPEED/DIRECTION    32/190    DATE  10/17
HIGHEST GUST SPEED/DIRECTION    41/200    DATE  10/17

SKY COVER
POSSIBLE SUNSHINE (PERCENT)   MM
AVERAGE SKY COVER           0.30
NUMBER OF DAYS FAIR           18
NUMBER OF DAYS PC             10
NUMBER OF DAYS CLOUDY          3

AVERAGE RH (PERCENT)     75

WEATHER CONDITIONS. NUMBER OF DAYS WITH
THUNDERSTORM              5     MIXED PRECIP               0
HEAVY RAIN                5     RAIN                       6
LIGHT RAIN               11     FREEZING RAIN              0
LT FREEZING RAIN          0     HAIL                       0
HEAVY SNOW                0     SNOW                       0
LIGHT SNOW                0     SLEET                      0
FOG                      12     FOG W/VIS <= 1/4 MILE      0
HAZE                      3

-  INDICATES NEGATIVE NUMBERS.
R  INDICATES RECORD WAS SET OR TIED.
MM INDICATES DATA IS MISSING.
T  INDICATES TRACE AMOUNT.
&&

Record warm low temperature of 68 degrees was set on October 17th.
Record high temperature of 87 degrees was set on October 17th.
Record warm low temperature of 66 degrees was set on October 16th.
Record total rainfall of 2.54 inches was set on October 6th.
Tied for 8th warmest October on record at 60.0 degrees.

$$
