000
CXUS53 KILX 011849
CLMPIA


CLIMATE REPORT
NATIONAL WEATHER SERVICE LINCOLN IL
1246 PM CST SAT MAR 1 2014

...................................

...THE PEORIA IL CLIMATE SUMMARY FOR THE MONTH OF FEBRUARY 2014...

CLIMATE NORMAL PERIOD 1981 TO 2010
CLIMATE RECORD PERIOD 1883 TO 2014

WEATHER         OBSERVED          NORMAL  DEPART  LAST YEAR`S
                 VALUE   DATE(S)  VALUE   FROM    VALUE
                                          NORMAL
.............................................................
TEMPERATURE (F)
RECORD
 HIGH              74   02/10/1932
 LOW              -26   02/13/1905
HIGHEST            53   02/20        36      17       54
LOWEST            -13   02/11        20     -33        1
AVG. MAXIMUM     26.9              37.7   -10.8     36.1
AVG. MINIMUM      8.9              21.2   -12.3     21.6
MEAN             17.9              29.5   -11.6     28.9
DAYS MAX >= 90      0               0.0     0.0        0
DAYS MAX <= 32     20               8.6    11.4        9
DAYS MIN <= 32     27              23.4     3.6       25
DAYS MIN <= 0      10               1.6     8.4        0

PRECIPITATION (INCHES)
RECORD
 MAXIMUM         5.64   1900
 MINIMUM         0.14   1907
TOTALS           2.77              1.79    0.98     2.90
DAILY AVG.       0.10              0.06    0.04     0.10
DAYS >= .01        11               8.4     2.6       11
DAYS >= .10         6               4.0     2.0        7
DAYS >= .50         2               1.0     1.0        3
DAYS >= 1.00        0               0.3    -0.3        0
GREATEST
 24 HR. TOTAL    0.78   02/20 TO 02/20              0.72
                        02/19 TO 02/20
                        02/20 TO 02/20

SNOWFALL (INCHES)
RECORDS
 TOTAL           26.5   1900
TOTALS           22.9               6.2    16.7      8.3
SINCE 7/1        50.2              21.3    28.9     11.9
DAYS >= 1.0         8               1.9     6.1        4
GREATEST
 SNOW DEPTH        12   02/18                          4
 24 HR TOTAL      5.0   02/17 TO 02/17               3.9

DEGREE_DAYS
HEATING TOTAL    1311               995     316     1006
 SINCE 7/1       5179              4516     663     4293
COOLING TOTAL       0                 0       0        0
 SINCE 1/1          0                 0       0        0
..............................................................

WIND (MPH)
AVERAGE WIND SPEED              7.8
HIGHEST WIND SPEED/DIRECTION    41/240    DATE  02/20
HIGHEST GUST SPEED/DIRECTION    53/250    DATE  02/20

SKY COVER
POSSIBLE SUNSHINE (PERCENT)   MM
AVERAGE SKY COVER           0.40
NUMBER OF DAYS FAIR           15
NUMBER OF DAYS PC              8
NUMBER OF DAYS CLOUDY          5

AVERAGE RH (PERCENT)     67

WEATHER CONDITIONS. NUMBER OF DAYS WITH
THUNDERSTORM              0     MIXED PRECIP               0
HEAVY RAIN                1     RAIN                       1
LIGHT RAIN                1     FREEZING RAIN              1
LT FREEZING RAIN          2     HAIL                       0
HEAVY SNOW                2     SNOW                       8
LIGHT SNOW               14     SLEET                      0
FOG                      13     FOG W/VIS <= 1/4 MILE      4
HAZE                     15

-  INDICATES NEGATIVE NUMBERS.
R  INDICATES RECORD WAS SET OR TIED.
MM INDICATES DATA IS MISSING.
T  INDICATES TRACE AMOUNT.

$$
