000
CXUS53 KILX 011610
CLMPIA


CLIMATE REPORT
NATIONAL WEATHER SERVICE LINCOLN IL
1027 AM CDT FRI JUL 1 2016

...................................

...THE PEORIA IL CLIMATE SUMMARY FOR THE MONTH OF JUNE 2016...

CLIMATE NORMAL PERIOD 1981 TO 2010
CLIMATE RECORD PERIOD 1883 TO 2016

WEATHER         OBSERVED          NORMAL  DEPART  LAST YEAR`S
                 VALUE   DATE(S)  VALUE   FROM    VALUE
                                          NORMAL
.............................................................
TEMPERATURE (F)
RECORD
 HIGH             105   06/25/1988
                        06/29/1936
                        06/01/1934
 LOW               39   06/01/1993
                        06/04/1945
HIGHEST            96   06/15        82      14       93
LOWEST             50   06/08        61     -11       50
AVG. MAXIMUM     86.8              82.2     4.6     83.0
AVG. MINIMUM     64.3              61.4     2.9     65.2
MEAN             75.6              71.8     3.8     74.1
DAYS MAX >= 90     11               3.8     7.2        4
DAYS MAX <= 32      0               0.0     0.0        0
DAYS MIN <= 32      0               0.0     0.0        0
DAYS MIN <= 0       0               0.0     0.0        0

PRECIPITATION (INCHES)
RECORD
 MAXIMUM        11.69   1974
 MINIMUM         0.45   1936
TOTALS           3.44              3.53   -0.09    11.60
DAILY AVG.       0.11              0.12   -0.01     0.39
DAYS >= .01         7              10.1    -3.1       15
DAYS >= .10         4               6.4    -2.4       14
DAYS >= .50         1               2.4    -1.4        9
DAYS >= 1.00        1               0.9     0.1        3
GREATEST
 24 HR. TOTAL    2.42   06/22 TO 06/22              3.14
                        06/21 TO 06/22
                        06/22 TO 06/22

SNOWFALL (INCHES)
RECORDS
 TOTAL            0.0   MM
TOTALS            0.0               0.0     0.0      0.0
SINCE 7/1        15.3              24.6    -9.3     27.0
DAYS >= 1.0         0               0.0     0.0        0
GREATEST
 SNOW DEPTH         0   MM                             0
 24 HR TOTAL      0.0   MM                           0.0

DEGREE_DAYS
HEATING TOTAL       0                18     -18        7
 SINCE 7/1       4641              5831   -1190     5817
COOLING TOTAL     327               222     105      288
 SINCE 1/1        433               303     130      442
..............................................................

WIND (MPH)
AVERAGE WIND SPEED              6.8
HIGHEST WIND SPEED/DIRECTION    30/190    DATE  06/14
HIGHEST GUST SPEED/DIRECTION    40/190    DATE  06/14

SKY COVER
POSSIBLE SUNSHINE (PERCENT)   MM
AVERAGE SKY COVER           0.10
NUMBER OF DAYS FAIR           25
NUMBER OF DAYS PC              5
NUMBER OF DAYS CLOUDY          0

AVERAGE RH (PERCENT)     61

WEATHER CONDITIONS. NUMBER OF DAYS WITH
THUNDERSTORM              6     MIXED PRECIP               0
HEAVY RAIN                4     RAIN                       4
LIGHT RAIN                8     FREEZING RAIN              0
LT FREEZING RAIN          0     HAIL                       0
HEAVY SNOW                0     SNOW                       0
LIGHT SNOW                0     SLEET                      0
FOG                       6     FOG W/VIS <= 1/4 MILE      0
HAZE                      1

-  INDICATES NEGATIVE NUMBERS.
R  INDICATES RECORD WAS SET OR TIED.
MM INDICATES DATA IS MISSING.
T  INDICATES TRACE AMOUNT.

&&

NO RECORDS SET IN JUNE 2016

$$
