000
CXUS53 KILX 011636
CLMPIA

CLIMATE REPORT
NATIONAL WEATHER SERVICE LINCOLN IL
1036 AM CST TUE DEC 1 2015

...................................

...THE PEORIA IL CLIMATE SUMMARY FOR THE MONTH OF NOVEMBER 2015...

CLIMATE NORMAL PERIOD 1981 TO 2010
CLIMATE RECORD PERIOD 1883 TO 2015

WEATHER         OBSERVED          NORMAL  DEPART  LAST YEAR`S
                 VALUE   DATE(S)  VALUE   FROM    VALUE
                                          NORMAL
.............................................................
TEMPERATURE (F)
RECORD
 HIGH              81   11/01/1950
                        11/01/1937
                        11/01/1888
 LOW               -2   11/26/1977
HIGHEST            75   11/02        49      26       70
LOWEST             11   11/22        32     -21       12
AVG. MAXIMUM     57.2              50.3     6.9     45.2
AVG. MINIMUM     38.6              32.9     5.7     26.8
MEAN             47.9              41.6     6.3     36.0
DAYS MAX >= 90      0               0.0     0.0        0
DAYS MAX <= 32      0               1.6    -1.6        7
DAYS MIN <= 32      9              14.0    -5.0       22
DAYS MIN <= 0       0               0.0     0.0        0

PRECIPITATION (INCHES)
RECORD
 MAXIMUM         7.62   1985
 MINIMUM         0.07   1917
TOTALS           6.17              3.13    3.04     1.07
DAILY AVG.       0.21              0.10    0.11     0.04
DAYS >= .01        12               9.6     2.4        8
DAYS >= .10        11               5.8     5.2        3
DAYS >= .50         4               2.2     1.8        0
DAYS >= 1.00        1               0.7     0.3        0
GREATEST
 24 HR. TOTAL    1.88   11/16 TO 11/17              0.79

SNOWFALL (INCHES)
RECORDS
 TOTAL           10.7   1926
TOTALS            4.6               1.1     3.5      1.3
SINCE 7/1         4.6               1.1     3.5      1.3
DAYS >= 1.0         1               0.3     0.7        1
GREATEST
 SNOW DEPTH         5   11/22                          1
 24 HR TOTAL      4.6   MM                           1.0

DEGREE_DAYS
HEATING TOTAL     507               702    -195      865
 SINCE 7/1        757              1148    -391     1241
COOLING TOTAL       3                 0       3        0
 SINCE 1/1       1419              1039     380     1156
..............................................................

WIND (MPH)
AVERAGE WIND SPEED              9.9
HIGHEST WIND SPEED/DIRECTION    53/220    DATE  11/11
HIGHEST GUST SPEED/DIRECTION    70/210    DATE  11/11

SKY COVER
POSSIBLE SUNSHINE (PERCENT)   MM
AVERAGE SKY COVER           0.40
NUMBER OF DAYS FAIR           14
NUMBER OF DAYS PC              8
NUMBER OF DAYS CLOUDY          8

AVERAGE RH (PERCENT)     66

WEATHER CONDITIONS. NUMBER OF DAYS WITH
THUNDERSTORM              1     MIXED PRECIP               0
HEAVY RAIN                6     RAIN                       8
LIGHT RAIN               12     FREEZING RAIN              0
LT FREEZING RAIN          0     HAIL                       0
HEAVY SNOW                1     SNOW                       1
LIGHT SNOW                1     SLEET                      0
FOG                      20     FOG W/VIS <= 1/4 MILE      3
HAZE                     11

-  INDICATES NEGATIVE NUMBERS.
R  INDICATES RECORD WAS SET OR TIED.
MM INDICATES DATA IS MISSING.
T  INDICATES TRACE AMOUNT.

&&

RECORDS:

* 3RD WETTEST NOVEMBER WITH 6.17 INCHES
* TIED 4TH WARMEST NOVEMBER WITH AVG TEMP 47.9
* RECORD WARM LOW TEMP OF 60 ON THE 4TH
* RECORD WARM LOW TEMP OF 59 ON THE 5TH
* DAILY RECORD RAINFALL OF 1.71 INCHES ON THE 17TH
* DAILY RECORD SNOWFALL OF 4.6 INCHES ON THE 21ST

$$
