000
CXUS53 KILX 011444
CLMPIA


CLIMATE REPORT
NATIONAL WEATHER SERVICE LINCOLN IL
841 AM CST SUN NOV 1 2015

...................................

...THE PEORIA IL CLIMATE SUMMARY FOR THE MONTH OF OCTOBER 2015...

CLIMATE NORMAL PERIOD 1981 TO 2010
CLIMATE RECORD PERIOD 1883 TO 2015

WEATHER         OBSERVED          NORMAL  DEPART  LAST YEAR`S
                 VALUE   DATE(S)  VALUE   FROM    VALUE
                                          NORMAL
.............................................................
TEMPERATURE (F)
RECORD
 HIGH              93   10/03/2006
 LOW                7   10/30/1925
HIGHEST            83   10/21        65      18       79
                        10/11
LOWEST             32   10/18        43     -11       32
AVG. MAXIMUM     68.8              64.5     4.3     64.5
AVG. MINIMUM     47.7              43.5     4.2     46.6
MEAN             58.3              54.0     4.3     55.5
DAYS MAX >= 90      0               0.1    -0.1        0
DAYS MAX <= 32      0               0.0     0.0        0
DAYS MIN <= 32      1               3.4    -2.4        1
DAYS MIN <= 0       0               0.0     0.0        0

PRECIPITATION (INCHES)
RECORD
 MAXIMUM        10.53   1941
 MINIMUM         0.03   1964
TOTALS           2.01              2.84   -0.83     2.41
DAILY AVG.       0.06              0.09   -0.03     0.08
DAYS >= .01         6               9.2    -3.2       13
DAYS >= .10         4               6.0    -2.0        6
DAYS >= .50         2               2.1    -0.1        1
DAYS >= 1.00        0               0.5    -0.5        0
GREATEST
 24 HR. TOTAL    0.91   10/27 TO 10/28              0.94

SNOWFALL (INCHES)
RECORDS
 TOTAL            3.3   1929
TOTALS            0.0                 T     0.0        T
SINCE 7/1         0.0                 T     0.0        T
DAYS >= 1.0         0               0.0     0.0        0
GREATEST
 SNOW DEPTH         0   MM                             0
 24 HR TOTAL      0.0   10/31 TO 10/31                 T

DEGREE_DAYS
HEATING TOTAL     229               356    -127      298
 SINCE 7/1        250               446    -196      376
COOLING TOTAL      29                15      14        9
 SINCE 1/1       1416              1039     377     1156
..............................................................

WIND (MPH)
AVERAGE WIND SPEED              8.3
HIGHEST WIND SPEED/DIRECTION    28/280    DATE  10/12
HIGHEST GUST SPEED/DIRECTION    36/300    DATE  10/28

SKY COVER
POSSIBLE SUNSHINE (PERCENT)   MM
AVERAGE SKY COVER           0.30
NUMBER OF DAYS FAIR           20
NUMBER OF DAYS PC              6
NUMBER OF DAYS CLOUDY          5

AVERAGE RH (PERCENT)     60

WEATHER CONDITIONS. NUMBER OF DAYS WITH
THUNDERSTORM              0     MIXED PRECIP               0
HEAVY RAIN                1     RAIN                       4
LIGHT RAIN               12     FREEZING RAIN              0
LT FREEZING RAIN          0     HAIL                       0
HEAVY SNOW                0     SNOW                       0
LIGHT SNOW                0     SLEET                      0
FOG                      10     FOG W/VIS <= 1/4 MILE      0
HAZE                     11

-  INDICATES NEGATIVE NUMBERS.
R  INDICATES RECORD WAS SET OR TIED.
MM INDICATES DATA IS MISSING.
T  INDICATES TRACE AMOUNT.

$$
