572
CXUS53 KILX 011355
CLMPIA


CLIMATE REPORT
NATIONAL WEATHER SERVICE LINCOLN IL
845 AM CDT SAT JUL 1 2017

...................................

...THE PEORIA IL CLIMATE SUMMARY FOR THE MONTH OF JUNE 2017...

CLIMATE NORMAL PERIOD 1981 TO 2010
CLIMATE RECORD PERIOD 1883 TO 2017

WEATHER         OBSERVED          NORMAL  DEPART  LAST YEAR`S
                 VALUE   DATE(S)  VALUE   FROM    VALUE
                                          NORMAL
.............................................................
TEMPERATURE (F)
RECORD
 HIGH             105   06/25/1988
                        06/29/1936
                        06/01/1934
 LOW               39   06/01/1993
                        06/04/1945
HIGHEST            94   06/13        82      12       96
LOWEST             49   06/27        61     -12       50
                        06/01
AVG. MAXIMUM     84.5              82.2     2.3     86.8
AVG. MINIMUM     61.9              61.4     0.5     64.3
MEAN             73.2              71.8     1.4     75.6
DAYS MAX >= 90      7               3.8     3.2       11
DAYS MAX <= 32      0               0.0     0.0        0
DAYS MIN <= 32      0               0.0     0.0        0
DAYS MIN <= 0       0               0.0     0.0        0

PRECIPITATION (INCHES)
RECORD
 MAXIMUM        11.69   1974
 MINIMUM         0.45   1936
TOTALS           1.78              3.53   -1.75     3.44
DAILY AVG.       0.06              0.12   -0.06     0.11
DAYS >= .01        13              10.1     2.9        7
DAYS >= .10         7               6.4     0.6        4
DAYS >= .50         1               2.4    -1.4        1
DAYS >= 1.00        0               0.9    -0.9        1
GREATEST
 24 HR. TOTAL    0.53   06/15 TO 06/15              2.42

SNOWFALL (INCHES)
RECORDS
 TOTAL            0.0   MM
TOTALS            0.0               0.0     0.0      0.0
SINCE 7/1        13.9              24.6   -10.7     15.3
DAYS >= 1.0         0               0.0     0.0        0
GREATEST
 SNOW DEPTH         0   MM                             0
 24 HR TOTAL      0.0   06/30 TO 06/30               0.0

DEGREE_DAYS
HEATING TOTAL       6                18     -12        0
 SINCE 7/1       4707              5831   -1124     4641
COOLING TOTAL     259               222      37      327
 SINCE 1/1        340               303      37      433
..............................................................

WIND (MPH)
AVERAGE WIND SPEED              7.7
HIGHEST WIND SPEED/DIRECTION    35/270    DATE  06/14
HIGHEST GUST SPEED/DIRECTION    46/280    DATE  06/14

SKY COVER
POSSIBLE SUNSHINE (PERCENT)   MM
AVERAGE SKY COVER           0.10
NUMBER OF DAYS FAIR           26
NUMBER OF DAYS PC              4
NUMBER OF DAYS CLOUDY          0

AVERAGE RH (PERCENT)     64

WEATHER CONDITIONS. NUMBER OF DAYS WITH
THUNDERSTORM             11     MIXED PRECIP               0
HEAVY RAIN                5     RAIN                       7
LIGHT RAIN               13     FREEZING RAIN              0
LT FREEZING RAIN          0     HAIL                       0
HEAVY SNOW                0     SNOW                       0
LIGHT SNOW                0     SLEET                      0
FOG                       6     FOG W/VIS <= 1/4 MILE      0
HAZE                      2

-  INDICATES NEGATIVE NUMBERS.
R  INDICATES RECORD WAS SET OR TIED.
MM INDICATES DATA IS MISSING.
T  INDICATES TRACE AMOUNT.

&&

RECORDS SET THIS MONTH:

* NONE

$$
