000
CXUS53 KILX 011423 RRB
CLMPIA

CLIMATE REPORT
NATIONAL WEATHER SERVICE LINCOLN IL
923 AM CDT WED JUN 1 2016

...................................

...THE PEORIA IL CLIMATE SUMMARY FOR THE MONTH OF MAY 2016...

CLIMATE NORMAL PERIOD 1981 TO 2010
CLIMATE RECORD PERIOD 1883 TO 2016

WEATHER         OBSERVED          NORMAL  DEPART  LAST YEAR`S
                 VALUE   DATE(S)  VALUE   FROM    VALUE
                                          NORMAL
.............................................................
TEMPERATURE (F)
RECORD
 HIGH             104   05/31/1934
 LOW               25   05/10/1966
HIGHEST            90   05/30        73      17       87
LOWEST             41   05/15        51     -10       37
                        05/14
                        05/05
AVG. MAXIMUM     73.4              73.2     0.2     76.7
AVG. MINIMUM     52.4              51.6     0.8     56.4
MEAN             62.9              62.4     0.5     66.5
DAYS MAX >= 90      1               0.5     0.5        0
DAYS MAX <= 32      0               0.0     0.0        0
DAYS MIN <= 32      0               0.2    -0.2        0
DAYS MIN <= 0       0               0.0     0.0        0

PRECIPITATION (INCHES)
RECORD
 MAXIMUM        11.49   1915
 MINIMUM         0.47   1934
TOTALS           2.86              4.33   -1.47     5.02
DAILY AVG.       0.09              0.14   -0.05     0.16
DAYS >= .01        12              11.8     0.2       14
DAYS >= .10         7               7.8    -0.8       12
DAYS >= .50         2               2.5    -0.5        5
DAYS >= 1.00        0               1.2    -1.2        0
GREATEST
 24 HR. TOTAL    0.88   05/08 TO 05/09              1.22

SNOWFALL (INCHES)
RECORDS
 TOTAL            0.1   1966
                        1923
TOTALS            0.0               0.0     0.0      0.0
SINCE 7/1        15.3              24.6    -9.3     27.0
DAYS >= 1.0         0               0.0     0.0        0
GREATEST
 SNOW DEPTH         0   MM                             0
 24 HR TOTAL      0.0   05/31 TO 05/31               0.0

DEGREE_DAYS
HEATING TOTAL     147               148      -1       87
 SINCE 7/1       4641              5813   -1172     5810
COOLING TOTAL      88                67      21      143
 SINCE 1/1        106                81      25      154
..............................................................

WIND (MPH)
AVERAGE WIND SPEED              6.9
HIGHEST WIND SPEED/DIRECTION    29/220    DATE  05/28
HIGHEST GUST SPEED/DIRECTION    39/290    DATE  05/13

SKY COVER
POSSIBLE SUNSHINE (PERCENT)   MM
AVERAGE SKY COVER           0.40
NUMBER OF DAYS FAIR           16
NUMBER OF DAYS PC             11
NUMBER OF DAYS CLOUDY          4

AVERAGE RH (PERCENT)     65

WEATHER CONDITIONS. NUMBER OF DAYS WITH
THUNDERSTORM              7     MIXED PRECIP               0
HEAVY RAIN                5     RAIN                       9
LIGHT RAIN               15     FREEZING RAIN              0
LT FREEZING RAIN          0     HAIL                       0
HEAVY SNOW                0     SNOW                       0
LIGHT SNOW                0     SLEET                      0
FOG                      14     FOG W/VIS <= 1/4 MILE      2
HAZE                      2

-  INDICATES NEGATIVE NUMBERS.
R  INDICATES RECORD WAS SET OR TIED.
MM INDICATES DATA IS MISSING.
T  INDICATES TRACE AMOUNT.

RECORDS SET IN MAY:

NONE

$$
