000
CXUS53 KILX 021555
CLMPIA

CLIMATE REPORT
NATIONAL WEATHER SERVICE LINCOLN IL
938 AM CST SUN DEC 1 2013

...................................

...THE PEORIA IL CLIMATE SUMMARY FOR THE MONTH OF NOVEMBER 2013...

CLIMATE NORMAL PERIOD 1981 TO 2010
CLIMATE RECORD PERIOD 1883 TO 2013

WEATHER         OBSERVED          NORMAL  DEPART  LAST YEAR`S
                 VALUE   DATE(S)  VALUE   FROM    VALUE
                                          NORMAL
.............................................................
TEMPERATURE (F)
RECORD
 HIGH              81   11/01/1950
                        11/01/1937
                        11/01/1888
 LOW               -2   11/26/1977
HIGHEST            70   11/17        49      21       72
LOWEST             10   11/24        32     -22       16
AVG. MAXIMUM     46.8              50.3    -3.5     50.2
AVG. MINIMUM     29.0              32.9    -3.9     31.7
MEAN             37.9              41.6    -3.7     41.0
DAYS MAX >= 90      0               0.0     0.0        0
DAYS MAX <= 32      4               1.6     2.4        1
DAYS MIN <= 32     20              14.0     6.0       16
DAYS MIN <= 0       0               0.0     0.0        0

PRECIPITATION (INCHES)
RECORD
 MAXIMUM         7.62   1985
 MINIMUM         0.07   1917
TOTALS           3.26              3.13    0.13     0.82
DAILY AVG.       0.11              0.10    0.01     0.03
DAYS >= .01        10               9.6     0.4        6
DAYS >= .10         6               5.8     0.2        2
DAYS >= .50         2               2.2    -0.2        1
DAYS >= 1.00        1               0.7     0.3        0
GREATEST
 24 HR. TOTAL    1.72   11/16 TO 11/17              0.51

SNOWFALL (INCHES)
RECORDS
 TOTAL           10.7   1926
TOTALS            0.6               1.1    -0.5        T
SINCE 7/1         0.6               1.1    -0.5      0.0
DAYS >= 1.0         0               0.3    -0.3        0
GREATEST
 SNOW DEPTH         T   11/12                          0
 24 HR TOTAL      0.5   11/11 TO 11/11               0.0

DEGREE_DAYS
HEATING TOTAL     804               702     102      717
 SINCE 7/1       1182              1148      34     1234
COOLING TOTAL       0                 0       0        0
 SINCE 1/1       1174              1039     135     1374
..............................................................

WIND (MPH)
AVERAGE WIND SPEED              8.9
HIGHEST WIND SPEED/DIRECTION    45/200    DATE  11/17
HIGHEST GUST SPEED/DIRECTION    70/240    DATE  11/17

SKY COVER
POSSIBLE SUNSHINE (PERCENT)   MM
AVERAGE SKY COVER           0.40
NUMBER OF DAYS FAIR           17
NUMBER OF DAYS PC              7
NUMBER OF DAYS CLOUDY          6

AVERAGE RH (PERCENT)     68

WEATHER CONDITIONS. NUMBER OF DAYS WITH
THUNDERSTORM              1     MIXED PRECIP               0
HEAVY RAIN                3     RAIN                       4
LIGHT RAIN               10     FREEZING RAIN              0
LT FREEZING RAIN          0     HAIL                       1
HEAVY SNOW                0     SNOW                       0
LIGHT SNOW                3     SLEET                      0
FOG                      11     FOG W/VIS <= 1/4 MILE      1
HAZE                      3

-  INDICATES NEGATIVE NUMBERS.
R  INDICATES RECORD WAS SET OR TIED.
MM INDICATES DATA IS MISSING.
T  INDICATES TRACE AMOUNT.

&&

RECORD DAILY RAINFALL OF 1.64 INCHES ON NOV 17

$$

JRP
