000
CXUS53 KILX 011550
CLMPIA


CLIMATE REPORT
NATIONAL WEATHER SERVICE LINCOLN IL
1049 AM CDT SUN SEP 1 2013

...................................

...THE PEORIA IL CLIMATE SUMMARY FOR THE MONTH OF AUGUST 2013...

CLIMATE NORMAL PERIOD 1981 TO 2010
CLIMATE RECORD PERIOD 1883 TO 2013

WEATHER         OBSERVED          NORMAL  DEPART  LAST YEAR`S
                 VALUE   DATE(S)  VALUE   FROM    VALUE
                                          NORMAL
.............................................................
TEMPERATURE (F)
RECORD
 HIGH             106   08/18/1936
 LOW               41   08/28/1986
                        08/31/1915
                        08/26/1910
HIGHEST            99   08/30        84      15       97
LOWEST             51   08/14        63     -12       52
AVG. MAXIMUM     85.6              83.8     1.8     85.8
AVG. MINIMUM     63.9              63.7     0.2     61.7
MEAN             74.8              73.8     1.0     73.7
DAYS MAX >= 90      7               5.5     1.5        9
DAYS MAX <= 32      0               0.0     0.0        0
DAYS MIN <= 32      0               0.0     0.0        0
DAYS MIN <= 0       0               0.0     0.0        0

PRECIPITATION (INCHES)
RECORD
 MAXIMUM         8.61   1965
 MINIMUM         0.25   1992
TOTALS           0.33              3.24   -2.91     3.76
DAILY AVG.       0.01              0.10   -0.09     0.12
DAYS >= .01         3               9.1    -6.1        7
DAYS >= .10         2               6.0    -4.0        7
DAYS >= .50         0               2.5    -2.5        3
DAYS >= 1.00        0               0.8    -0.8        2
GREATEST
 24 HR. TOTAL    0.22   08/02 TO 08/02              1.54
                        08/01 TO 08/02
                        08/02 TO 08/02

SNOWFALL (INCHES)
RECORDS
 TOTAL            0.0   MM
TOTALS            0.0               0.0     0.0      0.0
SINCE 7/1         0.0               0.0     0.0      0.0
DAYS >= 1.0         0               0.0     0.0        0
GREATEST
 SNOW DEPTH         0   MM                             0
 24 HR TOTAL      0.0   08/31 TO 08/31               0.0

DEGREE_DAYS
HEATING TOTAL       1                 5      -4        0
 SINCE 7/1          5                 6      -1        0
COOLING TOTAL     312               276      36      277
 SINCE 1/1        942               907      35     1278
..............................................................

WIND (MPH)
AVERAGE WIND SPEED              5.4
HIGHEST WIND SPEED/DIRECTION    26/040    DATE  08/22
HIGHEST GUST SPEED/DIRECTION    34/050    DATE  08/22

SKY COVER
POSSIBLE SUNSHINE (PERCENT)   MM
AVERAGE SKY COVER           0.20
NUMBER OF DAYS FAIR           26
NUMBER OF DAYS PC              5
NUMBER OF DAYS CLOUDY          0

AVERAGE RH (PERCENT)     67

WEATHER CONDITIONS. NUMBER OF DAYS WITH
THUNDERSTORM              0     MIXED PRECIP               0
HEAVY RAIN                1     RAIN                       1
LIGHT RAIN                5     FREEZING RAIN              0
LT FREEZING RAIN          0     HAIL                       0
HEAVY SNOW                0     SNOW                       0
LIGHT SNOW                0     SLEET                      0
FOG                      15     FOG W/VIS <= 1/4 MILE      0
HAZE                      9

-  INDICATES NEGATIVE NUMBERS.
R  INDICATES RECORD WAS SET OR TIED.
MM INDICATES DATA IS MISSING.
T  INDICATES TRACE AMOUNT.

$$
