102
CXUS53 KILX 011524
CLMPIA


CLIMATE REPORT
NATIONAL WEATHER SERVICE LINCOLN IL
957 AM CDT THU OCT 1 2015

...................................

...THE PEORIA IL CLIMATE SUMMARY FOR THE MONTH OF SEPTEMBER 2015...

CLIMATE NORMAL PERIOD 1981 TO 2010
CLIMATE RECORD PERIOD 1883 TO 2015

WEATHER         OBSERVED          NORMAL  DEPART  LAST YEAR`S
                 VALUE   DATE(S)  VALUE   FROM    VALUE
                                          NORMAL
.............................................................
TEMPERATURE (F)
RECORD
 HIGH             104   09/05/1899
 LOW               24   09/28/1942
HIGHEST            98   09/04        77      21       90
LOWEST             47   09/13        55      -8       41
AVG. MAXIMUM     84.7              77.0     7.7     76.8
AVG. MINIMUM     62.2              55.2     7.0     55.8
MEAN             73.5              66.1     7.4     66.3
DAYS MAX >= 90      8               1.6     6.4        1
DAYS MAX <= 32      0               0.0     0.0        0
DAYS MIN <= 32      0               0.1    -0.1        0
DAYS MIN <= 0       0               0.0     0.0        0

PRECIPITATION (INCHES)
RECORD
 MAXIMUM        13.09   1961
 MINIMUM         0.03   1979
TOTALS           3.25              3.15    0.10     4.98
DAILY AVG.       0.11              0.11    0.00     0.17
DAYS >= .01         5               8.1    -3.1        5
DAYS >= .10         3               5.2    -2.2        5
DAYS >= .50         2               2.2    -0.2        3
DAYS >= 1.00        1               0.8     0.2        1
GREATEST
 24 HR. TOTAL    2.23   09/18 TO 09/18              3.37

SNOWFALL (INCHES)
RECORDS
 TOTAL            1.0   1942
TOTALS            0.0               0.0     0.0      0.0
SINCE 7/1         0.0               0.0     0.0      0.0
DAYS >= 1.0         0               0.0     0.0        0
GREATEST
 SNOW DEPTH         0   MM                             0
 24 HR TOTAL      0.0   09/30 TO 09/30               0.0

DEGREE_DAYS
HEATING TOTAL      16                84     -68       76
 SINCE 7/1         21                90     -69       78
COOLING TOTAL     275               117     158      123
 SINCE 1/1       1387              1024     363     1147
..............................................................

WIND (MPH)
AVERAGE WIND SPEED              6.4
HIGHEST WIND SPEED/DIRECTION    23/190    DATE  09/14
HIGHEST GUST SPEED/DIRECTION    29/030    DATE  09/29

SKY COVER
POSSIBLE SUNSHINE (PERCENT)   MM
AVERAGE SKY COVER           0.20
NUMBER OF DAYS FAIR           23
NUMBER OF DAYS PC              6
NUMBER OF DAYS CLOUDY          1

AVERAGE RH (PERCENT)     62

WEATHER CONDITIONS. NUMBER OF DAYS WITH
THUNDERSTORM              4     MIXED PRECIP               0
HEAVY RAIN                2     RAIN                       1
LIGHT RAIN                6     FREEZING RAIN              0
LT FREEZING RAIN          0     HAIL                       0
HEAVY SNOW                0     SNOW                       0
LIGHT SNOW                0     SLEET                      0
FOG                       7     FOG W/VIS <= 1/4 MILE      0
HAZE                     12

-  INDICATES NEGATIVE NUMBERS.
R  INDICATES RECORD WAS SET OR TIED.
MM INDICATES DATA IS MISSING.
T  INDICATES TRACE AMOUNT.

$$
