000
CXUS53 KILX 011423
CLMPIA


CLIMATE REPORT
NATIONAL WEATHER SERVICE LINCOLN IL
809 AM CST WED FEB 1 2017

...................................

...THE PEORIA IL CLIMATE SUMMARY FOR THE MONTH OF JANUARY 2017...

CLIMATE NORMAL PERIOD 1981 TO 2010
CLIMATE RECORD PERIOD 1883 TO 2017

WEATHER         OBSERVED          NORMAL  DEPART  LAST YEAR`S
                 VALUE   DATE(S)  VALUE   FROM    VALUE
                                          NORMAL
.............................................................
TEMPERATURE (F)
RECORD
 HIGH              71   01/23/1909
 LOW              -27   01/05/1884
HIGHEST            60   01/21        32      28       55
LOWEST             -2   01/06        16     -18       -3
AVG. MAXIMUM     37.3              32.8     4.5     34.6
AVG. MINIMUM     23.6              17.0     6.6     18.5
MEAN             30.5              24.9     5.6     26.6
DAYS MAX >= 90      0               0.0     0.0        0
DAYS MAX <= 32     10              14.3    -4.3       12
DAYS MIN <= 32     22              28.1    -6.1       28
DAYS MIN <= 0       3               3.7    -0.7        3

PRECIPITATION (INCHES)
RECORD
 MAXIMUM         8.11   1965
 MINIMUM         0.07   1919
TOTALS           1.57              1.78   -0.21     0.76
DAILY AVG.       0.05              0.06   -0.01     0.02
DAYS >= .01        14               9.2     4.8        9
DAYS >= .10         4               4.1    -0.1        3
DAYS >= .50         1               1.0     0.0        0
DAYS >= 1.00        0               0.4    -0.4        0
GREATEST
 24 HR. TOTAL    0.87   01/16 TO 01/17              0.25

SNOWFALL (INCHES)
RECORDS
 TOTAL           24.7   1979
TOTALS            0.5               6.9    -6.4      5.2
SINCE 7/1         6.0              15.1    -9.1     12.3
DAYS >= 1.0         0               2.4    -2.4        2
GREATEST
 SNOW DEPTH         0   MM                             3
 24 HR TOTAL      0.4   MM                           3.0

DEGREE_DAYS
HEATING TOTAL    1063              1243    -180     1182
 SINCE 7/1       2929              3521    -592     2670
COOLING TOTAL       0                 0       0        0
 SINCE 1/1          0                 0       0        0
..............................................................

WIND (MPH)
AVERAGE WIND SPEED              8.7
HIGHEST WIND SPEED/DIRECTION    37/230    DATE  01/10
HIGHEST GUST SPEED/DIRECTION    50/230    DATE  01/10

SKY COVER
POSSIBLE SUNSHINE (PERCENT)   MM
AVERAGE SKY COVER           0.70
NUMBER OF DAYS FAIR            7
NUMBER OF DAYS PC              9
NUMBER OF DAYS CLOUDY         15

AVERAGE RH (PERCENT)     80

WEATHER CONDITIONS. NUMBER OF DAYS WITH
THUNDERSTORM              2     MIXED PRECIP               0
HEAVY RAIN                2     RAIN                       3
LIGHT RAIN               10     FREEZING RAIN              1
LT FREEZING RAIN          2     HAIL                       0
HEAVY SNOW                0     SNOW                       1
LIGHT SNOW                7     SLEET                      0
FOG                      20     FOG W/VIS <= 1/4 MILE      5
HAZE                      8

-  INDICATES NEGATIVE NUMBERS.
R  INDICATES RECORD WAS SET OR TIED.
MM INDICATES DATA IS MISSING.
T  INDICATES TRACE AMOUNT.

RECORDS ESTABLISHED THIS MONTH:

* RECORD DAILY RAINFALL OF 0.83 INCHES ON THE 16TH
* 8TH LEAST SNOWY JANUARY WITH 0.5 INCHES

$$
