439
CXUS53 KILX 011158
CLMPIA


CLIMATE REPORT
NATIONAL WEATHER SERVICE LINCOLN IL
538 AM CST WED MAR 1 2017

...................................

...THE PEORIA IL CLIMATE SUMMARY FOR THE MONTH OF FEBRUARY 2017...

CLIMATE NORMAL PERIOD 1981 TO 2010
CLIMATE RECORD PERIOD 1883 TO 2017

WEATHER         OBSERVED          NORMAL  DEPART  LAST YEAR`S
                 VALUE   DATE(S)  VALUE   FROM    VALUE
                                          NORMAL
.............................................................
TEMPERATURE (F)
RECORD
 HIGH              74   02/20/2017
                        02/10/1932
                        62/07/2583
 LOW              -26   02/13/1905
HIGHEST            74R  02/20        36      38       68
LOWEST             10   02/09        20     -10        4
AVG. MAXIMUM     51.7              37.7    14.0     42.1
AVG. MINIMUM     29.4              21.2     8.2     24.4
MEAN             40.5              29.5    11.0     33.3
DAYS MAX >= 90      0               0.0     0.0        0
DAYS MAX <= 32      4               8.6    -4.6        7
DAYS MIN <= 32     17              23.4    -6.4       25
DAYS MIN <= 0       0               1.6    -1.6        0

PRECIPITATION (INCHES)
RECORD
 MAXIMUM         5.64   1900
 MINIMUM         0.14   1907
TOTALS           1.09              1.79   -0.70     0.62
DAILY AVG.       0.04              0.06   -0.02     0.02
DAYS >= .01        10               8.4     1.6        5
DAYS >= .10         5               4.0     1.0        2
DAYS >= .50         0               1.0    -1.0        0
DAYS >= 1.00        0               0.3    -0.3        0
GREATEST
 24 HR. TOTAL    0.36   02/28 TO 02/28              0.38

SNOWFALL (INCHES)
RECORDS
 TOTAL           26.5   1900
TOTALS            3.7               6.2    -2.5      2.8
SINCE 7/1         9.7              21.3   -11.6     15.1
DAYS >= 1.0         1               1.9    -0.9        1
GREATEST
 SNOW DEPTH         3   02/09                          2
 24 HR TOTAL      3.5   02/08 TO 02/08               2.1

DEGREE_DAYS
HEATING TOTAL     678               995    -317      913
 SINCE 7/1       3607              4516    -909     3583
COOLING TOTAL       0                 0       0        0
 SINCE 1/1          0                 0       0        0
..............................................................

WIND (MPH)
AVERAGE WIND SPEED              8.8
HIGHEST WIND SPEED/DIRECTION    29/260    DATE  02/28
HIGHEST GUST SPEED/DIRECTION    42/250    DATE  02/28

SKY COVER
POSSIBLE SUNSHINE (PERCENT)   MM
AVERAGE SKY COVER           0.30
NUMBER OF DAYS FAIR           16
NUMBER OF DAYS PC              9
NUMBER OF DAYS CLOUDY          3

AVERAGE RH (PERCENT)     68

WEATHER CONDITIONS. NUMBER OF DAYS WITH
THUNDERSTORM              2     MIXED PRECIP               0
HEAVY RAIN                1     RAIN                       3
LIGHT RAIN                7     FREEZING RAIN              0
LT FREEZING RAIN          0     HAIL                       0
HEAVY SNOW                0     SNOW                       1
LIGHT SNOW                3     SLEET                      0
FOG                      14     FOG W/VIS <= 1/4 MILE      8
HAZE                      6

-  INDICATES NEGATIVE NUMBERS.
R  INDICATES RECORD WAS SET OR TIED.
MM INDICATES DATA IS MISSING.
T  INDICATES TRACE AMOUNT.

&&

RECORDS SET IN FEBRUARY:

* RECORD HIGH OF 60 ON THE 16TH
* RECORD HIGH OF 72 ON THE 17TH
* RECORD HIGH OF 68 ON THE 18TH
* RECORD HIGH OF 74 ON THE 20TH (TIES MONTHLY RECORD HIGH)
* RECORD WARM LOW 48 ON THE 20TH
* RECORD WARM LOW OF 53 ON THE 21ST
* RECORD HIGH OF 69 ON THE 28TH
* WARMEST FEB ON RECORD WITH MEAN TEMP 40.5

$$
