000
CXUS53 KILX 011454
CLMPIA

CLIMATE REPORT
NATIONAL WEATHER SERVICE LINCOLN IL
950 AM CDT THU AUG 1 2013

...................................

...THE PEORIA IL CLIMATE SUMMARY FOR THE MONTH OF JULY 2013...

CLIMATE NORMAL PERIOD 1981 TO 2010
CLIMATE RECORD PERIOD 1883 TO 2013

WEATHER         OBSERVED          NORMAL  DEPART  LAST YEAR`S
                 VALUE   DATE(S)  VALUE   FROM    VALUE
                                          NORMAL
.............................................................
TEMPERATURE (F)
RECORD
 HIGH             113   07/15/1936
 LOW               46   07/26/1911
HIGHEST            97   07/19        86      11      104
LOWEST             51   07/28        65     -14       62
AVG. MAXIMUM     83.8              85.6    -1.8     94.3
AVG. MINIMUM     64.8              65.5    -0.7     70.5
MEAN             74.3              75.5    -1.2     82.4
DAYS MAX >= 90      7               7.2    -0.2       26
DAYS MAX <= 32      0               0.0     0.0        0
DAYS MIN <= 32      0               0.0     0.0        0
DAYS MIN <= 0       0               0.0     0.0        0

PRECIPITATION (INCHES)
RECORD
 MAXIMUM        10.15   1993
 MINIMUM         0.33   1988
TOTALS           1.79              3.85   -2.06     1.35
DAILY AVG.       0.06              0.12   -0.06     0.04
DAYS >= .01         7               9.1    -2.1        6
DAYS >= .10         5               5.9    -0.9        1
DAYS >= .50         2               2.6    -0.6        1
DAYS >= 1.00        0               1.2    -1.2        1
GREATEST
 24 HR. TOTAL    0.64   07/26                       1.16

SNOWFALL (INCHES)
RECORDS
 TOTAL            0.0   MM
TOTALS            0.0               0.0     0.0      0.0
SINCE 7/1         0.0               0.0     0.0      0.0
DAYS >= 1.0         0               0.0     0.0        0
GREATEST
 SNOW DEPTH         0   MM                             0
 24 HR TOTAL      0.0   MM                           0.0

DEGREE_DAYS
HEATING TOTAL       4                 1       3        0
 SINCE 7/1          4                 1       3        0
COOLING TOTAL     300               328     -28      547
 SINCE 1/1        630               631      -1     1001
..............................................................

WIND (MPH)
AVERAGE WIND SPEED              5.8
HIGHEST WIND SPEED/DIRECTION    22/240    DATE  07/19
HIGHEST GUST SPEED/DIRECTION    33/350    DATE  07/22

SKY COVER
POSSIBLE SUNSHINE (PERCENT)   MM
AVERAGE SKY COVER           0.20
NUMBER OF DAYS FAIR           24
NUMBER OF DAYS PC              5
NUMBER OF DAYS CLOUDY          2

AVERAGE RH (PERCENT)     68

WEATHER CONDITIONS. NUMBER OF DAYS WITH
THUNDERSTORM              1     MIXED PRECIP               0
HEAVY RAIN                1     RAIN                       4
LIGHT RAIN                7     FREEZING RAIN              0
LT FREEZING RAIN          0     HAIL                       0
HEAVY SNOW                0     SNOW                       0
LIGHT SNOW                0     SLEET                      0
FOG                      11     FOG W/VIS <= 1/4 MILE      3
HAZE                      3

-  INDICATES NEGATIVE NUMBERS.
R  INDICATES RECORD WAS SET OR TIED.
MM INDICATES DATA IS MISSING.
T  INDICATES TRACE AMOUNT.

&&

RECORDS ESTABLISHED DURING JULY...

* RECORD COOL HIGH TEMPERATURE OF 69 DEGREES ON THE 27TH.
* RECORD LOW TEMPERATURE OF 51 DEGREES ON THE 28TH.

$$
GEELHART
