000
CXUS53 KILX 020332 CCA
CLMPIA

CLIMATE REPORT...CORRECTED
NATIONAL WEATHER SERVICE LINCOLN IL
1030 PM CDT SAT JUN 1 2013

CORRECTED NUMBER OF THUNDERSTORM DAYS
CORRECTED TABLE OF RECORDS

...................................

...THE PEORIA IL CLIMATE SUMMARY FOR THE MONTH OF MAY 2013...

CLIMATE NORMAL PERIOD 1981 TO 2010
CLIMATE RECORD PERIOD 1883 TO 2013

WEATHER         OBSERVED          NORMAL  DEPART  LAST YEAR`S
                 VALUE   DATE(S)  VALUE   FROM    VALUE
                                          NORMAL
.............................................................
TEMPERATURE (F)
RECORD
 HIGH             104   05/31/1934
 LOW               25   05/10/1966
HIGHEST            88   05/19        73      15       93
                        05/14
LOWEST             35   05/13        51     -16       43
AVG. MAXIMUM     73.8              73.2     0.6     79.3
AVG. MINIMUM     54.3              51.6     2.7     55.6
MEAN             64.0              62.4     1.6     67.5
DAYS MAX >= 90      0               0.5    -0.5        5
DAYS MAX <= 32      0               0.0     0.0        0
DAYS MIN <= 32      0               0.2    -0.2        0
DAYS MIN <= 0       0               0.0     0.0        0

PRECIPITATION (INCHES)
RECORD
 MAXIMUM        11.49   1915
 MINIMUM         0.47   1934
TOTALS          10.41              4.33    6.08     2.44
DAILY AVG.       0.34              0.14    0.20     0.08
DAYS >= .01        18              11.8     6.2        8
DAYS >= .10        16               7.8     8.2        3
DAYS >= .50         7               2.5     4.5        3
DAYS >= 1.00        5               1.2     3.8        0
GREATEST
 24 HR. TOTAL    2.79   05/26 TO 05/27              0.87

SNOWFALL (INCHES)
RECORDS
 TOTAL            0.1   1966
                        1923
TOTALS            0.0               0.0     0.0      0.0
SINCE 7/1        22.7              24.6    -1.9     11.5
DAYS >= 1.0         0               0.0     0.0        0
GREATEST
 SNOW DEPTH         0   MM                             0
 24 HR TOTAL      0.0   05/31 TO 05/31               0.0

DEGREE_DAYS
HEATING TOTAL     121               148     -27       58
 SINCE 7/1       5813              5813       0     4583
COOLING TOTAL      98                67      31      142
 SINCE 1/1        107                81      26      193
..............................................................

WIND (MPH)
AVERAGE WIND SPEED              8.5
HIGHEST WIND SPEED/DIRECTION    33/190    DATE  05/30
HIGHEST GUST SPEED/DIRECTION    45/190    DATE  05/30

SKY COVER
POSSIBLE SUNSHINE (PERCENT)   MM
AVERAGE SKY COVER           0.50
NUMBER OF DAYS FAIR           13
NUMBER OF DAYS PC              9
NUMBER OF DAYS CLOUDY          9

AVERAGE RH (PERCENT)     69

WEATHER CONDITIONS. NUMBER OF DAYS WITH
THUNDERSTORM             11     MIXED PRECIP               0
HEAVY RAIN                9     RAIN                      14
LIGHT RAIN               19     FREEZING RAIN              0
LT FREEZING RAIN          0     HAIL                       0
HEAVY SNOW                0     SNOW                       0
LIGHT SNOW                0     SLEET                      0
FOG                      21     FOG W/VIS <= 1/4 MILE      1
HAZE                      6

-  INDICATES NEGATIVE NUMBERS.
R  INDICATES RECORD WAS SET OR TIED.
MM INDICATES DATA IS MISSING.
T  INDICATES TRACE AMOUNT.

&&

RECORDS ESTABLISHED DURING MAY --

* 2ND WETTEST MAY ON RECORD WITH 10.41 INCHES OF PRECIPITATION
* RECORD DAILY RAINFALL OF 1.21 INCHES ON THE 3RD

$$
OUSLEY/GEELHART
