000
CXUS53 KILX 011654
CLMPIA


CLIMATE REPORT
NATIONAL WEATHER SERVICE LINCOLN IL
1041 AM CST SAT FEB 1 2014

...................................

...THE PEORIA IL CLIMATE SUMMARY FOR THE MONTH OF JANUARY 2014...

CLIMATE NORMAL PERIOD 1981 TO 2010
CLIMATE RECORD PERIOD 1883 TO 2014

WEATHER         OBSERVED          NORMAL  DEPART  LAST YEAR`S
                 VALUE   DATE(S)  VALUE   FROM    VALUE
                                          NORMAL
.............................................................
TEMPERATURE (F)
RECORD
 HIGH              71   01/23/1909
 LOW              -27   01/05/1884
HIGHEST            47   01/12        32      15       64
LOWEST            -14   01/06        16     -30        2
AVG. MAXIMUM     27.4              32.8    -5.4     37.2
AVG. MINIMUM      9.0              17.0    -8.0     18.5
MEAN             18.2              24.9    -6.7     27.9
DAYS MAX >= 90      0               0.0     0.0        0
DAYS MAX <= 32     18              14.3     3.7       12
DAYS MIN <= 32     31              28.1     2.9       28
DAYS MIN <= 0       8               3.7     4.3        0

PRECIPITATION (INCHES)
RECORD
 MAXIMUM         8.11   1965
 MINIMUM         0.07   1919
TOTALS           2.10              1.78    0.32     3.83
DAILY AVG.       0.07              0.06    0.01     0.12
DAYS >= .01        16               9.2     6.8        7
DAYS >= .10         6               4.1     1.9        6
DAYS >= .50         1               1.0     0.0        2
DAYS >= 1.00        0               0.4    -0.4        1
GREATEST
 24 HR. TOTAL    0.72   01/10 TO 01/11              1.98

SNOWFALL (INCHES)
RECORDS
 TOTAL           24.7   1979
TOTALS           18.2               6.9    11.3      0.4
SINCE 7/1        27.3              15.1    12.2      3.6
DAYS >= 1.0         5               2.4     2.6        0
GREATEST
 SNOW DEPTH         6   01/08                          1
                        01/07
                        01/06
 24 HR TOTAL      5.5   01/05 TO 01/05               0.1

DEGREE_DAYS
HEATING TOTAL    1442              1243     199     1141
 SINCE 7/1       3868              3521     347     3287
COOLING TOTAL       0                 0       0        0
 SINCE 1/1          0                 0       0        0
..............................................................

WIND (MPH)
AVERAGE WIND SPEED              11.0
HIGHEST WIND SPEED/DIRECTION    38/240    DATE  01/30
HIGHEST GUST SPEED/DIRECTION    54/270    DATE  01/26

SKY COVER
POSSIBLE SUNSHINE (PERCENT)   MM
AVERAGE SKY COVER           0.50
NUMBER OF DAYS FAIR            8
NUMBER OF DAYS PC             12
NUMBER OF DAYS CLOUDY         11

AVERAGE RH (PERCENT)     69

WEATHER CONDITIONS. NUMBER OF DAYS WITH
THUNDERSTORM              0     MIXED PRECIP               0
HEAVY RAIN                0     RAIN                       1
LIGHT RAIN                4     FREEZING RAIN              0
LT FREEZING RAIN          0     HAIL                       0
HEAVY SNOW                3     SNOW                       5
LIGHT SNOW               19     SLEET                      0
FOG                      13     FOG W/VIS <= 1/4 MILE      5
HAZE                     17

-  INDICATES NEGATIVE NUMBERS.
R  INDICATES RECORD WAS SET OR TIED.
MM INDICATES DATA IS MISSING.
T  INDICATES TRACE AMOUNT.

&&

RECORDS ESTABLISHED DURING THE MONTH:

* 2ND SNOWIEST JANUARY WITH 18.2 INCHES
* RECORD LOW HIGH OF -5 ON THE 6TH

$$
