000
CXUS53 KILX 011447
CLMPIA


CLIMATE REPORT
NATIONAL WEATHER SERVICE LINCOLN IL
936 AM CDT TUE OCT 1 2013

...................................

...THE PEORIA IL CLIMATE SUMMARY FOR THE MONTH OF SEPTEMBER 2013...

CLIMATE NORMAL PERIOD 1981 TO 2010
CLIMATE RECORD PERIOD 1883 TO 2013

WEATHER         OBSERVED          NORMAL  DEPART  LAST YEAR`S
                 VALUE   DATE(S)  VALUE   FROM    VALUE
                                          NORMAL
.............................................................
TEMPERATURE (F)
RECORD
 HIGH             104   09/05/1899
 LOW               24   09/28/1942
HIGHEST            98   09/10        77      21       91
                        09/09
LOWEST             47   09/22        55      -8       37
                        09/14
AVG. MAXIMUM     82.3              77.0     5.3     75.5
AVG. MINIMUM     58.2              55.2     3.0     53.2
MEAN             70.2              66.1     4.1     64.3
DAYS MAX >= 90      6               1.6     4.4        2
DAYS MAX <= 32      0               0.0     0.0        0
DAYS MIN <= 32      0               0.1    -0.1        0
DAYS MIN <= 0       0               0.0     0.0        0

PRECIPITATION (INCHES)
RECORD
 MAXIMUM        13.09   1961
 MINIMUM         0.03   1979
TOTALS           1.85              3.15   -1.30     3.32
DAILY AVG.       0.06              0.11   -0.05     0.11
DAYS >= .01         5               8.1    -3.1        7
DAYS >= .10         4               5.2    -1.2        6
DAYS >= .50         3               2.2     0.8        2
DAYS >= 1.00        0               0.8    -0.8        1
GREATEST
 24 HR. TOTAL    0.60   09/12 TO 09/12              2.04

SNOWFALL (INCHES)
RECORDS
 TOTAL            1.0   1942
TOTALS            0.0               0.0     0.0      0.0
SINCE 7/1         0.0               0.0     0.0      0.0
DAYS >= 1.0         0               0.0     0.0        0
GREATEST
 SNOW DEPTH         0   MM                             0
 24 HR TOTAL      0.0   09/30 TO 09/30               0.0

DEGREE_DAYS
HEATING TOTAL      27                84     -57      104
 SINCE 7/1         32                90     -58      104
COOLING TOTAL     192               117      75       90
 SINCE 1/1       1134              1024     110     1368
..............................................................

WIND (MPH)
AVERAGE WIND SPEED              6.7
HIGHEST WIND SPEED/DIRECTION    26/200    DATE  09/28
HIGHEST GUST SPEED/DIRECTION    35/210    DATE  09/28

SKY COVER
POSSIBLE SUNSHINE (PERCENT)   MM
AVERAGE SKY COVER           0.20
NUMBER OF DAYS FAIR           25
NUMBER OF DAYS PC              5
NUMBER OF DAYS CLOUDY          0

AVERAGE RH (PERCENT)     63

WEATHER CONDITIONS. NUMBER OF DAYS WITH
THUNDERSTORM              3     MIXED PRECIP               0
HEAVY RAIN                2     RAIN                       4
LIGHT RAIN                7     FREEZING RAIN              0
LT FREEZING RAIN          0     HAIL                       0
HEAVY SNOW                0     SNOW                       0
LIGHT SNOW                0     SLEET                      0
FOG                      10     FOG W/VIS <= 1/4 MILE      1
HAZE                      5

-  INDICATES NEGATIVE NUMBERS.
R  INDICATES RECORD WAS SET OR TIED.
MM INDICATES DATA IS MISSING.
T  INDICATES TRACE AMOUNT.
&&

RECORD HIGH TEMPERATURE OF 98 DEGREES WAS SET ON SEPTEMBER 10TH.

$$

JRP
