000
CXUS53 KILX 011535
CLMPIA


CLIMATE REPORT
NATIONAL WEATHER SERVICE LINCOLN IL
1017 AM CDT FRI NOV 1 2013

...................................

...THE PEORIA IL CLIMATE SUMMARY FOR THE MONTH OF OCTOBER 2013...

CLIMATE NORMAL PERIOD 1981 TO 2010
CLIMATE RECORD PERIOD 1883 TO 2013

WEATHER         OBSERVED          NORMAL  DEPART  LAST YEAR`S
                 VALUE   DATE(S)  VALUE   FROM    VALUE
                                          NORMAL
.............................................................
TEMPERATURE (F)
RECORD
 HIGH              93   10/03/2006
 LOW                7   10/30/1925
HIGHEST            86   10/04        65      21       79
LOWEST             25   10/25        43     -18       29
AVG. MAXIMUM     65.2              64.5     0.7     61.6
AVG. MINIMUM     44.5              43.5     1.0     41.5
MEAN             54.9              54.0     0.9     51.5
DAYS MAX >= 90      0               0.1    -0.1        0
DAYS MAX <= 32      0               0.0     0.0        0
DAYS MIN <= 32      5               3.4     1.6        6
DAYS MIN <= 0       0               0.0     0.0        0

PRECIPITATION (INCHES)
RECORD
 MAXIMUM        10.53   1941
 MINIMUM         0.03   1964
TOTALS           5.13              2.84    2.29     4.08
DAILY AVG.       0.17              0.09    0.08     0.13
DAYS >= .01        10               9.2     0.8       11
DAYS >= .10         6               6.0     0.0        9
DAYS >= .50         3               2.1     0.9        3
DAYS >= 1.00        3               0.5     2.5        0
GREATEST
 24 HR. TOTAL    2.17   10/30 TO 10/31              1.48

SNOWFALL (INCHES)
RECORDS
 TOTAL            3.3   1929
TOTALS              T                 T     0.0      0.0
SINCE 7/1           T                 T     0.0      0.0
DAYS >= 1.0         0               0.0     0.0        0
GREATEST
 SNOW DEPTH         0   MM                             0
 24 HR TOTAL        T   10/24 TO 10/24               0.0

DEGREE_DAYS
HEATING TOTAL     346               356     -10      413
 SINCE 7/1        378               446     -68      517
COOLING TOTAL      40                15      25        6
 SINCE 1/1       1174              1039     135     1374
..............................................................

WIND (MPH)
AVERAGE WIND SPEED              7.2
HIGHEST WIND SPEED/DIRECTION    26/240    DATE  10/03
HIGHEST GUST SPEED/DIRECTION    32/280    DATE  10/26

SKY COVER
POSSIBLE SUNSHINE (PERCENT)   MM
AVERAGE SKY COVER           0.40
NUMBER OF DAYS FAIR           13
NUMBER OF DAYS PC             12
NUMBER OF DAYS CLOUDY          6

AVERAGE RH (PERCENT)     69

WEATHER CONDITIONS. NUMBER OF DAYS WITH
THUNDERSTORM              3     MIXED PRECIP               0
HEAVY RAIN                3     RAIN                       5
LIGHT RAIN               14     FREEZING RAIN              0
LT FREEZING RAIN          0     HAIL                       0
HEAVY SNOW                0     SNOW                       0
LIGHT SNOW                1     SLEET                      0
FOG                      17     FOG W/VIS <= 1/4 MILE      2
HAZE                      7

-  INDICATES NEGATIVE NUMBERS.
R  INDICATES RECORD WAS SET OR TIED.
MM INDICATES DATA IS MISSING.
T  INDICATES TRACE AMOUNT.

$$
