000
CXUS53 KILX 011536
CLMPIA


CLIMATE REPORT
NATIONAL WEATHER SERVICE LINCOLN IL
914 AM CST FRI JAN 1 2016

...................................

...THE PEORIA IL CLIMATE SUMMARY FOR THE MONTH OF DECEMBER 2015...

CLIMATE NORMAL PERIOD 1981 TO 2010
CLIMATE RECORD PERIOD 1883 TO 2015

WEATHER         OBSERVED          NORMAL  DEPART  LAST YEAR`S
                 VALUE   DATE(S)  VALUE   FROM    VALUE
                                          NORMAL
.............................................................
TEMPERATURE (F)
RECORD
 HIGH              71   12/02/1982
                        12/03/1970
 LOW              -24   12/28/1924
HIGHEST            68   12/12        36      32       54
LOWEST             18   12/19        21      -3        5
AVG. MAXIMUM     48.0              36.1    11.9     39.6
AVG. MINIMUM     34.2              21.0    13.2     27.4
MEAN             41.1              28.6    12.5     33.5
DAYS MAX >= 90      0               0.0     0.0        0
DAYS MAX <= 32      2              10.3    -8.3        6
DAYS MIN <= 32     13              25.7   -12.7       20
DAYS MIN <= 0       0               1.9    -1.9        0

PRECIPITATION (INCHES)
RECORD
 MAXIMUM         6.34   1949
 MINIMUM         0.29   1930
TOTALS           6.31              2.42    3.89     1.23
DAILY AVG.       0.20              0.08    0.12     0.04
DAYS >= .01        12              10.1     1.9        7
DAYS >= .10         9               5.3     3.7        3
DAYS >= .50         5               1.5     3.5        1
DAYS >= 1.00        2               0.5     1.5        0
GREATEST
 24 HR. TOTAL    1.86   12/28 TO 12/28              0.67

SNOWFALL (INCHES)
RECORDS
 TOTAL           21.7   1977
TOTALS            2.5               7.1    -4.6        T
SINCE 7/1         7.1               8.2    -1.1      1.3
DAYS >= 1.0         2               2.0     0.0        0
GREATEST
 SNOW DEPTH         0   MM                             0
 24 HR TOTAL      1.4   MM                             T

DEGREE_DAYS
HEATING TOTAL     731              1130    -399      968
 SINCE 7/1       1488              2278    -790     2209
COOLING TOTAL       0                 0       0        0
 SINCE 1/1       1419              1039     380     1156
..............................................................

WIND (MPH)
AVERAGE WIND SPEED              10.1
HIGHEST WIND SPEED/DIRECTION    37/240    DATE  12/23
HIGHEST GUST SPEED/DIRECTION    51/250    DATE  12/23

SKY COVER
POSSIBLE SUNSHINE (PERCENT)   MM
AVERAGE SKY COVER           0.60
NUMBER OF DAYS FAIR           11
NUMBER OF DAYS PC              5
NUMBER OF DAYS CLOUDY         15

AVERAGE RH (PERCENT)     76

WEATHER CONDITIONS. NUMBER OF DAYS WITH
THUNDERSTORM              0     MIXED PRECIP               0
HEAVY RAIN                4     RAIN                       9
LIGHT RAIN               14     FREEZING RAIN              1
LT FREEZING RAIN          2     HAIL                       0
HEAVY SNOW                0     SNOW                       2
LIGHT SNOW                4     SLEET                      1
FOG                      23     FOG W/VIS <= 1/4 MILE      5
HAZE                     12

-  INDICATES NEGATIVE NUMBERS.
R  INDICATES RECORD WAS SET OR TIED.
MM INDICATES DATA IS MISSING.
T  INDICATES TRACE AMOUNT.

&&

2ND WARMEST DECEMBER ON RECORD AT 41.1 DEGREES
2ND WETTEST DECEMBER ON RECORD AT 6.31 INCHES
RECORD HIGH TEMPERATURE OF 68 DEGREES ON THE 12TH
RECORD WARM LOW TEMPERATURE OF 50 DEGREES ON THE 12TH
RECORD WARM LOW TEMPERATURE OF 61 DEGREES ON THE 13TH
MONTHLY RECORD WARM LOW TEMPERATURE OF 61 DEGREES ON THE 13TH
RECORD DAILY PRECIPITATION OF 1.64 INCHES ON THE 13TH
TIED RECORD HIGH TEMPERATURE OF 60 DEGREES ON THE 21ST
RECORD DAILY DAILY PRECIPITATION OF 1.86 INCHES ON THE 28TH

$$

JRP
