000
CXUS53 KILX 032204 RRA
CLMPIA

CHICLMPIA 000
TTAA00 KILX 011549


CLIMATE REPORT
NATIONAL WEATHER SERVICE LINCOLN IL
1049 AM CDT SUN SEP 1 2013

...................................

...THE PEORIA IL CLIMATE SUMMARY FOR THE SEASON, FROM
6/1/2013 TO 8/31/2013...

CLIMATE NORMAL PERIOD 1981 TO 2010
CLIMATE RECORD PERIOD 1883 TO 2013

WEATHER         OBSERVED          NORMAL  DEPART  LAST YEAR`S
                 VALUE   DATE(S)  VALUE   FROM    VALUE
                                          NORMAL
.............................................................
TEMPERATURE (F)
RECORD
 HIGH             113   07/15/1936
 LOW               39   06/01/1993
                        06/04/1945
HIGHEST            99   08/30        MM      MM      104
LOWEST             48   06/03        MM      MM       48
AVG. MAXIMUM     83.5              83.9    -0.4     88.1
AVG. MINIMUM     63.5              63.6    -0.1     64.7
MEAN             73.5              73.7    -0.2     76.4
DAYS MAX >= 90     17              16.5     0.5       43
DAYS MAX <= 32      0               0.0     0.0        0
DAYS MIN <= 32      0               0.0     0.0        0
DAYS MIN <= 0       0               0.0     0.0        0

PRECIPITATION (INCHES)
RECORD
 MAXIMUM        24.27   1902
 MINIMUM         3.04   1988
TOTALS           4.31             10.62   -6.31     7.47
DAILY AVG.       0.05                               0.08
DAYS >= .01        22              28.3    -6.3       20
DAYS >= .10        14              18.3    -4.3       12
DAYS >= .50         4               7.5    -3.5        5
DAYS >= 1.00        0               2.9    -2.9        4
GREATEST
 24 HR. TOTAL    0.64   MM                          1.64

SNOWFALL (INCHES)
RECORDS
 TOTAL            0.0   MM
 24 HR TOTAL      0.0   MM
TOTALS            0.0               0.0     0.0      0.0
SINCE 7/1         0.0               0.0     0.0      0.0
DAYS >= TRACE       0               0.0     0.0        0
DAYS >= 1.0         0               0.0     0.0        0
GREATEST
 SNOW DEPTH         0   MM                             0
 24 HR TOTAL      0.0   MM                           0.0

DEGREE_DAYS
HEATING TOTAL      23                24      -1       10
 SINCE 7/1          5                 6      -1        0
COOLING TOTAL     835               826       9     1085
 SINCE 1/1        942               907      35     1278

FREEZE DATES
RECORD
 EARLIEST     09/20/1991
 LATEST       05/25/1925
EARLIEST                        10/14
LATEST                          04/19
..............................................................

WIND (MPH)
AVERAGE WIND SPEED              6.1
HIGHEST WIND SPEED/DIRECTION    33/210    DATE  06/09
HIGHEST GUST SPEED/DIRECTION    40/030    DATE  06/21

SKY COVER
POSSIBLE SUNSHINE (PERCENT)   MM
AVERAGE SKY COVER           0.20
NUMBER OF DAYS FAIR           69
NUMBER OF DAYS PC             19
NUMBER OF DAYS CLOUDY          4

AVERAGE RH (PERCENT)     68

WEATHER CONDITIONS. NUMBER OF DAYS WITH
THUNDERSTORM              0     MIXED PRECIP               0
HEAVY RAIN                7     RAIN                      13
LIGHT RAIN               25     FREEZING RAIN              0
LT FREEZING RAIN          0     HAIL                       0
HEAVY SNOW                0     SNOW                       0
LIGHT SNOW                0     SLEET                      0
FOG                      42     FOG W/VIS <= 1/4 MILE      4
HAZE                     14

-  INDICATES NEGATIVE NUMBERS.
R  INDICATES RECORD WAS SET OR TIED.
MM INDICATES DATA IS MISSING.
T  INDICATES TRACE AMOUNT.

$$
