000
CXUS53 KILX 011709
CLMPIA


CLIMATE REPORT
NATIONAL WEATHER SERVICE LINCOLN IL
1048 AM CST SUN MAR 1 2015

...................................

...THE PEORIA IL CLIMATE SUMMARY FOR THE MONTH OF FEBRUARY 2015...

CLIMATE NORMAL PERIOD 1981 TO 2010
CLIMATE RECORD PERIOD 1883 TO 2015

WEATHER         OBSERVED          NORMAL  DEPART  LAST YEAR`S
                 VALUE   DATE(S)  VALUE   FROM    VALUE
                                          NORMAL
.............................................................
TEMPERATURE (F)
RECORD
 HIGH              74   02/10/1932
 LOW              -26   02/13/1905
HIGHEST            47   02/07        36      11       53
LOWEST             -7   02/27        20     -27      -13
AVG. MAXIMUM     27.7              37.7   -10.0     26.9
AVG. MINIMUM      9.6              21.2   -11.6      8.9
MEAN             18.7              29.5   -10.8     17.9
DAYS MAX >= 90      0               0.0     0.0        0
DAYS MAX <= 32     19               8.6    10.4       20
DAYS MIN <= 32     28              23.4     4.6       27
DAYS MIN <= 0       4               1.6     2.4       10

PRECIPITATION (INCHES)
RECORD
 MAXIMUM         5.64   1900
 MINIMUM         0.14   1907
TOTALS           1.50              1.79   -0.29     2.77
DAILY AVG.       0.05              0.06   -0.01     0.10
DAYS >= .01         5               8.4    -3.4       11
DAYS >= .10         3               4.0    -1.0        6
DAYS >= .50         1               1.0     0.0        2
DAYS >= 1.00        1               0.3     0.7        0
GREATEST
 24 HR. TOTAL    1.27   01/31 TO 02/01              0.78

SNOWFALL (INCHES)
RECORDS
 TOTAL           26.5   1900
TOTALS           12.8               6.2     6.6     22.9
SINCE 7/1        24.3              21.3     3.0     50.2
DAYS >= 1.0         3               1.9     1.1        8
GREATEST
 SNOW DEPTH         9   02/05                         12
 24 HR TOTAL      6.1   MM                           5.0

DEGREE_DAYS
HEATING TOTAL    1291               995     296     1311
 SINCE 7/1       4706              4516     190     5179
COOLING TOTAL       0                 0       0        0
 SINCE 1/1          0                 0       0        0
..............................................................

WIND (MPH)
AVERAGE WIND SPEED              7.8
HIGHEST WIND SPEED/DIRECTION    28/MM     DATE   MM
HIGHEST GUST SPEED/DIRECTION    38/350    DATE  02/14

SKY COVER
POSSIBLE SUNSHINE (PERCENT)   MM
AVERAGE SKY COVER           0.40
NUMBER OF DAYS FAIR           11
NUMBER OF DAYS PC             13
NUMBER OF DAYS CLOUDY          4

AVERAGE RH (PERCENT)     67

WEATHER CONDITIONS. NUMBER OF DAYS WITH
THUNDERSTORM              0     MIXED PRECIP               0
HEAVY RAIN                0     RAIN                       0
LIGHT RAIN                3     FREEZING RAIN              0
LT FREEZING RAIN          0     HAIL                       0
HEAVY SNOW                1     SNOW                       3
LIGHT SNOW               12     SLEET                      0
FOG                      11     FOG W/VIS <= 1/4 MILE      2
HAZE                     13

-  INDICATES NEGATIVE NUMBERS.
R  INDICATES RECORD WAS SET OR TIED.
MM INDICATES DATA IS MISSING.
T  INDICATES TRACE AMOUNT.

&&

RECORDS ESTABLISHED IN FEBRUARY:

*TIED 8TH COLDEST FEBRUARY
*TIED 10TH SNOWIEST FEBRUARY

$$
