000
CXUS53 KILX 011151
CLMPIA


CLIMATE REPORT
NATIONAL WEATHER SERVICE LINCOLN IL
651 AM CDT SAT OCT 1 2016

...................................

...THE PEORIA IL CLIMATE SUMMARY FOR THE MONTH OF SEPTEMBER 2016...

CLIMATE NORMAL PERIOD 1981 TO 2010
CLIMATE RECORD PERIOD 1883 TO 2016

WEATHER         OBSERVED          NORMAL  DEPART  LAST YEAR`S
                 VALUE   DATE(S)  VALUE   FROM    VALUE
                                          NORMAL
.............................................................
TEMPERATURE (F)
RECORD
 HIGH             104   09/05/1899
 LOW               24   09/28/1942
HIGHEST            92   09/06        77      15       98
LOWEST             50   09/27        55      -5       47
AVG. MAXIMUM     81.0              77.0     4.0     84.7
AVG. MINIMUM     61.4              55.2     6.2     62.2
MEAN             71.2              66.1     5.1     73.5
DAYS MAX >= 90      3               1.6     1.4        8
DAYS MAX <= 32      0               0.0     0.0        0
DAYS MIN <= 32      0               0.1    -0.1        0
DAYS MIN <= 0       0               0.0     0.0        0

PRECIPITATION (INCHES)
RECORD
 MAXIMUM        13.09   1961
 MINIMUM         0.03   1979
TOTALS           4.07              3.15    0.92     3.25
DAILY AVG.       0.14              0.11    0.03     0.11
DAYS >= .01         9               8.1     0.9        5
DAYS >= .10         6               5.2     0.8        3
DAYS >= .50         3               2.2     0.8        2
DAYS >= 1.00        1               0.8     0.2        1
GREATEST
 24 HR. TOTAL    1.70   09/07 TO 09/08              2.23

SNOWFALL (INCHES)
RECORDS
 TOTAL            1.0   1942
TOTALS            0.0               0.0     0.0      0.0
SINCE 7/1         0.0               0.0     0.0      0.0
DAYS >= 1.0         0               0.0     0.0        0
GREATEST
 SNOW DEPTH         0   MM                             0
 24 HR TOTAL      0.0   09/30 TO 09/30               0.0

DEGREE_DAYS
HEATING TOTAL      19                84     -65       16
 SINCE 7/1         23                90     -67       21
COOLING TOTAL     212               117      95      275
 SINCE 1/1       1369              1024     345     1387
..............................................................

WIND (MPH)
AVERAGE WIND SPEED              6.7
HIGHEST WIND SPEED/DIRECTION    30/050    DATE  09/21
HIGHEST GUST SPEED/DIRECTION    45/300    DATE  09/07

SKY COVER
POSSIBLE SUNSHINE (PERCENT)   MM
AVERAGE SKY COVER           0.30
NUMBER OF DAYS FAIR           21
NUMBER OF DAYS PC              6
NUMBER OF DAYS CLOUDY          3

AVERAGE RH (PERCENT)     75

WEATHER CONDITIONS. NUMBER OF DAYS WITH
THUNDERSTORM              0     MIXED PRECIP               0
HEAVY RAIN                6     RAIN                       6
LIGHT RAIN               13     FREEZING RAIN              0
LT FREEZING RAIN          0     HAIL                       0
HEAVY SNOW                0     SNOW                       0
LIGHT SNOW                0     SLEET                      0
FOG                      16     FOG W/VIS <= 1/4 MILE      2
HAZE                      3

-  INDICATES NEGATIVE NUMBERS.
R  INDICATES RECORD WAS SET OR TIED.
MM INDICATES DATA IS MISSING.
T  INDICATES TRACE AMOUNT.

$$
