000
CXUS53 KILX 011454
CLMPIA


CLIMATE REPORT
NATIONAL WEATHER SERVICE LINCOLN IL
940 AM CDT MON AUG 1 2016

...................................

...THE PEORIA IL CLIMATE SUMMARY FOR THE MONTH OF JULY 2016...

CLIMATE NORMAL PERIOD 1981 TO 2010
CLIMATE RECORD PERIOD 1883 TO 2016

WEATHER         OBSERVED          NORMAL  DEPART  LAST YEAR`S
                 VALUE   DATE(S)  VALUE   FROM    VALUE
                                          NORMAL
.............................................................
TEMPERATURE (F)
RECORD
 HIGH             113   07/15/1936
 LOW               46   07/26/1911
HIGHEST            93   07/24        86       7       94
                        07/21
LOWEST             58   07/03        65      -7       58
AVG. MAXIMUM     84.7              85.6    -0.9     85.1
AVG. MINIMUM     68.0              65.5     2.5     67.7
MEAN             76.4              75.5     0.9     76.4
DAYS MAX >= 90      4               7.2    -3.2        8
DAYS MAX <= 32      0               0.0     0.0        0
DAYS MIN <= 32      0               0.0     0.0        0
DAYS MIN <= 0       0               0.0     0.0        0

PRECIPITATION (INCHES)
RECORD
 MAXIMUM        10.15   1993
 MINIMUM         0.33   1988
TOTALS           5.01              3.85    1.16     5.84
DAILY AVG.       0.16              0.12    0.04     0.19
DAYS >= .01        10               9.1     0.9       11
DAYS >= .10         9               5.9     3.1        7
DAYS >= .50         2               2.6    -0.6        3
DAYS >= 1.00        2               1.2     0.8        3
GREATEST
 24 HR. TOTAL    1.70   07/13 TO 07/13              2.15

SNOWFALL (INCHES)
RECORDS
 TOTAL            0.0   MM
TOTALS            0.0               0.0     0.0      0.0
SINCE 7/1         0.0               0.0     0.0      0.0
DAYS >= 1.0         0               0.0     0.0        0
GREATEST
 SNOW DEPTH         0   MM                             0
 24 HR TOTAL      0.0   07/31 TO 07/31               0.0

DEGREE_DAYS
HEATING TOTAL       4                 1       3        5
 SINCE 7/1          4                 1       3        5
COOLING TOTAL     364               328      36      368
 SINCE 1/1        797               631     166      810
..............................................................

WIND (MPH)
AVERAGE WIND SPEED              6.2
HIGHEST WIND SPEED/DIRECTION    39/230    DATE  07/19
HIGHEST GUST SPEED/DIRECTION    51/230    DATE  07/19

SKY COVER
POSSIBLE SUNSHINE (PERCENT)   MM
AVERAGE SKY COVER           0.30
NUMBER OF DAYS FAIR           23
NUMBER OF DAYS PC              6
NUMBER OF DAYS CLOUDY          2

AVERAGE RH (PERCENT)     77

WEATHER CONDITIONS. NUMBER OF DAYS WITH
THUNDERSTORM              0     MIXED PRECIP               0
HEAVY RAIN                6     RAIN                       7
LIGHT RAIN               14     FREEZING RAIN              0
LT FREEZING RAIN          0     HAIL                       0
HEAVY SNOW                0     SNOW                       0
LIGHT SNOW                0     SLEET                      0
FOG                      16     FOG W/VIS <= 1/4 MILE      2
HAZE                      4

-  INDICATES NEGATIVE NUMBERS.
R  INDICATES RECORD WAS SET OR TIED.
MM INDICATES DATA IS MISSING.
T  INDICATES TRACE AMOUNT.
&&

Record cool high temperature of 64 degrees set on July 3rd.

$$
