000
CXUS53 KILX 011632
CLMPIA


CLIMATE REPORT
NATIONAL WEATHER SERVICE LINCOLN IL
1008 AM CST SUN FEB 1 2015

...................................

...THE PEORIA IL CLIMATE SUMMARY FOR THE MONTH OF JANUARY 2015...

CLIMATE NORMAL PERIOD 1981 TO 2010
CLIMATE RECORD PERIOD 1883 TO 2015

WEATHER         OBSERVED          NORMAL  DEPART  LAST YEAR`S
                 VALUE   DATE(S)  VALUE   FROM    VALUE
                                          NORMAL
.............................................................
TEMPERATURE (F)
RECORD
 HIGH              71   01/23/1909
 LOW              -27   01/05/1884
HIGHEST            49   01/24        32      17       47
                        01/17
LOWEST             -8   01/08        16     -24      -14
AVG. MAXIMUM     33.8              32.8     1.0     27.4
AVG. MINIMUM     18.0              17.0     1.0      9.0
MEAN             25.9              24.9     1.0     18.2
DAYS MAX >= 90      0               0.0     0.0        0
DAYS MAX <= 32     10              14.3    -4.3       18
DAYS MIN <= 32     28              28.1    -0.1       31
DAYS MIN <= 0       4               3.7     0.3        8

PRECIPITATION (INCHES)
RECORD
 MAXIMUM         8.11   1965
 MINIMUM         0.07   1919
TOTALS           2.22              1.78    0.44     2.10
DAILY AVG.       0.07              0.06    0.01     0.07
DAYS >= .01        12               9.2     2.8       16
DAYS >= .10         9               4.1     4.9        6
DAYS >= .50         1               1.0     0.0        1
DAYS >= 1.00        0               0.4    -0.4        0
GREATEST
 24 HR. TOTAL    0.64   01/02 TO 01/03              0.72

SNOWFALL (INCHES)
RECORDS
 TOTAL           24.7   1979
TOTALS           10.2               6.9     3.3     18.2
SINCE 7/1        11.5              15.1    -3.6     27.3
DAYS >= 1.0         3               2.4     0.6        5
GREATEST
 SNOW DEPTH         6   01/14                          6
 24 HR TOTAL      5.1   MM                           5.5

DEGREE_DAYS
HEATING TOTAL    1206              1243     -37     1442
 SINCE 7/1       3415              3521    -106     3868
COOLING TOTAL       0                 0       0        0
 SINCE 1/1          0                 0       0        0
..............................................................

WIND (MPH)
AVERAGE WIND SPEED              7.8
HIGHEST WIND SPEED/DIRECTION    31/190    DATE  01/08
HIGHEST GUST SPEED/DIRECTION    48/300    DATE  01/08

SKY COVER
POSSIBLE SUNSHINE (PERCENT)   MM
AVERAGE SKY COVER           0.50
NUMBER OF DAYS FAIR           13
NUMBER OF DAYS PC             12
NUMBER OF DAYS CLOUDY          6

AVERAGE RH (PERCENT)     72

WEATHER CONDITIONS. NUMBER OF DAYS WITH
THUNDERSTORM              0     MIXED PRECIP               0
HEAVY RAIN                0     RAIN                       1
LIGHT RAIN               11     FREEZING RAIN              1
LT FREEZING RAIN          1     HAIL                       0
HEAVY SNOW                0     SNOW                       3
LIGHT SNOW               12     SLEET                      0
FOG                      17     FOG W/VIS <= 1/4 MILE      1
HAZE                     20

-  INDICATES NEGATIVE NUMBERS.
R  INDICATES RECORD WAS SET OR TIED.
MM INDICATES DATA IS MISSING.
T  INDICATES TRACE AMOUNT.

&&

NO RECORDS WERE ESTABLISHED IN JANUARY 2015

$$

EJL
