000
CXUS53 KILX 012243
CLMPIA

CLIMATE REPORT
NATIONAL WEATHER SERVICE LINCOLN IL
443 PM CST WED JAN 1 2014

...................................

...THE PEORIA IL CLIMATE SUMMARY FOR THE MONTH OF DECEMBER 2013...

CLIMATE NORMAL PERIOD 1981 TO 2010
CLIMATE RECORD PERIOD 1883 TO 2013

WEATHER         OBSERVED          NORMAL  DEPART  LAST YEAR`S
                 VALUE   DATE(S)  VALUE   FROM    VALUE
                                          NORMAL
.............................................................
TEMPERATURE (F)
RECORD
 HIGH              71   12/02/1982
                        12/03/1970
 LOW              -24   12/28/1924
HIGHEST            55   12/04        36      19       70
LOWEST             -2   12/24        21     -23       10
AVG. MAXIMUM     33.1              36.1    -3.0     42.5
AVG. MINIMUM     16.2              21.0    -4.8     28.2
MEAN             24.6              28.6    -4.0     35.3
DAYS MAX >= 90      0               0.0     0.0        0
DAYS MAX <= 32     15              10.3     4.7        8
DAYS MIN <= 32     28              25.7     2.3       20
DAYS MIN <= 0       2               1.9     0.1        0

PRECIPITATION (INCHES)
RECORD
 MAXIMUM         6.34   1949
 MINIMUM         0.29   1930
TOTALS           1.49              2.42   -0.93     1.98
DAILY AVG.       0.05              0.08   -0.03     0.06
DAYS >= .01        11              10.1     0.9       12
DAYS >= .10         5               5.3    -0.3        5
DAYS >= .50         0               1.5    -1.5        2
DAYS >= 1.00        0               0.5    -0.5        0
GREATEST
 24 HR. TOTAL    0.65   12/13 TO 12/14              0.97

SNOWFALL (INCHES)
RECORDS
 TOTAL           21.7   1977
TOTALS            8.5               7.1     1.4      3.2
SINCE 7/1         9.1               8.2     0.9      3.2
DAYS >= 1.0         2               2.0     0.0        2
GREATEST
 SNOW DEPTH         7   12/16                          2
 24 HR TOTAL      3.5   12/14 TO 12/14               2.2

DEGREE_DAYS
HEATING TOTAL    1244              1130     114      912
 SINCE 7/1       2426              2278     148     2146
COOLING TOTAL       0                 0       0        0
 SINCE 1/1       1174              1039     135     1374
..............................................................

WIND (MPH)
AVERAGE WIND SPEED              7.9
HIGHEST WIND SPEED/DIRECTION    23/260    DATE  12/10
HIGHEST GUST SPEED/DIRECTION    33/250    DATE  12/10

SKY COVER
POSSIBLE SUNSHINE (PERCENT)   MM
AVERAGE SKY COVER           0.50
NUMBER OF DAYS FAIR           10
NUMBER OF DAYS PC             10
NUMBER OF DAYS CLOUDY         11

AVERAGE RH (PERCENT)     75

WEATHER CONDITIONS. NUMBER OF DAYS WITH
THUNDERSTORM              0     MIXED PRECIP               0
HEAVY RAIN                0     RAIN                       2
LIGHT RAIN                6     FREEZING RAIN              1
LT FREEZING RAIN          2     HAIL                       0
HEAVY SNOW                0     SNOW                       1
LIGHT SNOW               14     SLEET                      0
FOG                      18     FOG W/VIS <= 1/4 MILE      2
HAZE                     11

-  INDICATES NEGATIVE NUMBERS.
R  INDICATES RECORD WAS SET OR TIED.
MM INDICATES DATA IS MISSING.
T  INDICATES TRACE AMOUNT.

$$
