000
CXUS53 KILX 030033 CCA
CLMPIA

CLIMATE REPORT...CORRECTED
NATIONAL WEATHER SERVICE LINCOLN IL
733 PM CDT MON JUN 2 2014

CORRECTED NUMBER OF THUNDERSTORM DAYS

...................................

...THE PEORIA IL CLIMATE SUMMARY FOR THE MONTH OF MAY 2014...

CLIMATE NORMAL PERIOD 1981 TO 2010
CLIMATE RECORD PERIOD 1883 TO 2014

WEATHER         OBSERVED          NORMAL  DEPART  LAST YEAR`S
                 VALUE   DATE(S)  VALUE   FROM    VALUE
                                          NORMAL
.............................................................
TEMPERATURE (F)
RECORD
 HIGH             104   05/31/1934
 LOW               25   05/10/1966
HIGHEST            91   05/12        73      18       88
LOWEST             38   05/17        51     -13       35
AVG. MAXIMUM     76.6              73.2     3.4     73.8
AVG. MINIMUM     55.0              51.6     3.4     54.3
MEAN             65.8              62.4     3.4     64.0
DAYS MAX >= 90      4               0.5     3.5        0
DAYS MAX <= 32      0               0.0     0.0        0
DAYS MIN <= 32      0               0.2    -0.2        0
DAYS MIN <= 0       0               0.0     0.0        0

PRECIPITATION (INCHES)
RECORD
 MAXIMUM        11.49   1915
 MINIMUM         0.47   1934
TOTALS           1.45              4.33   -2.88    10.41
DAILY AVG.       0.05              0.14   -0.09     0.34
DAYS >= .01        13              11.8     1.2       18
DAYS >= .10         8               7.8     0.2       16
DAYS >= .50         0               2.5    -2.5        7
DAYS >= 1.00        0               1.2    -1.2        5
GREATEST
 24 HR. TOTAL    0.36   05/14 TO 05/15              2.79

SNOWFALL (INCHES)
RECORDS
 TOTAL            0.1   1966
                        1923
TOTALS            0.0               0.0     0.0      0.0
SINCE 7/1        57.6              24.6    33.0     22.7
DAYS >= 1.0         0               0.0     0.0        0
GREATEST
 SNOW DEPTH         0   MM                             0
 24 HR TOTAL      0.0   MM                           0.0

DEGREE_DAYS
HEATING TOTAL     119               148     -29      121
 SINCE 7/1       6586              5813     773     5813
COOLING TOTAL     152                67      85       98
 SINCE 1/1        158                81      77      107
..............................................................

WIND (MPH)
AVERAGE WIND SPEED              8.4
HIGHEST WIND SPEED/DIRECTION    31/270    DATE  05/12
HIGHEST GUST SPEED/DIRECTION    42/260    DATE  05/12

SKY COVER
POSSIBLE SUNSHINE (PERCENT)   MM
AVERAGE SKY COVER           0.30
NUMBER OF DAYS FAIR           21
NUMBER OF DAYS PC              5
NUMBER OF DAYS CLOUDY          5

AVERAGE RH (PERCENT)     61

WEATHER CONDITIONS. NUMBER OF DAYS WITH
THUNDERSTORM              7     MIXED PRECIP               0
HEAVY RAIN                4     RAIN                       5
LIGHT RAIN               16     FREEZING RAIN              0
LT FREEZING RAIN          0     HAIL                       0
HEAVY SNOW                0     SNOW                       0
LIGHT SNOW                0     SLEET                      0
FOG                       8     FOG W/VIS <= 1/4 MILE      0
HAZE                      2

-  INDICATES NEGATIVE NUMBERS.
R  INDICATES RECORD WAS SET OR TIED.
MM INDICATES DATA IS MISSING.
T  INDICATES TRACE AMOUNT.

&&

RECORDS ESTABLISHED:

* NONE

$$
GEELHART
