000
CXUS53 KILX 011426
CLMPIA


CLIMATE REPORT
NATIONAL WEATHER SERVICE LINCOLN IL
926 AM CDT SAT NOV 1 2014

...................................

...THE PEORIA IL CLIMATE SUMMARY FOR THE MONTH OF OCTOBER 2014...

CLIMATE NORMAL PERIOD 1981 TO 2010
CLIMATE RECORD PERIOD 1883 TO 2014

WEATHER         OBSERVED          NORMAL  DEPART  LAST YEAR`S
                 VALUE   DATE(S)  VALUE   FROM    VALUE
                                          NORMAL
.............................................................
TEMPERATURE (F)
RECORD
 HIGH              93   10/03/2006
 LOW                7   10/30/1925
HIGHEST            79   10/01        65      14       86
LOWEST             32   10/31        43     -11       25
AVG. MAXIMUM     64.5              64.5     0.0     65.2
AVG. MINIMUM     46.6              43.5     3.1     44.5
MEAN             55.5              54.0     1.5     54.9
DAYS MAX >= 90      0               0.1    -0.1        0
DAYS MAX <= 32      0               0.0     0.0        0
DAYS MIN <= 32      1               3.4    -2.4        5
DAYS MIN <= 0       0               0.0     0.0        0

PRECIPITATION (INCHES)
RECORD
 MAXIMUM        10.53   1941
 MINIMUM         0.03   1964
TOTALS           2.41              2.84   -0.43     5.13
DAILY AVG.       0.08              0.09   -0.01     0.17
DAYS >= .01        13               9.2     3.8       10
DAYS >= .10         6               6.0     0.0        6
DAYS >= .50         1               2.1    -1.1        3
DAYS >= 1.00        0               0.5    -0.5        3
GREATEST
 24 HR. TOTAL    0.94   10/12 TO 10/13              2.17

SNOWFALL (INCHES)
RECORDS
 TOTAL            3.3   1929
TOTALS              T                 T     0.0        T
SINCE 7/1           T                 T     0.0        T
DAYS >= 1.0         0               0.0     0.0        0
GREATEST
 SNOW DEPTH         0   MM                             0
 24 HR TOTAL        T   10/04 TO 10/04                 T

DEGREE_DAYS
HEATING TOTAL     298               356     -58      346
 SINCE 7/1        376               446     -70      378
COOLING TOTAL       9                15      -6       40
 SINCE 1/1       1156              1039     117     1174
..............................................................

WIND (MPH)
AVERAGE WIND SPEED              7.1
HIGHEST WIND SPEED/DIRECTION    25/220    DATE  10/27
HIGHEST GUST SPEED/DIRECTION    40/160    DATE  10/13

SKY COVER
POSSIBLE SUNSHINE (PERCENT)   MM
AVERAGE SKY COVER           0.40
NUMBER OF DAYS FAIR           13
NUMBER OF DAYS PC             10
NUMBER OF DAYS CLOUDY          8

AVERAGE RH (PERCENT)     67

WEATHER CONDITIONS. NUMBER OF DAYS WITH
THUNDERSTORM              0     MIXED PRECIP               0
HEAVY RAIN                1     RAIN                       5
LIGHT RAIN               17     FREEZING RAIN              0
LT FREEZING RAIN          0     HAIL                       0
HEAVY SNOW                0     SNOW                       0
LIGHT SNOW                1     SLEET                      0
FOG                      15     FOG W/VIS <= 1/4 MILE      2
HAZE                     13

-  INDICATES NEGATIVE NUMBERS.
R  INDICATES RECORD WAS SET OR TIED.
MM INDICATES DATA IS MISSING.
T  INDICATES TRACE AMOUNT.

$$
