000
CXUS53 KILX 011445 CCA
CLMPIA

CLIMATE REPORT
NATIONAL WEATHER SERVICE LINCOLN IL
945 AM CDT WED JUL 1 2015

...................................

...THE PEORIA IL CLIMATE SUMMARY FOR THE MONTH OF JUNE 2015...

CLIMATE NORMAL PERIOD 1981 TO 2010
CLIMATE RECORD PERIOD 1883 TO 2015

WEATHER         OBSERVED          NORMAL  DEPART  LAST YEAR`S
                 VALUE   DATE(S)  VALUE   FROM    VALUE
                                          NORMAL
.............................................................
TEMPERATURE (F)
RECORD
 HIGH             105   06/25/1988
                        06/29/1936
                        06/01/1934
 LOW               39   06/01/1993
                        06/04/1945
HIGHEST            93   06/10        82      11       91
LOWEST             50   06/02        61     -11       52
AVG. MAXIMUM     83.0              82.2     0.8     83.6
AVG. MINIMUM     65.2              61.4     3.8     65.3
MEAN             74.1              71.8     2.3     74.4
DAYS MAX >= 90      4               3.8     0.2        3
DAYS MAX <= 32      0               0.0     0.0        0
DAYS MIN <= 32      0               0.0     0.0        0
DAYS MIN <= 0       0               0.0     0.0        0

PRECIPITATION (INCHES)
RECORD
 MAXIMUM        11.69   1974
 MINIMUM         0.45   1936
TOTALS          11.60              3.53    8.07     9.67
DAILY AVG.       0.39              0.12    0.27     0.32
DAYS >= .01        15              10.1     4.9       14
DAYS >= .10        14               6.4     7.6       10
DAYS >= .50         9               2.4     6.6        6
DAYS >= 1.00        3               0.9     2.1        4
GREATEST
 24 HR. TOTAL    3.14   06/07 TO 06/07              3.00

SNOWFALL (INCHES)
RECORDS
 TOTAL            0.0   MM
TOTALS            0.0               0.0     0.0      0.0
SINCE 7/1        27.0              24.6     2.4     57.6
DAYS >= 1.0         0               0.0     0.0        0
GREATEST
 SNOW DEPTH         0   MM                             0
 24 HR TOTAL      0.0   06/30 TO 06/30               0.0

DEGREE_DAYS
HEATING TOTAL       7                18     -11        0
 SINCE 7/1       5817              5831     -14     6586
COOLING TOTAL     288               222      66      292
 SINCE 1/1        442               303     139      450
..............................................................

WIND (MPH)
AVERAGE WIND SPEED              7.4
HIGHEST WIND SPEED/DIRECTION    32/270    DATE  06/07
HIGHEST GUST SPEED/DIRECTION    48/280    DATE  06/07

SKY COVER
POSSIBLE SUNSHINE (PERCENT)   MM
AVERAGE SKY COVER           0.40
NUMBER OF DAYS FAIR           13
NUMBER OF DAYS PC             14
NUMBER OF DAYS CLOUDY          3

AVERAGE RH (PERCENT)     72

WEATHER CONDITIONS. NUMBER OF DAYS WITH
THUNDERSTORM             15     MIXED PRECIP               0
HEAVY RAIN               10     RAIN                      12
LIGHT RAIN               16     FREEZING RAIN              0
LT FREEZING RAIN          0     HAIL                       0
HEAVY SNOW                0     SNOW                       0
LIGHT SNOW                0     SLEET                      0
FOG                      22     FOG W/VIS <= 1/4 MILE      2
HAZE                     12

-  INDICATES NEGATIVE NUMBERS.
R  INDICATES RECORD WAS SET OR TIED.
MM INDICATES DATA IS MISSING.
T  INDICATES TRACE AMOUNT.

&&

JUNE RECORDS:

* DAILY RECORD RAINFALL FOR JUNE 7...3.14 INCHES
* 2ND WETTEST JUNE WITH 11.60 INCHES

$$
