000
CXUS53 KILX 011518
CLMPIA


CLIMATE REPORT
NATIONAL WEATHER SERVICE LINCOLN IL
951 AM CDT THU MAY 1 2014

...................................

...THE PEORIA IL CLIMATE SUMMARY FOR THE MONTH OF APRIL 2014...

CLIMATE NORMAL PERIOD 1981 TO 2010
CLIMATE RECORD PERIOD 1883 TO 2014

WEATHER         OBSERVED          NORMAL  DEPART  LAST YEAR`S
                 VALUE   DATE(S)  VALUE   FROM    VALUE
                                          NORMAL
.............................................................
TEMPERATURE (F)
RECORD
 HIGH              92   04/25/1986
                        04/10/1930
                        04/29/1899
 LOW               14   04/07/1982
                        04/06/1982
                        04/05/1920
HIGHEST            82   04/12        62      20       85
LOWEST             27   04/15        41     -14       23
AVG. MAXIMUM     64.1              63.0     1.1     59.9
AVG. MINIMUM     42.3              41.7     0.6     40.3
MEAN             53.2              52.3     0.9     50.1
DAYS MAX >= 90      0               0.0     0.0        0
DAYS MAX <= 32      0               0.1    -0.1        0
DAYS MIN <= 32      4               4.0     0.0        5
DAYS MIN <= 0       0               0.0     0.0        0

PRECIPITATION (INCHES)
RECORD
 MAXIMUM         8.66   1947
 MINIMUM         0.71   1971
TOTALS           3.72              3.63    0.09     7.75
DAILY AVG.       0.12              0.12    0.00     0.26
DAYS >= .01        11              11.4    -0.4       14
DAYS >= .10         6               7.2    -1.2        8
DAYS >= .50         1               2.4    -1.4        4
DAYS >= 1.00        1               0.7     0.3        3
GREATEST
 24 HR. TOTAL    2.08   04/02 TO 04/03              3.79

SNOWFALL (INCHES)
RECORDS
 TOTAL           13.4   1982
TOTALS            0.3               0.6    -0.3        T
SINCE 7/1        57.6              24.6    33.0     22.7
DAYS >= 1.0         0               0.1    -0.1        0
GREATEST
 SNOW DEPTH         T   04/15                          0
 24 HR TOTAL      0.3   04/14 TO 04/14                 T

DEGREE_DAYS
HEATING TOTAL     354               393     -39      447
 SINCE 7/1       6467              5665     802     5692
COOLING TOTAL       6                13      -7        9
 SINCE 1/1          6                14      -8        9
..............................................................

WIND (MPH)
AVERAGE WIND SPEED              9.9
HIGHEST WIND SPEED/DIRECTION    37/230    DATE  04/28
HIGHEST GUST SPEED/DIRECTION    49/190    DATE  04/28

SKY COVER
POSSIBLE SUNSHINE (PERCENT)   MM
AVERAGE SKY COVER           0.40
NUMBER OF DAYS FAIR           18
NUMBER OF DAYS PC              4
NUMBER OF DAYS CLOUDY          8

AVERAGE RH (PERCENT)     58

WEATHER CONDITIONS. NUMBER OF DAYS WITH
THUNDERSTORM              5     MIXED PRECIP               0
HEAVY RAIN                3     RAIN                       5
LIGHT RAIN               17     FREEZING RAIN              0
LT FREEZING RAIN          0     HAIL                       0
HEAVY SNOW                0     SNOW                       1
LIGHT SNOW                1     SLEET                      0
FOG                      10     FOG W/VIS <= 1/4 MILE      0
HAZE                      6

-  INDICATES NEGATIVE NUMBERS.
R  INDICATES RECORD WAS SET OR TIED.
MM INDICATES DATA IS MISSING.
T  INDICATES TRACE AMOUNT.

&&

RECORDS ESTABLISHED DURING THE MONTH:

* SET RECORD DAILY RAINFALL OF 2.02 INCHES OF RAIN ON THE 3RD

$$

EJL
