000
CXUS53 KILX 011657
CLSPIA

CLIMATE REPORT
NATIONAL WEATHER SERVICE LINCOLN IL
1147 AM CDT THU SEP 1 2016

...................................

...THE PEORIA IL CLIMATE SUMMARY FOR THE SEASON, FROM
6/1/2016 TO 8/31/2016...

CLIMATE NORMAL PERIOD 1981 TO 2010
CLIMATE RECORD PERIOD 1883 TO 2016

WEATHER         OBSERVED          NORMAL  DEPART  LAST YEAR`S
                 VALUE   DATE(S)  VALUE   FROM    VALUE
                                          NORMAL
.............................................................
TEMPERATURE (F)
RECORD
 HIGH             113   07/15/1936
 LOW               39   06/01/1993
                        06/04/1945
HIGHEST            96   06/15        MM      MM       94
LOWEST             50   06/08        MM      MM       50
AVG. MAXIMUM     85.5              83.9     1.6     84.2
AVG. MINIMUM     66.7              63.6     3.1     65.8
MEAN             76.1              73.7     2.4     75.0
DAYS MAX >= 90     17              16.5     0.5       17
DAYS MAX <= 32      0               0.0     0.0        0
DAYS MIN <= 32      0               0.0     0.0        0
DAYS MIN <= 0       0               0.0     0.0        0

PRECIPITATION (INCHES)
RECORD
 MAXIMUM        24.27   1902
 MINIMUM         3.04   1988
TOTALS          15.90             10.62    5.28    19.47
DAILY AVG.       0.17                               0.22
DAYS >= .01        30              28.3     1.7       30
DAYS >= .10        24              18.3     5.7       23
DAYS >= .50         8               7.5     0.5       14
DAYS >= 1.00        5               2.9     2.1        7
GREATEST
 24 HR. TOTAL    2.42   06/22 TO 06/22              3.14

SNOWFALL (INCHES)
RECORDS
 TOTAL            0.0   MM
 24 HR TOTAL      0.0   MM
TOTALS            0.0               0.0     0.0      0.0
SINCE 7/1         0.0               0.0     0.0      0.0
DAYS >= TRACE       0               0.0     0.0        0
DAYS >= 1.0         0               0.0     0.0        0
GREATEST
 SNOW DEPTH         0   MM                             0
 24 HR TOTAL      0.0   MM                           0.0

DEGREE_DAYS
HEATING TOTAL       4                24     -20       12
 SINCE 7/1          4                 6      -2        5
COOLING TOTAL    1051               826     225      958
 SINCE 1/1       1157               907     250     1112

FREEZE DATES
RECORD
 EARLIEST     09/20/1991
 LATEST       05/25/1925
EARLIEST                        10/14
LATEST                          04/19
..............................................................

WIND (MPH)
AVERAGE WIND SPEED              6.3
HIGHEST WIND SPEED/DIRECTION    45/280    DATE  08/24
HIGHEST GUST SPEED/DIRECTION    64/280    DATE  08/24

SKY COVER
POSSIBLE SUNSHINE (PERCENT)   MM
AVERAGE SKY COVER           0.20
NUMBER OF DAYS FAIR           69
NUMBER OF DAYS PC             19
NUMBER OF DAYS CLOUDY          4

AVERAGE RH (PERCENT)     72

WEATHER CONDITIONS. NUMBER OF DAYS WITH
THUNDERSTORM             27     MIXED PRECIP               0
HEAVY RAIN               19     RAIN                      22
LIGHT RAIN               35     FREEZING RAIN              0
LT FREEZING RAIN          0     HAIL                       0
HEAVY SNOW                0     SNOW                       0
LIGHT SNOW                0     SLEET                      0
FOG                      41     FOG W/VIS <= 1/4 MILE      2
HAZE                      6

-  INDICATES NEGATIVE NUMBERS.
R  INDICATES RECORD WAS SET OR TIED.
MM INDICATES DATA IS MISSING.
T  INDICATES TRACE AMOUNT.
&&

NO SEASONAL RECORDS FOR METEOROLOGICAL SUMMER 2016 WERE SET.

$$
