000
CXUS53 KILX 011747
CLSPIA

CLIMATE REPORT
NATIONAL WEATHER SERVICE LINCOLN IL
1136 AM CST SUN MAR 1 2015

...................................

...THE PEORIA IL CLIMATE SUMMARY FOR THE SEASON, FROM
12/1/2014 TO 2/28/2015...

CLIMATE NORMAL PERIOD 1981 TO 2010
CLIMATE RECORD PERIOD 1883 TO 2015

WEATHER         OBSERVED          NORMAL  DEPART  LAST YEAR`S
                 VALUE   DATE(S)  VALUE   FROM    VALUE
                                          NORMAL
.............................................................
TEMPERATURE (F)
RECORD
 HIGH              74   02/10/1932
 LOW              -27   01/05/1884
HIGHEST            54   12/26        MM      MM       55
LOWEST             -8   01/08        MM      MM      -14
AVG. MAXIMUM     33.7              35.5    -1.8     29.1
AVG. MINIMUM     18.3              19.7    -1.4     11.4
MEAN             26.0              27.6    -1.6     20.2
DAYS MAX >= 90      0               0.0     0.0       MM
DAYS MAX <= 32     35              33.3     1.7       MM
DAYS MIN <= 32     76              77.2    -1.2       MM
DAYS MIN <= 0       8               7.2     0.8       MM

PRECIPITATION (INCHES)
RECORD
 MAXIMUM        13.18   1950
 MINIMUM         1.37   1963
TOTALS           4.95              5.99   -1.04     6.36
DAILY AVG.       0.05                               0.07
DAYS >= .01        24              27.7    -3.7       MM
DAYS >= .10        15              13.4     1.6       MM
DAYS >= .50         3               3.5    -0.5       MM
DAYS >= 1.00        1               1.2    -0.2       MM
GREATEST
 24 HR. TOTAL    1.27   MM                          0.78

SNOWFALL (INCHES)
RECORDS
 TOTAL           52.5   2011
 24 HR TOTAL     18.0   02/27/1900 TO 02/28/1900
TOTALS           23.0              20.2     2.8     49.6
SINCE 7/1        24.3              21.3     3.0     50.2
DAYS >= TRACE      28              16.0    12.0       MM
DAYS >= 1.0         6               6.3    -0.3       MM
GREATEST
 SNOW DEPTH         9   02/05                         12
 24 HR TOTAL      6.1   MM                           5.5

DEGREE_DAYS
HEATING TOTAL    3465              3368      97     3997
 SINCE 7/1         MM              4516      MM       MM
COOLING TOTAL       0                 0       0        0
 SINCE 1/1          0                 0       0        0

FREEZE DATES
RECORD
 EARLIEST     09/20/1991
 LATEST       05/25/1925
EARLIEST                        10/14
LATEST                          04/19
..............................................................

WIND (MPH)
AVERAGE WIND SPEED              7.6
HIGHEST WIND SPEED/DIRECTION    31/190    DATE  01/08
HIGHEST GUST SPEED/DIRECTION    48/300    DATE  01/08

SKY COVER
POSSIBLE SUNSHINE (PERCENT)   MM
AVERAGE SKY COVER           0.50
NUMBER OF DAYS FAIR           33
NUMBER OF DAYS PC             33
NUMBER OF DAYS CLOUDY         24

AVERAGE RH (PERCENT)     71

WEATHER CONDITIONS. NUMBER OF DAYS WITH
THUNDERSTORM              0     MIXED PRECIP               0
HEAVY RAIN                1     RAIN                       4
LIGHT RAIN               23     FREEZING RAIN              1
LT FREEZING RAIN          1     HAIL                       0
HEAVY SNOW                1     SNOW                       6
LIGHT SNOW               28     SLEET                      0
FOG                      44     FOG W/VIS <= 1/4 MILE      4
HAZE                     51

-  INDICATES NEGATIVE NUMBERS.
R  INDICATES RECORD WAS SET OR TIED.
MM INDICATES DATA IS MISSING.
T  INDICATES TRACE AMOUNT.

$$
