000
CXUS53 KILX 011919
CLSPIA

CLIMATE REPORT
NATIONAL WEATHER SERVICE LINCOLN IL
119 PM CST SAT DEC 1 2012

...................................

...THE PEORIA IL CLIMATE SUMMARY FOR THE SEASON, FROM
9/1/2012 TO 11/30/2012...

CLIMATE NORMAL PERIOD 1981 TO 2010
CLIMATE RECORD PERIOD 1883 TO 2012

WEATHER         OBSERVED          NORMAL  DEPART  LAST YEAR`S
                 VALUE   DATE(S)  VALUE   FROM    VALUE
                                          NORMAL
.............................................................
TEMPERATURE (F)
RECORD
 HIGH             104   09/05/1899
 LOW               -2   11/26/1977
HIGHEST            91   09/04        MM      MM      100
LOWEST             16   11/27        MM      MM       21
AVG. MAXIMUM     62.4              64.0    -1.6     64.3
AVG. MINIMUM     42.1              43.9    -1.8     44.3
MEAN             52.3              53.9    -1.6     54.3
DAYS MAX >= 90      2               1.7     0.3        3
DAYS MAX <= 32      1               1.6    -0.6        0
DAYS MIN <= 32     22              17.5     4.5       11
DAYS MIN <= 0       0               0.0     0.0        0

PRECIPITATION (INCHES)
RECORD
 MAXIMUM        19.58   1926
 MINIMUM         2.92   2002
TOTALS           8.22              9.12   -0.90     8.99
DAILY AVG.       0.09                               0.10
DAYS >= .01        24              26.9    -2.9       22
DAYS >= .10        17              17.0     0.0       13
DAYS >= .50         6               6.5    -0.5        6
DAYS >= 1.00        1               2.0    -1.0        6
GREATEST
 24 HR. TOTAL    2.04   08/31 TO 09/01              1.36

SNOWFALL (INCHES)
RECORDS
 TOTAL           10.7   1926
 24 HR TOTAL      6.8   11/26/1975 TO 11/26/1975
TOTALS            0.0               1.1    -1.1        T
SINCE 7/1         0.0               1.1    -1.1        T
DAYS >= TRACE       0               1.4    -1.4        1
DAYS >= 1.0         0               0.3    -0.3        0
GREATEST
 SNOW DEPTH         0   MM                             0
 24 HR TOTAL      0.0   MM                           0.0

DEGREE_DAYS
HEATING TOTAL    1234              1142      92     1040
 SINCE 7/1       1234              1148      86     1040
COOLING TOTAL      96               132     -36       96
 SINCE 1/1       1374              1039     335     1265

FREEZE DATES
RECORD
 EARLIEST     09/20/1991
 LATEST       05/25/1925
EARLIEST                        10/14
LATEST                          04/19
..............................................................

WIND (MPH)
AVERAGE WIND SPEED              6.7
HIGHEST WIND SPEED/DIRECTION    37/190    DATE  11/11
HIGHEST GUST SPEED/DIRECTION    52/190    DATE  11/11

SKY COVER
POSSIBLE SUNSHINE (PERCENT)   MM
AVERAGE SKY COVER           0.30
NUMBER OF DAYS FAIR           58
NUMBER OF DAYS PC             24
NUMBER OF DAYS CLOUDY          9

AVERAGE RH (PERCENT)     69

WEATHER CONDITIONS. NUMBER OF DAYS WITH
THUNDERSTORM              0     MIXED PRECIP               0
HEAVY RAIN                8     RAIN                      15
LIGHT RAIN               30     FREEZING RAIN              0
LT FREEZING RAIN          0     HAIL                       0
HEAVY SNOW                0     SNOW                       0
LIGHT SNOW                0     SLEET                      0
FOG                      41     FOG W/VIS <= 1/4 MILE      5
HAZE                     22

-  INDICATES NEGATIVE NUMBERS.
R  INDICATES RECORD WAS SET OR TIED.
MM INDICATES DATA IS MISSING.
T  INDICATES TRACE AMOUNT.

&&

RECORDS ESTABLISHED DURING THE PERIOD...

SEPTEMBER -- NONE

OCTOBER:
* RECORD COLD HIGH OF 47 DEGREES ON THE 6TH

NOVEMBER:
* RECORD WARM LOW OF 54 DEGREES ON THE 10TH

$$
GEELHART
