000
CXUS53 KILX 011635
CLSPIA

CHICLMPIA 000
TTAA00 KILX 011634


CLIMATE REPORT
NATIONAL WEATHER SERVICE LINCOLN IL
1035 AM CST TUE DEC 1 2015

...................................

...THE PEORIA IL CLIMATE SUMMARY FOR THE SEASON, FROM
9/1/2015 TO 11/30/2015...

CLIMATE NORMAL PERIOD 1981 TO 2010
CLIMATE RECORD PERIOD 1883 TO 2015

WEATHER         OBSERVED          NORMAL  DEPART  LAST YEAR`S
                 VALUE   DATE(S)  VALUE   FROM    VALUE
                                          NORMAL
.............................................................
TEMPERATURE (F)
RECORD
 HIGH             104   09/05/1899
 LOW               -2   11/26/1977
HIGHEST            98   09/04        MM      MM       90
LOWEST             11   11/22        MM      MM       12
AVG. MAXIMUM     70.2              64.0     6.2     62.2
AVG. MINIMUM     49.5              43.9     5.6     43.1
MEAN             59.9              53.9     6.0     52.6
DAYS MAX >= 90      8               1.7     6.3        1
DAYS MAX <= 32      0               1.6    -1.6        7
DAYS MIN <= 32     10              17.5    -7.5       23
DAYS MIN <= 0       0               0.0     0.0        0

PRECIPITATION (INCHES)
RECORD
 MAXIMUM        19.58   1926
 MINIMUM         2.92   2002
TOTALS          11.43              9.12    2.31     8.46
DAILY AVG.       0.13                               0.10
DAYS >= .01        23              26.9    -3.9       26
DAYS >= .10        18              17.0     1.0       14
DAYS >= .50         8               6.5     1.5        4
DAYS >= 1.00        2               2.0     0.0        1
GREATEST
 24 HR. TOTAL    2.23   MM                          3.37

SNOWFALL (INCHES)
RECORDS
 TOTAL           10.7   1926
 24 HR TOTAL      6.8   11/26/1975 TO 11/26/1975
TOTALS            4.6               1.1     3.5      1.3
SINCE 7/1         4.6               1.1     3.5      1.3
DAYS >= TRACE       1               1.4    -0.4       14
DAYS >= 1.0         1               0.3     0.7        1
GREATEST
 SNOW DEPTH         5   11/22                          1
 24 HR TOTAL      4.6   MM                           1.0

DEGREE_DAYS
HEATING TOTAL     752              1142    -390     1239
 SINCE 7/1         MM              1148      MM       MM
COOLING TOTAL     307               132     175      132
 SINCE 1/1       1419              1039     380     1156

FREEZE DATES
RECORD
 EARLIEST     09/20/1991
 LATEST       05/25/1925
EARLIEST                        10/14
LATEST                          04/19
..............................................................

WIND (MPH)
AVERAGE WIND SPEED              8.2
HIGHEST WIND SPEED/DIRECTION    53/220    DATE  11/11
HIGHEST GUST SPEED/DIRECTION    70/210    DATE  11/11

SKY COVER
POSSIBLE SUNSHINE (PERCENT)   MM
AVERAGE SKY COVER           0.30
NUMBER OF DAYS FAIR           57
NUMBER OF DAYS PC             20
NUMBER OF DAYS CLOUDY         14

AVERAGE RH (PERCENT)     63

WEATHER CONDITIONS. NUMBER OF DAYS WITH
THUNDERSTORM              6     MIXED PRECIP               0
HEAVY RAIN                9     RAIN                      13
LIGHT RAIN               30     FREEZING RAIN              0
LT FREEZING RAIN          0     HAIL                       0
HEAVY SNOW                1     SNOW                       1
LIGHT SNOW                1     SLEET                      0
FOG                      37     FOG W/VIS <= 1/4 MILE      3
HAZE                     34

-  INDICATES NEGATIVE NUMBERS.
R  INDICATES RECORD WAS SET OR TIED.
MM INDICATES DATA IS MISSING.
T  INDICATES TRACE AMOUNT.

&&

SEASONAL RECORDS:

* 2ND WARMEST AUTUMN WITH MEAN TEMP 59.9


$$
