000
CXUS53 KILX 021458
CLSPIA

CHICLMPIA 000
TTAA00 KILX 011500


CLIMATE REPORT
NATIONAL WEATHER SERVICE LINCOLN IL
954 AM CDT SAT SEP 1 2012

...................................

...THE PEORIA IL CLIMATE SUMMARY FOR THE SEASON, FROM
6/1/2012 TO 8/31/2012...

CLIMATE NORMAL PERIOD 1981 TO 2010
CLIMATE RECORD PERIOD 1883 TO 2012

WEATHER         OBSERVED          NORMAL  DEPART  LAST YEAR`S
                 VALUE   DATE(S)  VALUE   FROM    VALUE
                                          NORMAL
.............................................................
TEMPERATURE (F)
RECORD
 HIGH             113   07/15/1936
 LOW               39   06/01/1993
                        06/04/1945
HIGHEST           104   07/23        MM      MM       98
                        07/07
LOWEST             48   06/01        MM      MM       54
AVG. MAXIMUM     88.1              83.9     4.2     85.9
AVG. MINIMUM     64.7              63.6     1.1     66.3
MEAN             76.4              73.7     2.7     76.1
DAYS MAX >= 90     43              16.5    26.5       29
DAYS MAX <= 32      0               0.0     0.0        0
DAYS MIN <= 32      0               0.0     0.0        0
DAYS MIN <= 0       0               0.0     0.0        0

PRECIPITATION (INCHES)
RECORD
 MAXIMUM        24.27   1902
 MINIMUM         3.04   1988
TOTALS           7.47             10.62   -3.15     9.21
DAILY AVG.       0.08                               0.10
DAYS >= .01        20              28.3    -8.3       28
DAYS >= .10        12              18.3    -6.3       15
DAYS >= .50         5               7.5    -2.5        7
DAYS >= 1.00        4               2.9     1.1        1
GREATEST
 24 HR. TOTAL    1.64   MM                          2.82

SNOWFALL (INCHES)
RECORDS
 TOTAL            0.0   MM
 24 HR TOTAL      0.0   MM
TOTALS            0.0               0.0     0.0      0.0
SINCE 7/1         0.0               0.0     0.0      0.0
DAYS >= TRACE       0               0.0     0.0        0
DAYS >= 1.0         0               0.0     0.0        0
GREATEST
 SNOW DEPTH         0   MM                             0
 24 HR TOTAL      0.0   MM                           0.0

DEGREE_DAYS
HEATING TOTAL      10                24     -14        0
 SINCE 7/1          0                 6      -6        0
COOLING TOTAL    1085               826     259     1045
 SINCE 1/1       1278               907     371     1169

FREEZE DATES
RECORD
 EARLIEST     09/20/1991
 LATEST       05/25/1925
EARLIEST                        10/14
LATEST                          04/19
..............................................................

WIND (MPH)
AVERAGE WIND SPEED              5.6
HIGHEST WIND SPEED/DIRECTION    33/300    DATE  08/16
HIGHEST GUST SPEED/DIRECTION    47/310    DATE  08/16

SKY COVER
POSSIBLE SUNSHINE (PERCENT)   MM
AVERAGE SKY COVER           0.20
NUMBER OF DAYS FAIR           81
NUMBER OF DAYS PC              9
NUMBER OF DAYS CLOUDY          2

AVERAGE RH (PERCENT)     62

WEATHER CONDITIONS. NUMBER OF DAYS WITH
THUNDERSTORM              0     MIXED PRECIP               0
HEAVY RAIN                6     RAIN                      13
LIGHT RAIN               27     FREEZING RAIN              0
LT FREEZING RAIN          0     HAIL                       0
HEAVY SNOW                0     SNOW                       0
LIGHT SNOW                0     SLEET                      0
FOG                      25     FOG W/VIS <= 1/4 MILE      2
HAZE                     10

-  INDICATES NEGATIVE NUMBERS.
R  INDICATES RECORD WAS SET OR TIED.
MM INDICATES DATA IS MISSING.
T  INDICATES TRACE AMOUNT.

&&

SEASONAL RECORDS ESTABLISHED:
*NONE

$$
