000
CXUS53 KILX 012321
CLSPIA

CHICLMPIA 000
TTAA00 KILX 012320


CLIMATE REPORT
NATIONAL WEATHER SERVICE LINCOLN IL
510 PM CST FRI MAR 1 2013

...................................

...THE PEORIA IL CLIMATE SUMMARY FOR THE SEASON, FROM
12/1/2012 TO 2/28/2013...

CLIMATE NORMAL PERIOD 1981 TO 2010
CLIMATE RECORD PERIOD 1883 TO 2013

WEATHER         OBSERVED          NORMAL  DEPART  LAST YEAR`S
                 VALUE   DATE(S)  VALUE   FROM    VALUE
                                          NORMAL
.............................................................
TEMPERATURE (F)
RECORD
 HIGH              74   02/10/1932
 LOW              -27   01/05/1884
HIGHEST            70   12/03        MM      MM       61
LOWEST              1   02/01        MM      MM        5
AVG. MAXIMUM     38.6              35.5     3.1     42.1
AVG. MINIMUM     22.8              19.7     3.1     25.0
MEAN             30.7              27.6     3.1     33.6
DAYS MAX >= 90      0               0.0     0.0       MM
DAYS MAX <= 32     29              33.3    -4.3       MM
DAYS MIN <= 32     73              77.2    -4.2       MM
DAYS MIN <= 0       0               7.2    -7.2       MM

PRECIPITATION (INCHES)
RECORD
 MAXIMUM        13.18   1950
 MINIMUM         1.37   1963
TOTALS           8.71              5.99    2.72     5.82
DAILY AVG.       0.09                               0.06
DAYS >= .01        30              27.7     2.3       MM
DAYS >= .10        18              13.4     4.6       MM
DAYS >= .50         7               3.5     3.5       MM
DAYS >= 1.00        1               1.2    -0.2       MM
GREATEST
 24 HR. TOTAL    1.98   MM                          1.94

SNOWFALL (INCHES)
RECORDS
 TOTAL           52.5   2011
 24 HR TOTAL     18.0   02/27/1900 TO 02/28/1900
TOTALS           11.9              20.2    -8.3     10.4
SINCE 7/1        11.9              21.3    -9.4     10.4
DAYS >= TRACE      29              16.0    13.0       MM
DAYS >= 1.0         6               6.3    -0.3       MM
GREATEST
 SNOW DEPTH         4   02/28                          4
                        02/27
 24 HR TOTAL      3.9   MM                           5.0

DEGREE_DAYS
HEATING TOTAL    3059              3368    -309     2839
 SINCE 7/1         MM              4516      MM       MM
COOLING TOTAL       0                 0       0        0
 SINCE 1/1          0                 0       0        0

FREEZE DATES
RECORD
 EARLIEST     09/20/1991
 LATEST       05/25/1925
EARLIEST                        10/14
LATEST                          04/19
..............................................................

WIND (MPH)
AVERAGE WIND SPEED              8.9
HIGHEST WIND SPEED/DIRECTION    32/060    DATE  02/26
HIGHEST GUST SPEED/DIRECTION    49/240    DATE  02/11

SKY COVER
POSSIBLE SUNSHINE (PERCENT)   MM
AVERAGE SKY COVER           0.50
NUMBER OF DAYS FAIR           35
NUMBER OF DAYS PC             27
NUMBER OF DAYS CLOUDY         28

AVERAGE RH (PERCENT)     74

WEATHER CONDITIONS. NUMBER OF DAYS WITH
THUNDERSTORM              3     MIXED PRECIP               0
HEAVY RAIN                7     RAIN                      12
LIGHT RAIN               24     FREEZING RAIN              0
LT FREEZING RAIN          3     HAIL                       1
HEAVY SNOW                0     SNOW                       5
LIGHT SNOW               28     SLEET                      1
FOG                      49     FOG W/VIS <= 1/4 MILE     11
HAZE                     25

-  INDICATES NEGATIVE NUMBERS.
R  INDICATES RECORD WAS SET OR TIED.
MM INDICATES DATA IS MISSING.
T  INDICATES TRACE AMOUNT.

&&

SEASONAL RECORDS ESTABLISHED:

*8TH LEAST SNOWY WINTER WITH 11.9 INCHES
*6TH WETTEST WINTER WITH 8.71 INCHES

$$
