000
CXUS53 KILX 011508
CLSPIA

CHICLMPIA 000
TTAA00 KILX 011507


CLIMATE REPORT
NATIONAL WEATHER SERVICE LINCOLN IL
1003 AM CDT FRI JUN 1 2012

...................................

...THE PEORIA IL CLIMATE SUMMARY FOR THE SEASON, FROM
3/1/2012 TO 5/31/2012...

CLIMATE NORMAL PERIOD 1981 TO 2010
CLIMATE RECORD PERIOD 1883 TO 2012

WEATHER         OBSERVED          NORMAL  DEPART  LAST YEAR`S
                 VALUE   DATE(S)  VALUE   FROM    VALUE
                                          NORMAL
.............................................................
TEMPERATURE (F)
RECORD
 HIGH             104   05/31/1934
 LOW              -11   03/08/1943
HIGHEST            93   05/27        MM      MM       91
LOWEST             16   03/05        MM      MM       21
AVG. MAXIMUM     70.3              62.2     8.1     61.6
AVG. MINIMUM     48.0              41.4     6.6     42.2
MEAN             59.2              51.8     7.4     51.9
DAYS MAX >= 90      5               0.5     4.5        2
DAYS MAX <= 32      0               2.0    -2.0        0
DAYS MIN <= 32      8              21.1   -13.1       23
DAYS MIN <= 0       0               0.0     0.0        0

PRECIPITATION (INCHES)
RECORD
 MAXIMUM        19.91   2009
 MINIMUM         3.36   1934
TOTALS           6.47             10.76   -4.29    14.60
DAILY AVG.       0.07                               0.16
DAYS >= .01        27              33.6    -6.6       33
DAYS >= .10        15              20.9    -5.9       26
DAYS >= .50         4               6.6    -2.6        9
DAYS >= 1.00        0               2.4    -2.4        4
GREATEST
 24 HR. TOTAL    0.87   MM                          2.87

SNOWFALL (INCHES)
RECORDS
 TOTAL           25.6   1926
 24 HR TOTAL      8.1   03/25/1957 TO 03/25/1957
TOTALS            1.1               3.3    -2.2        T
SINCE 7/1        11.5              24.6   -13.1     52.5
DAYS >= TRACE       1               2.5    -1.5        6
DAYS >= 1.0         1               1.0     0.0        0
GREATEST
 SNOW DEPTH         1   03/05                          0
 24 HR TOTAL      1.1   MM                             T

DEGREE_DAYS
HEATING TOTAL     704              1296    -592     1304
 SINCE 7/1         MM              5813      MM     5954
COOLING TOTAL     193                81     112      124
 SINCE 1/1        193                81     112      124

FREEZE DATES
RECORD
 EARLIEST     09/20/1991
 LATEST       05/25/1925
EARLIEST                        10/14
LATEST                          04/19
..............................................................

WIND (MPH)
AVERAGE WIND SPEED              8.9
HIGHEST WIND SPEED/DIRECTION    36/200    DATE  03/06
HIGHEST GUST SPEED/DIRECTION    45/280    DATE  04/16

SKY COVER
POSSIBLE SUNSHINE (PERCENT)   MM
AVERAGE SKY COVER           0.30
NUMBER OF DAYS FAIR           65
NUMBER OF DAYS PC             20
NUMBER OF DAYS CLOUDY          7

AVERAGE RH (PERCENT)     62

WEATHER CONDITIONS. NUMBER OF DAYS WITH
THUNDERSTORM             11     MIXED PRECIP               0
HEAVY RAIN               10     RAIN                      13
LIGHT RAIN               35     FREEZING RAIN              0
LT FREEZING RAIN          0     HAIL                       0
HEAVY SNOW                0     SNOW                       1
LIGHT SNOW                1     SLEET                      0
FOG                      35     FOG W/VIS <= 1/4 MILE      2
HAZE                     18

-  INDICATES NEGATIVE NUMBERS.
R  INDICATES RECORD WAS SET OR TIED.
MM INDICATES DATA IS MISSING.
T  INDICATES TRACE AMOUNT.

&&

SPRING 2012 RECORDS ESTABLISHED:
*WARMEST SPRING ON RECORD.
$$
