000
CXUS53 KILX 011618
CLSPIA

CHICLMPIA 000
TTAA00 KILX 011615


CLIMATE REPORT
NATIONAL WEATHER SERVICE LINCOLN IL
1017 AM CST THU MAR 1 2012

...................................

...THE PEORIA IL CLIMATE SUMMARY FOR THE SEASON, FROM
12/1/2011 TO 2/29/2012...

CLIMATE NORMAL PERIOD 1981 TO 2010
CLIMATE RECORD PERIOD 1883 TO 2012

WEATHER         OBSERVED          NORMAL  DEPART  LAST YEAR`S
                 VALUE   DATE(S)  VALUE   FROM    VALUE
                                          NORMAL
.............................................................
TEMPERATURE (F)
RECORD
 HIGH              74   02/10/1932
 LOW              -27   01/05/1884
HIGHEST            61   02/26        MM      MM       64
                        01/31
LOWEST              5   01/20        MM      MM       -9
                        01/19
AVG. MAXIMUM     42.1              35.5     6.6     31.3
AVG. MINIMUM     25.0              19.7     5.3     17.1
MEAN             33.6              27.6     6.0     24.2
DAYS MAX >= 90      0               0.0     0.0       MM
DAYS MAX <= 32     13              33.3   -20.3       MM
DAYS MIN <= 32     77              77.2    -0.2       MM
DAYS MIN <= 0       0               7.2    -7.2       MM

PRECIPITATION (INCHES)
RECORD
 MAXIMUM        13.18   1950
 MINIMUM         1.37   1963
TOTALS           5.82              5.99   -0.17     7.96
DAILY AVG.       0.06                               0.09
DAYS >= .01        35              27.7     7.3       MM
DAYS >= .10        15              13.4     1.6       MM
DAYS >= .50         4               3.5     0.5       MM
DAYS >= 1.00        1               1.2    -0.2       MM
GREATEST
 24 HR. TOTAL    1.94   MM                          1.89

SNOWFALL (INCHES)
RECORDS
 TOTAL           52.5   2011
 24 HR TOTAL     18.0   02/27/1900 TO 02/28/1900
TOTALS           10.4              20.2    -9.8     52.5
SINCE 7/1        10.4              21.3   -10.9     52.5
SNOWDEPTH AVG.      0                                  4
DAYS >= TRACE      22              16.0     6.0       MM
DAYS >= 1.0         3               6.3    -3.3       MM
GREATEST
 SNOW DEPTH         4   01/14                         14
                        01/13
 24 HR TOTAL      5.0   MM                          11.8

DEGREE_DAYS
HEATING TOTAL    2839              3368    -529     3665
 SINCE 7/1         MM              4547      MM       MM
COOLING TOTAL       0                 0       0        0
 SINCE 1/1          0                 0       0        0

FREEZE DATES
RECORD
 EARLIEST     09/20/1991
 LATEST       05/25/1925
EARLIEST                        10/14
LATEST                          04/19
..............................................................

WIND (MPH)
AVERAGE WIND SPEED              8.2
HIGHEST WIND SPEED/DIRECTION    39/240    DATE  02/29
HIGHEST GUST SPEED/DIRECTION    55/220    DATE  02/29

SKY COVER
POSSIBLE SUNSHINE (PERCENT)   MM
AVERAGE SKY COVER           0.50
NUMBER OF DAYS FAIR           35
NUMBER OF DAYS PC             27
NUMBER OF DAYS CLOUDY         29

AVERAGE RH (PERCENT)     73

WEATHER CONDITIONS. NUMBER OF DAYS WITH
THUNDERSTORM              0     MIXED PRECIP               1
HEAVY RAIN                3     RAIN                      10
LIGHT RAIN               25     FREEZING RAIN              0
LT FREEZING RAIN          1     HAIL                       0
HEAVY SNOW                0     SNOW                       1
LIGHT SNOW               23     SLEET                      0
FOG                      55     FOG W/VIS <= 1/4 MILE      8
HAZE                     27

-  INDICATES NEGATIVE NUMBERS.
R  INDICATES RECORD WAS SET OR TIED.
MM INDICATES DATA IS MISSING.
T  INDICATES TRACE AMOUNT.

&&

WINTER SEASON (DEC-FEB) RECORDS SET:
*5TH LEAST SNOWY WINTER WITH 10.4 INCHES
*4TH WARMEST WINTER ON RECORD MEAN TEMP 33.6 F

$$
