000
CXUS53 KILX 011651
CLSPIA

CLIMATE REPORT
NATIONAL WEATHER SERVICE LINCOLN IL
1038 AM CST THU DEC 1 2011

...................................

...THE PEORIA IL CLIMATE SUMMARY FOR THE SEASON, FROM
9/1/2011 TO 11/30/2011...

CLIMATE NORMAL PERIOD 1981 TO 2010
CLIMATE RECORD PERIOD 1883 TO 2011

WEATHER         OBSERVED          NORMAL  DEPART  LAST YEAR`S
                 VALUE   DATE(S)  VALUE   FROM    VALUE
                                          NORMAL
.............................................................
TEMPERATURE (F)
RECORD
 HIGH             104   09/05/1899
 LOW               -2   11/26/1977
HIGHEST           100   09/01        MM      MM       88
LOWEST             21   11/30        MM      MM       20
AVG. MAXIMUM     64.3              64.0     0.3     66.3
AVG. MINIMUM     44.3              43.9     0.4     44.1
MEAN             54.3              53.9     0.4     55.2
DAYS MAX >= 90      3               1.7     1.3        0
DAYS MAX <= 32      0               1.6    -1.6        0
DAYS MIN <= 32     11              17.5    -6.5       19
DAYS MIN <= 0       0               0.0     0.0        0

PRECIPITATION (INCHES)
RECORD
 MAXIMUM        19.58   1926
 MINIMUM         2.92   2002
TOTALS           8.99              9.12   -0.13     8.31
DAILY AVG.       0.10                               0.09
DAYS >= .01        22              26.9    -4.9       22
DAYS >= .10        13              17.0    -4.0       14
DAYS >= .50         6               6.5    -0.5        8
DAYS >= 1.00        6               2.0     4.0        2
GREATEST
 24 HR. TOTAL    1.36   MM                          1.89

SNOWFALL (INCHES)
RECORDS
 TOTAL           10.7   1926
 24 HR TOTAL      6.8   11/26/1975 TO 11/26/1975
TOTALS              T               1.1    -1.1        T
SINCE 7/1           T               1.1    -1.1        T
SNOWDEPTH AVG.      0                                  0
DAYS >= TRACE       1               1.4    -0.4        1
DAYS >= 1.0         0               0.3    -0.3        0
GREATEST
 SNOW DEPTH         0   MM                             0
 24 HR TOTAL      0.0   MM                             T

DEGREE_DAYS
HEATING TOTAL    1040              1142    -102      985
 SINCE 7/1       1040              1148    -108      985
COOLING TOTAL      96               132     -36      122
 SINCE 1/1       1265              1039     226     1316

FREEZE DATES
RECORD
 EARLIEST     09/20/1991
 LATEST       05/25/1925
EARLIEST                        10/14
LATEST                          04/19
..............................................................

WIND (MPH)
AVERAGE WIND SPEED              7.2
HIGHEST WIND SPEED/DIRECTION    40/220    DATE  09/03
HIGHEST GUST SPEED/DIRECTION    51/220    DATE  09/03

SKY COVER
POSSIBLE SUNSHINE (PERCENT)   MM
AVERAGE SKY COVER           0.40
NUMBER OF DAYS FAIR           57
NUMBER OF DAYS PC             15
NUMBER OF DAYS CLOUDY         19

AVERAGE RH (PERCENT)     66

WEATHER CONDITIONS. NUMBER OF DAYS WITH
THUNDERSTORM              0     MIXED PRECIP               0
HEAVY RAIN                8     RAIN                      12
LIGHT RAIN               33     FREEZING RAIN              0
LT FREEZING RAIN          0     HAIL                       0
HEAVY SNOW                0     SNOW                       0
LIGHT SNOW                1     SLEET                      0
FOG                      28     FOG W/VIS <= 1/4 MILE      2
HAZE                     13

-  INDICATES NEGATIVE NUMBERS.
R  INDICATES RECORD WAS SET OR TIED.
MM INDICATES DATA IS MISSING.
T  INDICATES TRACE AMOUNT.

$$
