000
CXUS53 KILX 011739
CLSPIA

CLIMATE REPORT
NATIONAL WEATHER SERVICE LINCOLN IL
1152 AM CDT THU SEP 1 2011

...................................

...THE PEORIA IL CLIMATE SUMMARY FOR THE SUMMER 2011 SEASON, FROM
6/1/2011 TO 8/31/2011...

CLIMATE NORMAL PERIOD 1981 TO 2010
CLIMATE RECORD PERIOD 1883 TO 2011

WEATHER         OBSERVED          NORMAL  DEPART  LAST YEAR`S
                 VALUE   DATE(S)  VALUE   FROM    VALUE
                                          NORMAL
.............................................................
TEMPERATURE (F)
RECORD
 HIGH             113   07/15/1936
 LOW               39   06/01/1993
                        06/04/1945
HIGHEST            98   07/21        MM      MM       94
                        07/19
                        07/20
LOWEST             54   06/13        MM      MM       54
AVG. MAXIMUM     85.9              83.9     2.0     85.6
AVG. MINIMUM     66.3              63.6     2.7     67.1
MEAN             76.1              73.7     2.4     76.3
DAYS MAX >= 90     29              16.5    12.5       MM
DAYS MAX <= 32      0               0.0     0.0       MM
DAYS MIN <= 32      0               0.0     0.0       MM
DAYS MIN <= 0       0               0.0     0.0       MM

PRECIPITATION (INCHES)
RECORD
 MAXIMUM        24.27   1902
 MINIMUM         3.04   1988
TOTALS           9.21             10.62   -1.41    13.51
DAILY AVG.       0.10                               0.15
DAYS >= .01        28              28.3    -0.3       MM
DAYS >= .10        15              18.3    -3.3       MM
DAYS >= .50         7               7.5    -0.5       MM
DAYS >= 1.00        1               2.9    -1.9       MM
GREATEST
 24 HR. TOTAL    2.82   06/14 TO 06/15              1.90

SNOWFALL (INCHES)
RECORDS
 TOTAL            0.0   MM
 24 HR TOTAL      0.0   MM
TOTALS            0.0               0.0     0.0      0.0
SINCE 7/1         0.0               0.0     0.0      0.0
SNOWDEPTH AVG.      0                                  0
DAYS >= TRACE       0               0.0     0.0       MM
DAYS >= 1.0         0               0.0     0.0       MM
GREATEST
 SNOW DEPTH         0   MM                             0
 24 HR TOTAL      0.0   MM                           0.0

DEGREE_DAYS
HEATING TOTAL       0                24     -24        0
 SINCE 7/1          0                 6      -6        0
COOLING TOTAL    1045               826     219     1070
 SINCE 1/1       1169               907     262     1194

FREEZE DATES
RECORD
 EARLIEST     09/20/1991
 LATEST       05/25/1925
EARLIEST                        10/14
LATEST                          04/19
..............................................................

WIND (MPH)
AVERAGE WIND SPEED              5.8
HIGHEST WIND SPEED/DIRECTION    45/230    DATE  06/26
HIGHEST GUST SPEED/DIRECTION    61/240    DATE  06/26

SKY COVER
POSSIBLE SUNSHINE (PERCENT)   MM
AVERAGE SKY COVER           0.20
NUMBER OF DAYS FAIR           73
NUMBER OF DAYS PC             16
NUMBER OF DAYS CLOUDY          3

AVERAGE RH (PERCENT)     71

WEATHER CONDITIONS. NUMBER OF DAYS WITH
THUNDERSTORM             14     MIXED PRECIP               0
HEAVY RAIN               12     RAIN                      16
LIGHT RAIN               38     FREEZING RAIN              0
LT FREEZING RAIN          0     HAIL                       0
HEAVY SNOW                0     SNOW                       0
LIGHT SNOW                0     SLEET                      0
FOG                      51     FOG W/VIS <= 1/4 MILE      3
HAZE                     27

-  INDICATES NEGATIVE NUMBERS.
R  INDICATES RECORD WAS SET OR TIED.
MM INDICATES DATA IS MISSING.
T  INDICATES TRACE AMOUNT.

&&

RECORDS SET IN JUN 2011...

* RECORD DAILY RAINFALL 2.63 INCHES JUN 15

RECORDS SET IN JUL 2011...

* RECORD WARM LOW 76F TIED ON JUL 11
* RECORD WARM LOW 79F SET ON JUL 19
* RECORD WARM LOW 79F SET ON JUL 20
* RECORD WARM LOW 79F SET ON JUL 28
* 7TH WARMEST JULY ON RECORD

NO RECORDS SET IN AUG 2011...

$$
