000
CXUS53 KILX 011934
CLSPIA

CLIMATE REPORT
NATIONAL WEATHER SERVICE LINCOLN IL
134 PM CST WED DEC 1 2010

...................................

...THE PEORIA IL CLIMATE SUMMARY FOR THE SEASON, FROM
9/1/2010 TO 11/30/2010...

CLIMATE NORMAL PERIOD 1971 TO 2000
CLIMATE RECORD PERIOD 1883 TO 2010

WEATHER         OBSERVED          NORMAL  DEPART  LAST YEAR`S
                 VALUE   DATE(S)  VALUE   FROM    VALUE
                                          NORMAL
.............................................................
TEMPERATURE (F)
RECORD
 HIGH             104   09/05/1899
 LOW               -2   11/26/1977
HIGHEST            88   09/21        MM      MM       83
LOWEST             20   11/26        MM      MM       25
AVG. MAXIMUM     66.3              63.3     3.0     62.0
AVG. MINIMUM     44.1              42.5     1.6     46.1
MEAN             55.2              53.0     2.2     54.0
DAYS MAX >= 90      0               1.9    -1.9        0
DAYS MAX <= 32      0               2.1    -2.1        0
DAYS MIN <= 32     19              21.2    -2.2       11
DAYS MIN <= 0       0               0.1    -0.1        0

PRECIPITATION (INCHES)
RECORD
 MAXIMUM        19.58   1926
 MINIMUM         2.92   2002
TOTALS           8.31              8.87   -0.56    14.37
DAILY AVG.       0.09                               0.16
DAYS >= .01        22              27.8    -5.8       34
DAYS >= .10        14              17.0    -3.0       23
DAYS >= .50         8               6.2     1.8       13
DAYS >= 1.00        2               2.1    -0.1        3
GREATEST
 24 HR. TOTAL    1.89   09/18 TO 09/19              2.24

SNOWFALL (INCHES)
RECORDS
 TOTAL           10.7   1926
 24 HR TOTAL      6.8   11/26/1975
TOTALS              T               2.1    -2.1        T
SINCE 7/1           T               2.1    -2.1        T
SNOWDEPTH AVG.      0                                  0
DAYS >= TRACE       1               2.6    -1.6        1
DAYS >= 1.0         0               0.6    -0.6        0
GREATEST
 SNOW DEPTH         0   MM                             0
 24 HR TOTAL        T   11/30                        0.0

DEGREE_DAYS
HEATING TOTAL     985              1124    -139     1057
 SINCE 7/1        985              1209    -224     1074
COOLING TOTAL     122               121       1       83
 SINCE 1/1       1316               998     318      743

FREEZE DATES
RECORD
 EARLIEST     09/20/1991
 LATEST       05/25/1925
EARLIEST                        10/14
LATEST                          04/19
..............................................................

WIND (MPH)
AVERAGE WIND SPEED              7.2
HIGHEST WIND SPEED/DIRECTION    37/240    DATE  10/27
HIGHEST GUST SPEED/DIRECTION    51/240    DATE  10/27

SKY COVER
POSSIBLE SUNSHINE (PERCENT)   MM

NUMBER OF DAYS FAIR           60
NUMBER OF DAYS PC             24
NUMBER OF DAYS CLOUDY          7

AVERAGE RH (PERCENT)     66

WEATHER CONDITIONS. NUMBER OF DAYS WITH
THUNDERSTORM              8     MIXED PRECIP               0
HEAVY RAIN                8     RAIN                      14
LIGHT RAIN               31     FREEZING RAIN              1
LT FREEZING RAIN          1     HAIL                       0
HEAVY SNOW                0     SNOW                       0
LIGHT SNOW                1     SLEET                      0
FOG                      32     FOG W/VIS <= 1/4 MILE      3
HAZE                     12

-  INDICATES NEGATIVE NUMBERS.
R  INDICATES RECORD WAS SET OR TIED.
MM INDICATES DATA IS MISSING.
T  INDICATES TRACE AMOUNT.

&&

RECORDS ESTABLISHED DURING THE PERIOD:

SEPTEMBER -- NONE

OCTOBER --
- RECORD OCTOBER LOW BAROMETRIC PRESSURE OF 28.98 INCHES ON THE 26TH

NOVEMBER --
- RECORD HIGH TEMPERATURE OF 73 DEGREES ON THE 22ND

$$
GEELHART
