000
CXUS53 KILX 011550
CLSPIA

CHICLMPIA 000
TTAA00 KILX 011546


CLIMATE REPORT
NATIONAL WEATHER SERVICE LINCOLN IL
950 AM CST MON DEC 1 2014

...................................

...THE PEORIA IL CLIMATE SUMMARY FOR THE SEASON, FROM
9/1/2014 TO 11/30/2014...

CLIMATE NORMAL PERIOD 1981 TO 2010
CLIMATE RECORD PERIOD 1883 TO 2014

WEATHER         OBSERVED          NORMAL  DEPART  LAST YEAR`S
                 VALUE   DATE(S)  VALUE   FROM    VALUE
                                          NORMAL
.............................................................
TEMPERATURE (F)
RECORD
 HIGH             104   09/05/1899
 LOW               -2   11/26/1977
HIGHEST            90   09/05        MM      MM       98
LOWEST             12   11/18        MM      MM       10
AVG. MAXIMUM     62.2              64.0    -1.8     64.8
AVG. MINIMUM     43.1              43.9    -0.8     43.9
MEAN             52.6              53.9    -1.3     54.3
DAYS MAX >= 90      1               1.7    -0.7        6
DAYS MAX <= 32      7               1.6     5.4        4
DAYS MIN <= 32     23              17.5     5.5       25
DAYS MIN <= 0       0               0.0     0.0        0

PRECIPITATION (INCHES)
RECORD
 MAXIMUM        19.58   1926
 MINIMUM         2.92   2002
TOTALS           8.46              9.12   -0.66    10.24
DAILY AVG.       0.10                               0.11
DAYS >= .01        26              26.9    -0.9       25
DAYS >= .10        14              17.0    -3.0       16
DAYS >= .50         4               6.5    -2.5        8
DAYS >= 1.00        1               2.0    -1.0        4
GREATEST
 24 HR. TOTAL    3.37   MM                          2.17

SNOWFALL (INCHES)
RECORDS
 TOTAL           10.7   1926
 24 HR TOTAL      6.8   11/26/1975 TO 11/26/1975
TOTALS            1.3               1.1     0.2      0.6
SINCE 7/1         1.3               1.1     0.2      0.6
DAYS >= TRACE      14               1.4    12.6        5
DAYS >= 1.0         1               0.3     0.7        0
GREATEST
 SNOW DEPTH         1   11/28                          1
                        11/26
                        11/27
 24 HR TOTAL      1.0   MM                           0.5

DEGREE_DAYS
HEATING TOTAL    1239              1142      97     1177
 SINCE 7/1         MM              1148      MM       MM
COOLING TOTAL     132               132       0      232
 SINCE 1/1       1156              1039     117     1174

FREEZE DATES
RECORD
 EARLIEST     09/20/1991
 LATEST       05/25/1925
EARLIEST                        10/14
LATEST                          04/19
..............................................................

WIND (MPH)
AVERAGE WIND SPEED              7.5
HIGHEST WIND SPEED/DIRECTION    32/190    DATE  09/10
HIGHEST GUST SPEED/DIRECTION    42/190    DATE  09/10

SKY COVER
POSSIBLE SUNSHINE (PERCENT)   MM
AVERAGE SKY COVER           0.40
NUMBER OF DAYS FAIR           45
NUMBER OF DAYS PC             26
NUMBER OF DAYS CLOUDY         20

AVERAGE RH (PERCENT)     66

WEATHER CONDITIONS. NUMBER OF DAYS WITH
THUNDERSTORM              0     MIXED PRECIP               0
HEAVY RAIN                6     RAIN                      14
LIGHT RAIN               32     FREEZING RAIN              1
LT FREEZING RAIN          2     HAIL                       0
HEAVY SNOW                0     SNOW                       0
LIGHT SNOW               14     SLEET                      0
FOG                      43     FOG W/VIS <= 1/4 MILE      8
HAZE                     39

-  INDICATES NEGATIVE NUMBERS.
R  INDICATES RECORD WAS SET OR TIED.
MM INDICATES DATA IS MISSING.
T  INDICATES TRACE AMOUNT.

&&

AUTUMN SEASON (SEP/OCT/NOV) RECORDS ESTABLISHED:

* NONE

$$
