000
CXUS53 KILX 011646
CLSPIA

CHICLMPIA 000
TTAA00 KILX 011642


CLIMATE REPORT
NATIONAL WEATHER SERVICE LINCOLN IL
1133 AM CDT WED SEP 1 2010

...................................

...THE PEORIA IL CLIMATE SUMMARY FOR THE SEASON, FROM
6/1/2010 TO 8/31/2010...

CLIMATE NORMAL PERIOD 1971 TO 2000
CLIMATE RECORD PERIOD 1883 TO 2010

WEATHER         OBSERVED          NORMAL  DEPART  LAST YEAR`S
                 VALUE   DATE(S)  VALUE   FROM    VALUE
                                          NORMAL
.............................................................
TEMPERATURE (F)
RECORD
 HIGH             113   07/15/1936
 LOW               39   06/01/1993
                        06/04/1945
HIGHEST            94   08/12        MM      MM       95
                        08/03
LOWEST             54   08/26        MM      MM       47
AVG. MAXIMUM     85.6              83.8     1.8     79.9
AVG. MINIMUM     67.1              62.4     4.7     62.3
MEAN             76.3              73.1     3.2     71.1
DAYS MAX >= 90     20              18.8     1.2       MM
DAYS MAX <= 32      0               0.0     0.0       MM
DAYS MIN <= 32      0               0.0     0.0        0
DAYS MIN <= 0       0               0.0     0.0        0

PRECIPITATION (INCHES)
RECORD
 MAXIMUM        24.27   1902
 MINIMUM         3.04   1988
TOTALS          13.51             11.02    2.49    13.32
DAILY AVG.       0.15                               0.15
DAYS >= .01        33              28.1     4.9       34
DAYS >= .10        24              17.9     6.1       25
DAYS >= .50        12               7.5     4.5       12
DAYS >= 1.00        3               2.9     0.1        2
GREATEST
 24 HR. TOTAL    1.90   MM                          1.26

SNOWFALL (INCHES)
RECORDS
 TOTAL            0.0   MM
 24 HR TOTAL      0.0   MM
TOTALS            0.0               0.0     0.0      0.0
SINCE 7/1         0.0               0.0     0.0      0.0
SNOWDEPTH AVG.      0                                  0
DAYS >= TRACE       0               0.0     0.0        0
DAYS >= 1.0         0               0.0     0.0        0
GREATEST
 SNOW DEPTH         0   MM                             0
 24 HR TOTAL      0.0   MM                           0.0

DEGREE_DAYS
HEATING TOTAL       0                20     -20       30
 SINCE 7/1          0                 9      -9       17
COOLING TOTAL    1070               782     288      608
 SINCE 1/1       1194               874     320      660

FREEZE DATES
RECORD
 EARLIEST     09/20/1991
 LATEST       05/25/1925
EARLIEST                        10/14
LATEST                          04/19
..............................................................

WIND (MPH)
AVERAGE WIND SPEED              5.7
HIGHEST WIND SPEED/DIRECTION    36/280    DATE  06/21
HIGHEST GUST SPEED/DIRECTION    49/280    DATE  06/02

SKY COVER
POSSIBLE SUNSHINE (PERCENT)   MM

NUMBER OF DAYS FAIR           71
NUMBER OF DAYS PC             21
NUMBER OF DAYS CLOUDY          0

AVERAGE RH (PERCENT)     72

WEATHER CONDITIONS. NUMBER OF DAYS WITH
THUNDERSTORM             25     MIXED PRECIP               0
HEAVY RAIN               16     RAIN                      22
LIGHT RAIN               39     FREEZING RAIN              0
LT FREEZING RAIN          0     HAIL                       0
HEAVY SNOW                0     SNOW                       0
LIGHT SNOW                0     SLEET                      0
FOG                      51     FOG W/VIS <= 1/4 MILE      7
HAZE                     25

-  INDICATES NEGATIVE NUMBERS.
R  INDICATES RECORD WAS SET OR TIED.
MM INDICATES DATA IS MISSING.
T  INDICATES TRACE AMOUNT.

&&

NO SEASONAL RECORDS ESTABLISHED DURING THE
PERIOD

$$

OUSLEY
