000
CXUS53 KILX 011642
CLSPIA

CHICLMPIA 000
TTAA00 KILX 011641


CLIMATE REPORT
NATIONAL WEATHER SERVICE LINCOLN IL
1029 AM CST TUE MAR 1 2011

...................................

...THE PEORIA IL CLIMATE SUMMARY FOR THE SEASON, FROM
12/1/2010 TO 2/28/2011...

CLIMATE NORMAL PERIOD 1971 TO 2000
CLIMATE RECORD PERIOD 1883 TO 2011

WEATHER         OBSERVED          NORMAL  DEPART  LAST YEAR`S
                 VALUE   DATE(S)  VALUE   FROM    VALUE
                                          NORMAL
.............................................................
TEMPERATURE (F)
RECORD
 HIGH              74   02/10/1932
 LOW              -27   01/05/1884
HIGHEST            64   02/17        MM      MM       56
LOWEST             -9   02/10        MM      MM      -11
AVG. MAXIMUM     31.3              34.2    -2.9     30.7
AVG. MINIMUM     17.1              18.0    -0.9     17.1
MEAN             24.2              26.2    -2.0     23.9
DAYS MAX >= 90      0               0.0     0.0        0
DAYS MAX <= 32     56              38.0    18.0       47
DAYS MIN <= 32     84              80.2     3.8       84
DAYS MIN <= 0       7              11.5    -4.5       10

PRECIPITATION (INCHES)
RECORD
 MAXIMUM        13.18   1950
 MINIMUM         1.37   1963
TOTALS           7.96              5.57    2.39     7.91
DAILY AVG.       0.09                               0.09
DAYS >= .01        38              28.4     9.6       33
DAYS >= .10        17              13.1     3.9       18
DAYS >= .50         5               3.1     1.9        5
DAYS >= 1.00        2               1.1     0.9        1
GREATEST
 24 HR. TOTAL    1.89   MM                          1.23

SNOWFALL (INCHES)
RECORDS
 TOTAL           42.5   1979
 24 HR TOTAL     18.0   02/27/1900 TO 02/28/1900
TOTALS           52.5R             20.9    31.6     41.5
SINCE 7/1        52.5              22.1    30.4     41.5
SNOWDEPTH AVG.      4                                  2
DAYS >= TRACE      41              17.3    23.7       44
DAYS >= 1.0        13               6.3     6.7       13
GREATEST
 SNOW DEPTH        14   02/03                         10
                        02/02
 24 HR TOTAL     11.8   MM                           5.6

DEGREE_DAYS
HEATING TOTAL    3665              3607      58     3680
 SINCE 7/1       4650              4708     -58     4754
COOLING TOTAL       0                 0       0        0
 SINCE 1/1          0                 0       0        0

FREEZE DATES
RECORD
 EARLIEST     09/20/1991
 LATEST       05/25/1925
EARLIEST                        10/14
LATEST                          04/19
..............................................................

WIND (MPH)
AVERAGE WIND SPEED              7.6
HIGHEST WIND SPEED/DIRECTION    36/050    DATE  02/01
HIGHEST GUST SPEED/DIRECTION    52/050    DATE  02/01

SKY COVER
POSSIBLE SUNSHINE (PERCENT)   MM

NUMBER OF DAYS FAIR           26
NUMBER OF DAYS PC             22
NUMBER OF DAYS CLOUDY         42

AVERAGE RH (PERCENT)     76

WEATHER CONDITIONS. NUMBER OF DAYS WITH
THUNDERSTORM              3     MIXED PRECIP               1
HEAVY RAIN                3     RAIN                       5
LIGHT RAIN               13     FREEZING RAIN              1
LT FREEZING RAIN         13     HAIL                       0
HEAVY SNOW                3     SNOW                       9
LIGHT SNOW               39     SLEET                      2
FOG                      66     FOG W/VIS <= 1/4 MILE      9
HAZE                     46

-  INDICATES NEGATIVE NUMBERS.
R  INDICATES RECORD WAS SET OR TIED.
MM INDICATES DATA IS MISSING.
T  INDICATES TRACE AMOUNT.

&&

RECORDS ESTABLED THIS SEASON
*10TH WETTEST WITH 7.96 INCHES
*SNOWIEST WINTER SEASON ON RECORDS WITH 52.5 INCHES

$$
