000
CXUS53 KILX 021712
CLSPIA

CHICLMPIA 000
TTAA00 KILX 011622


CLIMATE REPORT
NATIONAL WEATHER SERVICE LINCOLN IL
1008 AM CST SUN DEC 1 2013

...................................

...THE PEORIA IL CLIMATE SUMMARY FOR THE FALL SEASON, FROM 9/1/2013
TO 11/30/2013...

CLIMATE NORMAL PERIOD 1981 TO 2010
CLIMATE RECORD PERIOD 1883 TO 2013

WEATHER         OBSERVED          NORMAL  DEPART  LAST YEAR`S
                 VALUE   DATE(S)  VALUE   FROM    VALUE
                                          NORMAL
.............................................................
TEMPERATURE (F)
RECORD
 HIGH             104   09/05/1899
 LOW               -2   11/26/1977
HIGHEST            98   09/10        MM      MM       91
                        09/09
LOWEST             10   11/24        MM      MM       16
AVG. MAXIMUM     64.8              64.0     0.8     62.4
AVG. MINIMUM     43.9              43.9     0.0     42.1
MEAN             54.3              53.9     0.4     52.3
DAYS MAX >= 90      6               1.7     4.3        2
DAYS MAX <= 32      4               1.6     2.4        1
DAYS MIN <= 32     25              17.5     7.5       22
DAYS MIN <= 0       0               0.0     0.0        0

PRECIPITATION (INCHES)
RECORD
 MAXIMUM        19.58   1926
 MINIMUM         2.92   2002
TOTALS          10.24              9.12    1.12     8.22
DAILY AVG.       0.11                               0.09
DAYS >= .01        25              26.9    -1.9       24
DAYS >= .10        16              17.0    -1.0       17
DAYS >= .50         8               6.5     1.5        6
DAYS >= 1.00        4               2.0     2.0        1
GREATEST
 24 HR. TOTAL    2.17   MM                          2.04

SNOWFALL (INCHES)
RECORDS
 TOTAL           10.7   1926
 24 HR TOTAL      6.8   11/26/1975 TO 11/26/1975
TOTALS            0.6               1.1    -0.5      0.0
SINCE 7/1         0.6               1.1    -0.5      0.0
DAYS >= TRACE       5               1.4     3.6        0
DAYS >= 1.0         0               0.3    -0.3        0
GREATEST
 SNOW DEPTH         1   11/12                          0
 24 HR TOTAL      0.5   MM                           0.0

DEGREE_DAYS
HEATING TOTAL    1177              1142      35     1234
 SINCE 7/1         MM              1148      MM     1234
COOLING TOTAL     232               132     100       96
 SINCE 1/1       1174              1039     135     1374

FREEZE DATES
RECORD
 EARLIEST     09/20/1991
 LATEST       05/25/1925
EARLIEST                        10/14
LATEST                          04/19
..............................................................

WIND (MPH)
AVERAGE WIND SPEED              7.6
HIGHEST WIND SPEED/DIRECTION    45/200    DATE  11/17
HIGHEST GUST SPEED/DIRECTION    70/240    DATE  11/17

SKY COVER
POSSIBLE SUNSHINE (PERCENT)   MM
AVERAGE SKY COVER           0.30
NUMBER OF DAYS FAIR           55
NUMBER OF DAYS PC             24
NUMBER OF DAYS CLOUDY         12

AVERAGE RH (PERCENT)     67

WEATHER CONDITIONS. NUMBER OF DAYS WITH
THUNDERSTORM              7     MIXED PRECIP               0
HEAVY RAIN                8     RAIN                      13
LIGHT RAIN               31     FREEZING RAIN              0
LT FREEZING RAIN          0     HAIL                       1
HEAVY SNOW                0     SNOW                       0
LIGHT SNOW                4     SLEET                      0
FOG                      38     FOG W/VIS <= 1/4 MILE      4
HAZE                     15

-  INDICATES NEGATIVE NUMBERS.
R  INDICATES RECORD WAS SET OR TIED.
MM INDICATES DATA IS MISSING.
T  INDICATES TRACE AMOUNT.
&&

RECORD HIGH TEMPERATURE OF 98 DEGREES WAS SET ON SEPTEMBER 10TH
7TH WETTEST OCTOBER WITH 5.13 INCHES
TIED DAILY RECORD SNOWFALL ON OCTOBER 24TH WITH A TRACE
DAILY RECORD RAINFALL ON OCTOBER 30TH OF 1.19 INCHES
DAILY RECORD RAINFALL ON NOVEMBER 17TH OF 1.64 INCHES

$$

JRP
