000
CXUS53 KILX 011147
CLSPIA
CLIMATE REPORT
NATIONAL WEATHER SERVICE LINCOLN IL
647 AM CDT TUE JUN 01 2021
...................................
...THE PEORIA IL CLIMATE SUMMARY FOR THE SEASON, FROM
3/1/2021 TO 5/31/2021...
CLIMATE NORMAL PERIOD 1991 TO 2020
CLIMATE RECORD PERIOD 1883 TO 2021
WEATHER OBSERVED NORMAL DEPART LAST YEAR`S
VALUE DATE(S) VALUE FROM VALUE
NORMAL
..............................................................
TEMPERATURE (F)
RECORD
HIGH 104 05/31/1934
LOW -11 03/08/1943
HIGHEST 87 05/24 MM MM 88
LOWEST 20 03/02 MM MM 26
AVG. MAXIMUM 63.2 63.0 0.2 60.7
AVG. MINIMUM 43.4 42.2 1.2 41.9
MEAN 53.3 52.6 0.7 51.3
DAYS MAX >= 90 0 0.9 -0.9 0
DAYS MAX <= 32 0 2.1 -2.1 0
DAYS MIN <= 32 17 21.8 -4.8 18
DAYS MIN <= 0 0 0.2 -0.2 0
PRECIPITATION (INCHES)
RECORD
MAXIMUM 20.79 2013
MINIMUM 3.36 1934
TOTALS 14.31 11.37 2.94 13.63
DAILY AVG. 0.15 0.15
DAYS >= .01 28 34.6 -6.6 36
DAYS >= .10 18 22.0 -4.0 22
DAYS >= .50 9 7.2 1.8 8
DAYS >= 1.00 3 2.7 0.3 4
GREATEST
24 HR. TOTAL 3.11 04/28 TO 04/29 1.94
SNOWFALL (INCHES)
RECORDS
TOTAL 25.6 1926
24 HR TOTAL 8.1 03/25/1957 TO 03/25/1957
TOTALS 0.9 3.8 -2.9 4.8
SINCE 7/1 25.3 26.2 -0.9 MM
DAYS >= TRACE 2 2.8 -0.8 6
DAYS >= 1.0 0 1.1 -1.1 2
GREATEST
SNOW DEPTH 0 2
24 HR TOTAL 0.9 04/20 TO 04/20 2.0
DEGREE DAYS
HEATING TOTAL 1151 1244 -93 1306
SINCE 7/1 5592 5601 -9 MM
COOLING TOTAL 95 103 -8 68
SINCE 1/1 95 102 -7 68
FREEZE DATES
RECORD
EARLIEST 09/20/1991
LATEST 05/25/1925
EARLIEST 10/16
LATEST 04/20
..............................................................
WIND (MPH)
AVERAGE WIND SPEED 8.5
HIGHEST WIND SPEED/DIRECTION 35/210 DATE 04/07
HIGHEST GUST SPEED/DIRECTION 50/060 DATE 03/15
SKY COVER
POSSIBLE SUNSHINE (PERCENT) MM
AVERAGE SKY COVER 0.39
NUMBER OF DAYS FAIR 47
NUMBER OF DAYS PC 28
NUMBER OF DAYS CLOUDY 17
AVERAGE RH (PERCENT) 62
WEATHER CONDITIONS. NUMBER OF DAYS WITH
THUNDERSTORM 5 MIXED PRECIP 0
HEAVY RAIN 8 RAIN 17
LIGHT RAIN 36 FREEZING RAIN 1
LT FREEZING RAIN 1 HAIL 0
HEAVY SNOW 0 SNOW 1
LIGHT SNOW 1 SLEET 1
FOG 27 FOG W/VIS <= 1/4 MILE 0
HAZE 9
- INDICATES NEGATIVE NUMBERS.
R INDICATES RECORD WAS SET OR TIED.
MM INDICATES DATA IS MISSING.
T INDICATES TRACE AMOUNT.
$$