000
CXUS55 KPIH 011727
CF6PIH
PRELIMINARY LOCAL CLIMATOLOGICAL DATA (WS FORM: F-6)
STATION: POCATELLO
MONTH: OCTOBER
YEAR: 2021
LATITUDE: 42 55 N
LONGITUDE: 112 36 W
TEMPERATURE IN F: :PCPN: SNOW: WIND :SUNSHINE: SKY :PK WND
================================================================================
1 2 3 4 5 6A 6B 7 8 9 10 11 12 13 14 15 16 17 18
12Z AVG MX 2MIN
DY MAX MIN AVG DEP HDD CDD WTR SNW DPTH SPD SPD DIR MIN PSBL S-S WX SPD DR
================================================================================
1 71 28 50 -4 15 0 0.00 0.0 0 3.2 9 290 M M 0 13 300
2 73 27 50 -3 15 0 0.00 0.0 0 4.2 13 260 M M 0 18 280
3 77 30 54 1 11 0 0.00 0.0 0 3.2 15 290 M M 0 20 300
4 82 32 57 5 8 0 0.00 0.0 0 10.1 25 180 M M 1 33 180
5 82 37 60 8 5 0 0.00 0.0 0 9.8 25 180 M M 3 35 170
6 74 47 61 10 4 0 0.00 0.0 0 8.7 21 260 M M 3 30 250
7 60 49 55 4 10 0 0.40 0.0 0 5.3 21 200 M M 8 138 28 190
8 59 46 53 3 12 0 0.39 0.0 0 6.7 22 180 M M 9 1 28 180
9 48 43 46 -4 19 0 0.06 0.0 0 15.9 24 230 M M 10 1 30 240
10 60 40 50 0 15 0 T 0.0 0 13.1 22 240 M M 6 30 230
11 53 32 43 -6 22 0 0.52 1.0 0 13.5 26 250 M M 10 1 35 250
12 40 31 36 -13 29 0 0.04 0.3 T 7.5 22 10 M M 9 1 31 10
13 46 31 39 -9 26 0 0.01 T 0 12.5 23 250 M M 7 30 250
14 46 32 39 -9 26 0 T T 0 14.1 23 230 M M 7 28 240
15 55 27 41 -7 24 0 0.00 0.0 0 7.4 18 220 M M 1 24 220
16 63 26 45 -2 20 0 0.00 0.0 0 3.8 10 80 M M 0 14 20
17 69 25 47 0 18 0 0.00 0.0 0 9.8 31 190 M M 0 39 170
18 65 40 53 7 12 0 0.09 0.0 0 6.7 20 170 M M 5 28 170
19 56 37 47 1 18 0 0.07 0.0 0 7.9 18 230 M M 4 1 22 240
20 61 34 48 3 17 0 0.00 0.0 0 8.3 25 180 M M 2 32 180
21 69 40 55 10 10 0 0.00 0.0 0 6.3 15 180 M M 2 20 180
22 70 32 51 6 14 0 0.00 0.0 0 10.6 32 190 M M 1 45 180
23 54 42 48 4 17 0 T 0.0 0 11.7 20 230 M M 8 25 260
24 57 42 50 6 15 0 0.13 0.0 0 13.7 30 170 M M 9 40 150
25 60 41 51 7 14 0 0.62 0.0 0 16.1 32 250 M M 10 1 51 190
26 51 37 44 1 21 0 0.01 0.0 0 19.6 30 250 M M 7 37 250
27 56 39 48 5 17 0 0.00 0.0 0 18.3 36 260 M M 5 49 260
28 62 34 48 6 17 0 0.00 0.0 0 8.0 21 250 M M 1 27 240
29 65 37 51 9 14 0 0.00 0.0 0 10.9 22 170 M M 0 28 190
30 60 39 50 8 15 0 0.00 0.0 0 5.3 16 230 M M 3 1 20 220
31 55 33 44 3 21 0 0.09 0.0 0 4.5 20 240 M M 5 1238 23 240
================================================================================
SM 1899 1110 501 0 2.43 1.3 296.7 M 136
================================================================================
AV 61.3 35.8 9.6 FASTST M M 4 MAX(MPH)
MISC ----> 36 260 51 190
================================================================================
NOTES:
# LAST OF SEVERAL OCCURRENCES
COLUMN 17 PEAK WIND IN M.P.H.
PRELIMINARY LOCAL CLIMATOLOGICAL DATA (WS FORM: F-6) , PAGE 2
STATION: POCATELLO
MONTH: OCTOBER
YEAR: 2021
LATITUDE: 42 55 N
LONGITUDE: 112 36 W
[TEMPERATURE DATA] [PRECIPITATION DATA] SYMBOLS USED IN COLUMN 16
AVERAGE MONTHLY: 48.5 TOTAL FOR MONTH: 2.43 1 = FOG OR MIST
DPTR FM NORMAL: 1.4 DPTR FM NORMAL: 1.44 2 = FOG REDUCING VISIBILITY
HIGHEST: 82 ON 5, 4 GRTST 24HR 0.63 ON 25-26 TO 1/4 MILE OR LESS
LOWEST: 25 ON 17 3 = THUNDER
SNOW, ICE PELLETS, HAIL 4 = ICE PELLETS
TOTAL MONTH: 1.3 INCHES 5 = HAIL
GRTST 24HR 1.0 ON 11-11 6 = FREEZING RAIN OR DRIZZLE
GRTST DEPTH: T 7 = DUSTSTORM OR SANDSTORM:
VSBY 1/2 MILE OR LESS
8 = SMOKE OR HAZE
[NO. OF DAYS WITH] [WEATHER - DAYS WITH] 9 = BLOWING SNOW
X = TORNADO
MAX 32 OR BELOW: 0 0.01 INCH OR MORE: 12
MAX 90 OR ABOVE: 0 0.10 INCH OR MORE: 5
MIN 32 OR BELOW: 12 0.50 INCH OR MORE: 2
MIN 0 OR BELOW: 0 1.00 INCH OR MORE: 0
[HDD (BASE 65) ]
TOTAL THIS MO. 501 CLEAR (SCALE 0-3) 15
DPTR FM NORMAL -53 PTCLDY (SCALE 4-7) 9
TOTAL FM JUL 1 690 CLOUDY (SCALE 8-10) 7
DPTR FM NORMAL -92
[CDD (BASE 65) ]
TOTAL THIS MO. 0
DPTR FM NORMAL 0 [PRESSURE DATA]
TOTAL FM JAN 1 663 HIGHEST SLP 30.46 ON 16
DPTR FM NORMAL 233 LOWEST SLP 29.47 ON 25
[REMARKS]
11TH: RAINFALL OF 0.52 BREAKS OLD RECORD OF 0.43 SET IN 1956.
25TH: RAINFALL OF 0.62 BREAKS OLD RECORD OF 0.38 SET IN 1996.
#FINAL-10-21#