000
CXUS54 KBRO 010800
CF6PIL
PRELIMINARY LOCAL CLIMATOLOGICAL DATA (WS FORM: F-6)
STATION: BAYVIEW
MONTH: MAY
YEAR: 2023
LATITUDE: 26 10 N
LONGITUDE: 97 20 W
TEMPERATURE IN F: :PCPN: SNOW: WIND :SUNSHINE: SKY :PK WND
================================================================================
1 2 3 4 5 6A 6B 7 8 9 10 11 12 13 14 15 16 17 18
12Z AVG MX 2MIN
DY MAX MIN AVG DEP HDD CDD WTR SNW DPTH SPD SPD DIR MIN PSBL S-S WX SPD DR
================================================================================
1 86 68 77 -1 0 12 0.00 0.0 M 14.3 23 150 M M 0 33 170
2 83 73 78 0 0 13 T 0.0 M 12.8 22 110 M M 4 29 100
3 83 75 79 1 0 14 0.00 0.0 M 10.2 18 50 M M 9 24 70
4 85 75 80 2 0 15 0.00 0.0 M 8.6 16 140 M M 6 18 21 110
5 89 77 83 5 0 18 T 0.0 0 11.5 21 140 M M 3 18 29 110
6 89 77 83 4 0 18 0.00 0.0 0 14.7 24 150 M M 7 18 34 150
7 91 79 85 6 0 20 T 0.0 M 15.5 25 160 M M 6 1 35 170
8 88 79 84 5 0 19 0.11 0.0 M 15.0 28 160 M M 8 13 35 130
9 86 68 77 -2 0 12 2.03 0.0 0 12.3 31 250 M M 4 123 46 270
10 87 76 82 2 0 17 T 0.0 0 17.6 26 140 M M 7 13 35 130
11 89 79 84 4 0 19 0.00 0.0 M 14.7 24 150 M M 10 1 32 150
12 87 80 84 4 0 19 0.00 0.0 0 16.1 23 130 M M 10 18 32 130
13 82 70 76 -4 0 11 1.70 0.0 0 9.4 35 310 M M 5 13 44 270
14 86 69 78 -2 0 13 0.00 0.0 0 7.4 16 100 M M 3 22 70
15 81 69 75 -5 0 10 0.19 0.0 0 7.7 25 150 M M 4 1 36 140
16 85 72 79 -2 0 14 0.09 0.0 0 4.6 15 60 M M 3 1 20 60
17 86 72 79 -2 0 14 0.07 0.0 0 4.8 15 80 M M 3 13 21 50
18 86 70 78 -3 0 13 0.00 0.0 0 7.5 17 110 M M 2 12 22 120
19 90 76 83 2 0 18 0.00 0.0 0 10.2 20 130 M M 2 26 120
20 85 74 80 -1 0 15 0.00 0.0 0 4.6 13 130 M M 2 17 100
21 87 74 81 -1 0 16 0.00 0.0 0 8.0 18 50 M M 2 23 60
22 87 74 81 -1 0 16 0.00 0.0 0 6.6 14 100 M M 3 1 19 50
23 89 73 81 -1 0 16 0.00 0.0 0 7.6 15 110 M M 0 1 21 120
24 88 73 81 -1 0 16 0.00 0.0 0 7.4 15 100 M M 2 20 70
25 88 72 80 -2 0 15 0.00 0.0 0 6.7 16 60 M M 1 23 70
26 87 73 80 -2 0 15 0.00 0.0 0 7.5 15 70 M M 3 1 22 60
27 87 76 82 -1 0 17 T 0.0 0 11.3 18 100 M M 3 24 120
28 85 73 79 -4 0 14 0.07 0.0 0 7.6 18 110 M M 3 1 25 140
29 87 73 80 -3 0 15 0.00 0.0 0 9.3 17 110 M M 2 23 110
30 88 72 80 -3 0 15 0.02 0.0 0 6.2 17 70 M M 2 12 22 90
31 87 71 79 -4 0 14 0.00 0.0 0 7.9 16 90 M M 1 23 110
================================================================================
SM 2684 2282 0 473 4.28 0.0 305.6 M 120
================================================================================
AV 86.6 73.6 9.9 FASTST M M 4 MAX(MPH)
MISC ----> 35 310 46 270
================================================================================
NOTES:
# LAST OF SEVERAL OCCURRENCES
COLUMN 17 PEAK WIND IN M.P.H.
PRELIMINARY LOCAL CLIMATOLOGICAL DATA (WS FORM: F-6) , PAGE 2
STATION: BAYVIEW
MONTH: MAY
YEAR: 2023
LATITUDE: 26 10 N
LONGITUDE: 97 20 W
[TEMPERATURE DATA] [PRECIPITATION DATA] SYMBOLS USED IN COLUMN 16
AVERAGE MONTHLY: 80.1 TOTAL FOR MONTH: 4.28 1 = FOG OR MIST
DPTR FM NORMAL: -0.5 DPTR FM NORMAL: 2.15 2 = FOG REDUCING VISIBILITY
HIGHEST: 91 ON 7 GRTST 24HR 2.12 ON 8- 9 TO 1/4 MILE OR LESS
LOWEST: 68 ON 9, 1 3 = THUNDER
SNOW, ICE PELLETS, HAIL 4 = ICE PELLETS
TOTAL MONTH: 0.0 INCH 5 = HAIL
GRTST 24HR 0.0 6 = FREEZING RAIN OR DRIZZLE
GRTST DEPTH: 0 7 = DUSTSTORM OR SANDSTORM:
VSBY 1/2 MILE OR LESS
8 = SMOKE OR HAZE
[NO. OF DAYS WITH] [WEATHER - DAYS WITH] 9 = BLOWING SNOW
X = TORNADO
MAX 32 OR BELOW: 0 0.01 INCH OR MORE: 8
MAX 90 OR ABOVE: 2 0.10 INCH OR MORE: 4
MIN 32 OR BELOW: 0 0.50 INCH OR MORE: 2
MIN 0 OR BELOW: 0 1.00 INCH OR MORE: 2
[HDD (BASE 65) ]
TOTAL THIS MO. 0 CLEAR (SCALE 0-3) 17
DPTR FM NORMAL 0 PTCLDY (SCALE 4-7) 11
TOTAL FM JUL 1 411 CLOUDY (SCALE 8-10) 3
DPTR FM NORMAL -115
[CDD (BASE 65) ]
TOTAL THIS MO. 473
DPTR FM NORMAL -11 [PRESSURE DATA]
TOTAL FM JAN 1 1351 HIGHEST SLP M ON M
DPTR FM NORMAL 213 LOWEST SLP 29.71 ON 9
[REMARKS]
#FINAL-05-23#