000
CXUS53 KABR 011326
CLAPIR
CLIMATE REPORT
NATIONAL WEATHER SERVICE ABERDEEN SD
726 AM CST MON JAN 01 2024
...................................
...THE PIERRE SD CLIMATE SUMMARY FOR THE YEAR OF 2023...
CLIMATE NORMAL PERIOD 1991 TO 2020
CLIMATE RECORD PERIOD 1892 TO 2023
WEATHER OBSERVED NORMAL DEPART LAST YEAR`S
VALUE DATE(S) VALUE FROM VALUE DATE(S)
NORMAL
................................................................
TEMPERATURE (F)
RECORD
HIGH 117 07/15/2006
LOW -35 02/09/1994
HIGHEST 107 07/26 MM MM 109 08/05
LOWEST -19 02/23 MM MM -18 02/23
02/24
AVG. MAXIMUM 60.5 58.9 1.6 60.1
AVG. MINIMUM 35.9 35.2 0.7 33.4
MEAN 48.2 47.0 1.2 46.8
DAYS MAX >= 90 45 37.7 7.3 42
DAYS MAX <= 32 53 56.6 -3.6 58
DAYS MIN <= 32 174 164.4 9.6 180
DAYS MIN <= 0 8 20.9 -12.9 34
PRECIPITATION (INCHES)
RECORD
MAXIMUM 31.24 1997
MINIMUM 6.89 1976
TOTALS 20.76 20.20 0.56 20.58
DAILY AVG. 0.06 0.06 0.00 0.06
DAYS >= .01 87 89.5 -2.5 78
DAYS >= .10 41 43.3 -2.3 35
DAYS >= .50 13 11.4 1.6 11
DAYS >= 1.00 5 3.6 1.4 5
SNOWFALL (INCHES)
RECORDS
TOTAL 83.1 2019
TOTALS 53.4 37.2 16.2 28.9
LIQUID EQUIV 5.30 3.70 1.60 2.90
SINCE 7/1 10.9 13.8 -2.9 MM
LIQUID 7/1 1.09 1.30 -0.21 MM
DAYS >= TRACE 53 26.0 27.0 56
DAYS >= 1.0 15 11.8 3.2 10
DEGREE DAYS
HEATING TOTAL 6987 7348 -361 7492
SINCE 7/1 2449 2910 -461 MM
COOLING TOTAL 988 837 151 991
SINCE 1/1 988 836 152 MM
................................................................
WIND (MPH)
AVERAGE WIND SPEED 9.9
HIGHEST WIND SPEED/DIRECTION 45/330 DATE 06/23
HIGHEST GUST SPEED/DIRECTION 67/330 DATE 06/23
- INDICATES NEGATIVE NUMBERS.
R INDICATES RECORD WAS SET OR TIED.
MM INDICATES DATA IS MISSING.
T INDICATES TRACE AMOUNT.
$$