000
CXUS53 KAPX 010730
CF6PLN
PRELIMINARY LOCAL CLIMATOLOGICAL DATA (WS FORM: F-6)
STATION: PELLSTON
MONTH: MAY
YEAR: 2021
LATITUDE: 45 34 N
LONGITUDE: 84 48 W
TEMPERATURE IN F: :PCPN: SNOW: WIND :SUNSHINE: SKY :PK WND
================================================================================
1 2 3 4 5 6A 6B 7 8 9 10 11 12 13 14 15 16 17 18
12Z AVG MX 2MIN
DY MAX MIN AVG DEP HDD CDD WTR SNW DPTH SPD SPD DIR MIN PSBL S-S WX SPD DR
================================================================================
1 69 23 46 0 19 0 T M M 7.8 25 240 M M 4 42 240
2 71 40 56 10 9 0 0.10 M M 7.7 20 100 M M 4 1 25 110
3 50 43 47 0 18 0 1.10 M M 9.7 18 100 M M 10 1 26 100
4 50 41 46 -1 19 0 0.04 M M 10.9 23 310 M M 10 1 30 310
5 53 29 41 -7 24 0 0.00 M M 12.2 23 330 M M 6 30 320
6 54 24 39 -9 26 0 0.00 M M 4.3 16 300 M M 3 24 300
7 43 26 35 -14 30 0 0.04 M M 6.3 16 320 M M 6 1 20 330
8 54 30 42 -7 23 0 0.00 M M 7.5 15 320 M M 0 22 270
9 54 25 40 -10 25 0 0.00 M M 8.9 21 330 M M 1 27 350
10 51 32 42 -8 23 0 0.00 M M 11.2 21 330 M M 4 31 320
11 56 30 43 -7 22 0 T M M 13.0 25 340 M M 4 36 330
12 63 26 45 -6 20 0 0.00 M M 5.3 16 300 M M 0 25 300
13 69 25 47 -4 18 0 0.00 M M 4.2 17 290 M M 0 26 280
14 73 30 52 0 13 0 0.00 M M 5.0 24 330 M M 1 34 340
15 73 32 53 1 12 0 0.00 M M 5.8 15 250 M M 5 23 250
16 67 41 54 2 11 0 0.00 M M 3.2 12 320 M M 8 1 15 40
17 78 34 56 3 9 0 0.00 M M 2.8 14 270 M M 1 12 25 300
18 84 39 62 9 3 0 0.00 M M 3.0 16 40 M M 0 1 21 130
19 72 47 60 6 5 0 0.15 M M 2.8 13 150 M M 8 1 17 140
20 84 59 72 18 0 7 T M M 6.1 16 230 M M 3 1 25 220
21 86 59 73 19 0 8 T M M 8.2 20 240 M M 2 31 260
22 77 66 72 17 0 7 0.31 M M 9.4 18 250 M M 7 1 27 240
23 71 47 59 4 6 0 T M M 9.3 20 90 M M 6 1 26 110
24 72 47 60 5 5 0 T M M 4.3 14 150 M M 8 22 150
25 84 61 73 17 0 8 0.31 M M 11.9 31 260 M M 3 138 45 260
26 68 39 54 -2 11 0 T M M 15.2 29 330 M M 3 38 330
27 54 30 42 -14 23 0 0.00 M M 6.8 15 20 M M 1 21 20
28 58 37 48 -9 17 0 0.00 M M 12.5 23 90 M M 0 32 90
29 66 28 47 -10 18 0 0.00 M M 3.4 15 100 M M 0 21 100
30 71 29 50 -8 15 0 0.00 M M 2.6 13 220 M M 0 17 180
31 70 37 54 -4 11 0 T M M 5.2 21 300 M M 4 30 300
================================================================================
SM 2045 1156 435 30 2.05 M 226.5 M 112
================================================================================
AV 66.0 37.3 7.3 FASTST M M 4 MAX(MPH)
MISC ----> 31 260 45 260
================================================================================
NOTES:
# LAST OF SEVERAL OCCURRENCES
COLUMN 17 PEAK WIND IN M.P.H.
PRELIMINARY LOCAL CLIMATOLOGICAL DATA (WS FORM: F-6) , PAGE 2
STATION: PELLSTON
MONTH: MAY
YEAR: 2021
LATITUDE: 45 34 N
LONGITUDE: 84 48 W
[TEMPERATURE DATA] [PRECIPITATION DATA] SYMBOLS USED IN COLUMN 16
AVERAGE MONTHLY: 51.6 TOTAL FOR MONTH: 2.05 1 = FOG OR MIST
DPTR FM NORMAL: -0.6 DPTR FM NORMAL: -0.74 2 = FOG REDUCING VISIBILITY
HIGHEST: 86 ON 21 GRTST 24HR 1.13 ON 3- 4 TO 1/4 MILE OR LESS
LOWEST: 23 ON 1 3 = THUNDER
SNOW, ICE PELLETS, HAIL 4 = ICE PELLETS
TOTAL MONTH: M 5 = HAIL
GRTST 24HR M ON M 6 = FREEZING RAIN OR DRIZZLE
GRTST DEPTH: M ON M 7 = DUSTSTORM OR SANDSTORM:
VSBY 1/2 MILE OR LESS
8 = SMOKE OR HAZE
[NO. OF DAYS WITH] [WEATHER - DAYS WITH] 9 = BLOWING SNOW
X = TORNADO
MAX 32 OR BELOW: 0 0.01 INCH OR MORE: 7
MAX 90 OR ABOVE: 0 0.10 INCH OR MORE: 5
MIN 32 OR BELOW: 15 0.50 INCH OR MORE: 1
MIN 0 OR BELOW: 0 1.00 INCH OR MORE: 1
[HDD (BASE 65) ]
TOTAL THIS MO. 435 CLEAR (SCALE 0-3) 15
DPTR FM NORMAL 26 PTCLDY (SCALE 4-7) 13
TOTAL FM JUL 1 7555 CLOUDY (SCALE 8-10) 3
DPTR FM NORMAL -692
[CDD (BASE 65) ]
TOTAL THIS MO. 30
DPTR FM NORMAL 17 [PRESSURE DATA]
TOTAL FM JAN 1 30 HIGHEST SLP 30.46 ON 12
DPTR FM NORMAL 16 LOWEST SLP 29.54 ON 1
[REMARKS]
#FINAL-05-21#