000
CXUS51 KALY 021354
CLSPOU
CLIMATE REPORT
NATIONAL WEATHER SERVICE ALBANY NY
854 AM EST SAT DEC 02 2023
...................................
...THE POUGHKEEPSIE NY CLIMATE SUMMARY FOR THE SEASON, FROM
9/1/2023 TO 11/30/2023...
CLIMATE NORMAL PERIOD: 1991 TO 2020
CLIMATE RECORD PERIOD: 1931 TO 2023
WEATHER OBSERVED NORMAL DEPART LAST YEAR`S
VALUE DATE(S) VALUE FROM VALUE DATE(S)
NORMAL
................................................................
TEMPERATURE (F)
RECORD
HIGH 101 09/02/1953
LOW 3 11/24/1989
HIGHEST 93 09/07 90 09/04
LOWEST 19 11/21 18 11/21
AVG. MAXIMUM 64.4 63.3 1.1 65.1
AVG. MINIMUM 43.8 41.8 2.0 42.4
MEAN 54.1 52.5 1.6 53.8
DAYS MAX >= 90 2 1.2 0.8 1
DAYS MAX <= 32 0 0.2 -0.2 0
DAYS MIN <= 32 21 23.4 -2.4 22
DAYS MIN <= 0 0 0.0 0.0 0
PRECIPITATION (INCHES)
RECORD
MAXIMUM 22.90 2005
MINIMUM 3.86 1964
TOTALS 13.03 11.33 1.70 10.45
DAILY AVG. 0.14 0.12
DAYS >= .01 33 31.0 2.0 31
DAYS >= .10 22 17.6 4.4 18
DAYS >= .50 10 7.1 2.9 8
DAYS >= 1.00 3 3.0 0.0 3
GREATEST
24 HR. TOTAL 2.26 09/24 TO 09/25
DEGREE DAYS
HEATING TOTAL 1115 1215 -100 1058
SINCE 7/1 1117 1225 -108 1058
COOLING TOTAL 141 80 61 96
SINCE 1/1 785 744 41 1001
................................................................
WIND (MPH)
AVERAGE WIND SPEED 3.7
HIGHEST WIND SPEED/DIRECTION 36/290 DATE 09/07
HIGHEST GUST SPEED/DIRECTION 45/280 DATE 09/07
WEATHER CONDITIONS. NUMBER OF DAYS WITH
THUNDERSTORM 5 MIXED PRECIP 0
HEAVY RAIN 10 RAIN 17
LIGHT RAIN 37 FREEZING RAIN 0
LT FREEZING RAIN 0 HAIL 0
HEAVY SNOW 0 SNOW 0
LIGHT SNOW 1 SLEET 0
FOG 55 FOG W/VIS <= 1/4 MILE 11
HAZE 6
- INDICATES NEGATIVE NUMBERS.
R INDICATES RECORD WAS SET OR TIED.
MM INDICATES DATA IS MISSING.
T INDICATES TRACE AMOUNT.
$$