000
CXUS56 KLOX 011155
CF6PRB
PRELIMINARY LOCAL CLIMATOLOGICAL DATA (WS FORM: F-6)
STATION: PASO ROBLES AIRPORT CA
MONTH: AUGUST
YEAR: 2022
LATITUDE: 35 40 N
LONGITUDE: 120 38 W
TEMPERATURE IN F: :PCPN: SNOW: WIND :SUNSHINE: SKY :PK WND
================================================================================
1 2 3 4 5 6A 6B 7 8 9 10 11 12 13 14 15 16 17 18
12Z AVG MX 2MIN
DY MAX MIN AVG DEP HDD CDD WTR SNW DPTH SPD SPD DIR MIN PSBL S-S WX SPD DR
================================================================================
1 99 69 84 10 0 19 0.00 M M 6.6 25 210 M M 1 30 210
2 96 66 81 7 0 16 0.00 M M 8.0 22 210 M M 0 27 210
3 104 62 83 9 0 18 0.00 M M 5.2 16 210 M M 0 20 200
4 96 65 81 7 0 16 0.00 M M 8.0 26 200 M M 0 32 200
5 88 59 74 0 0 9 0.00 M M 9.8 23 190 M M 0 28 210
6 89 56 73 -1 0 8 0.00 M M 10.0 21 190 M M 2 25 190
7 97 57 77 3 0 12 0.00 M M 9.5 20 300 M M 0 24 290
8 97 59 78 4 0 13 0.00 M M 10.5 18 200 M M 0 23 210
9 94 60 77 3 0 12 0.00 M M 9.3 20 210 M M 0 24 200
10 95 56 76 2 0 11 0.00 M M 8.3 20 210 M M 0 22 210
11 97 54 76 2 0 11 0.00 M M 7.9 21 300 M M 0 26 300
12 100 57 79 5 0 14 0.00 M M 8.8 24 310 M M 0 29 300
13 101 57 79 5 0 14 0.00 M M 8.5 25 310 M M 0 30 310
14 102 55 79 5 0 14 0.00 M M 6.6 22 300 M M 0 26 300
15 104 53 79 5 0 14 0.00 M M 4.5 17 290 M M 0 8 21 290
16 106 56 81 7 0 16 0.00 M M 6.5 24 200 M M 0 30 190
17 101 61 81 7 0 16 T M M 7.6 23 190 M M 0 26 190
18 103 57 80 6 0 15 0.00 M M 6.7 24 320 M M 0 30 320
19 104 57 81 7 0 16 0.00 M M 7.9 21 320 M M 0 25 320
20 92 53 73 -1 0 8 0.00 M M 6.9 22 210 M M 0 29 230
21 82 53 68 -6 0 3 0.00 M M 8.5 21 200 M M 0 26 200
22 100 54 77 4 0 12 0.00 M M 8.9 23 320 M M 2 1 30 330
23 104 59 82 9 0 17 0.00 M M 7.9 21 300 M M 0 26 300
24 96 55 76 3 0 11 0.00 M M 6.5 23 230 M M 0 27 230
25 93 54 74 1 0 9 0.00 M M 6.5 20 210 M M 0 25 200
26 98 54 76 3 0 11 0.00 M M 6.5 22 200 M M 2 12 26 210
27 86 55 71 -2 0 6 0.00 M M 9.1 24 210 M M 0 29 210
28 79 55 67 -6 0 2 0.00 M M 8.5 24 200 M M 2 30 190
29 87 51 69 -4 0 4 0.00 M M 7.2 22 210 M M 1 26 210
30 96 50 73 0 0 8 0.00 M M 6.3 16 190 M M 0 19 190
31 107 54 81 8 0 16 0.00 M M 4.9 20 300 M M 0 24 310
================================================================================
SM 2993 1763 0 371 T M 237.9 M 10
================================================================================
AV 96.5 56.9 7.7 FASTST M M 0 MAX(MPH)
MISC ----> 26 200 32 200
================================================================================
NOTES:
# LAST OF SEVERAL OCCURRENCES
COLUMN 17 PEAK WIND IN M.P.H.
PRELIMINARY LOCAL CLIMATOLOGICAL DATA (WS FORM: F-6) , PAGE 2
STATION: PASO ROBLES AIRPORT CA
MONTH: AUGUST
YEAR: 2022
LATITUDE: 35 40 N
LONGITUDE: 120 38 W
[TEMPERATURE DATA] [PRECIPITATION DATA] SYMBOLS USED IN COLUMN 16
AVERAGE MONTHLY: 76.7 TOTAL FOR MONTH: T 1 = FOG OR MIST
DPTR FM NORMAL: 3.1 DPTR FM NORMAL: -0.01 2 = FOG REDUCING VISIBILITY
HIGHEST: 107 ON 31 GRTST 24HR T ON 17-17 TO 1/4 MILE OR LESS
LOWEST: 50 ON 30 3 = THUNDER
SNOW, ICE PELLETS, HAIL 4 = ICE PELLETS
TOTAL MONTH: M 5 = HAIL
GRTST 24HR M ON M 6 = FREEZING RAIN OR DRIZZLE
GRTST DEPTH: M ON M 7 = DUSTSTORM OR SANDSTORM:
VSBY 1/2 MILE OR LESS
8 = SMOKE OR HAZE
[NO. OF DAYS WITH] [WEATHER - DAYS WITH] 9 = BLOWING SNOW
X = TORNADO
MAX 32 OR BELOW: 0 0.01 INCH OR MORE: 0
MAX 90 OR ABOVE: 25 0.10 INCH OR MORE: 0
MIN 32 OR BELOW: 0 0.50 INCH OR MORE: 0
MIN 0 OR BELOW: 0 1.00 INCH OR MORE: 0
[HDD (BASE 65) ]
TOTAL THIS MO. 0 CLEAR (SCALE 0-3) 31
DPTR FM NORMAL -2 PTCLDY (SCALE 4-7) 0
TOTAL FM JUL 1 0 CLOUDY (SCALE 8-10) 0
DPTR FM NORMAL -4
[CDD (BASE 65) ]
TOTAL THIS MO. 371
DPTR FM NORMAL 102 [PRESSURE DATA]
TOTAL FM JAN 1 1071 HIGHEST SLP 30.06 ON 22
DPTR FM NORMAL 325 LOWEST SLP 29.68 ON 23
[REMARKS]
#FINAL-08-22#