000
CXUS56 KLOX 011630
CLMPRB
CLIMATE REPORT
NATIONAL WEATHER SERVICE LOS ANGELES/OXNARD
930 AM PDT SAT APR 01 2023
...................................
...THE PASO ROBLES AIRPORT CA CLIMATE SUMMARY FOR THE MONTH OF MARCH 2023...
CLIMATE NORMAL PERIOD: 1991 TO 2020
CLIMATE RECORD PERIOD: 1948 TO 2023
WEATHER OBSERVED NORMAL DEPART LAST YEAR`S
VALUE DATE(S) VALUE FROM VALUE
NORMAL
..............................................................
TEMPERATURE (F)
HIGHEST 69 03/18
LOWEST 28 03/02
AVG. MAXIMUM 59.6 67.5 -7.9
AVG. MINIMUM 40.5 39.5 1.0
MEAN 50.1 53.5 -3.4
DAYS MAX >= 90 0
DAYS MAX <= 32 0
DAYS MIN <= 32 4
DAYS MIN <= 0 0
PRECIPITATION (INCHES)
TOTALS 4.84 2.42 2.42
DAILY AVG. 0.16
DAYS >= .01 17
DAYS >= .10 9
DAYS >= .50 3
DAYS >= 1.00 2
GREATEST
24 HR. TOTAL 1.28 03/14 TO 03/15
STORM TOTAL 1.27
DEGREE DAYS
HEATING TOTAL 454 357 97 292
SINCE 7/1 2579 2385 194 MM
COOLING TOTAL 0 0 0 4
SINCE 1/1 0 0 0 MM
..............................................................
WIND (MPH)
AVERAGE WIND SPEED 6.9
HIGHEST WIND SPEED/DIRECTION 37/170 DATE 03/21
HIGHEST GUST SPEED/DIRECTION 47/190 DATE 03/21
SKY COVER
POSSIBLE SUNSHINE (PERCENT) MM
AVERAGE SKY COVER 0.50
NUMBER OF DAYS FAIR 9
NUMBER OF DAYS PC 15
NUMBER OF DAYS CLOUDY 7
AVERAGE RH (PERCENT) 73
WEATHER CONDITIONS. NUMBER OF DAYS WITH
THUNDERSTORM 0 MIXED PRECIP 0
HEAVY RAIN 2 RAIN 7
LIGHT RAIN 17 FREEZING RAIN 0
LT FREEZING RAIN 0 HAIL 0
HEAVY SNOW 0 SNOW 0
LIGHT SNOW 0 SLEET 0
FOG 18 FOG W/VIS <= 1/4 MILE 5
HAZE 0
- INDICATES NEGATIVE NUMBERS.
R INDICATES RECORD WAS SET OR TIED.
MM INDICATES DATA IS MISSING.
T INDICATES TRACE AMOUNT.
$$