000
CXUS56 KFGZ 010910
CF6PRC
PRELIMINARY LOCAL CLIMATOLOGICAL DATA (WS FORM: F-6)
STATION: PRESCOTT AZ AIRPORT
MONTH: FEBRUARY
YEAR: 2022
LATITUDE: 34 39 N
LONGITUDE: 112 26 W
TEMPERATURE IN F: :PCPN: SNOW: WIND :SUNSHINE: SKY :PK WND
================================================================================
1 2 3 4 5 6A 6B 7 8 9 10 11 12 13 14 15 16 17 18
12Z AVG MX 2MIN
DY MAX MIN AVG DEP HDD CDD WTR SNW DPTH SPD SPD DIR MIN PSBL S-S WX SPD DR
================================================================================
1 51 34 43 2 22 0 0.00 M M 5.4 14 230 M M 7 18 230
2 40 17 29 -12 36 0 0.00 M M 13.5 28 360 M M 0 35 350
3 41 11 26 -15 39 0 0.00 M M 5.6 14 10 M M 0 17 10
4 49 14 32 -9 33 0 0.00 M M 4.2 13 150 M M 0 16 140
5 54 14 34 -7 31 0 0.00 M M 3.3 10 10 M M 0 13 360
6 56 22 39 -2 26 0 0.00 M M 7.1 23 360 M M 0 34 340
7 56 19 38 -3 27 0 0.00 M M 3.1 10 170 M M 0 13 170
8 64 22 43 2 22 0 0.00 M M 4.8 14 20 M M 0 16 20
9 64 22 43 2 22 0 0.00 M M 6.7 17 320 M M 0 23 320
10 63 28 46 4 19 0 0.00 M M 5.5 15 360 M M 0 19 10
11 67 30 49 7 16 0 0.00 M M 6.1 15 350 M M 0 19 340
12 64 25 45 3 20 0 0.00 M M 4.1 13 190 M M 0 14 180
13 68 24 46 4 19 0 0.00 M M 5.7 12 190 M M 0 14 180
14 67 24 46 4 19 0 0.00 M M 6.6 17 250 M M 0 23 260
15 58 33 46 4 19 0 0.00 M M 11.6 30 220 M M 1 40 200
16 50 29 40 -2 25 0 0.02 M M 10.7 29 230 M M 6 36 250
17 51 23 37 -5 28 0 0.00 M M 6.8 16 20 M M 1 21 330
18 59 20 40 -2 25 0 0.00 M M 3.7 10 190 M M 0 12 190
19 63 23 43 0 22 0 0.00 M M 5.0 12 140 M M 0 16 150
20 63 25 44 1 21 0 0.00 M M 8.0 25 240 M M 0 31 230
21 51 36 44 1 21 0 T M M 17.4 40 220 M M 0 55 200
22 46 36 41 -2 24 0 0.02 M M 15.4 29 200 M M 8 37 200
23 37 20 29 -14 36 0 0.32 M M 10.5 25 190 M M 9 128 35 180
24 36 9 23 -21 42 0 0.00 M M 5.0 10 280 M M 1 13 280
25 49 16 33 -11 32 0 0.00 M M 4.6 10 280 M M 0 13 280
26 51 21 36 -8 29 0 0.00 M M 4.6 12 10 M M 0 16 30
27 60 16 38 -6 27 0 0.00 M M 4.2 12 310 M M 0 13 310
28 65 28 47 3 18 0 0.00 M M 4.6 16 40 M M 0 19 40
================================================================================
SM 1543 641 720 0 0.36 M 193.8 M 33
================================================================================
AV 55.1 22.9 6.9 FASTST M M 1 MAX(MPH)
MISC ----> 40 220 55 200
================================================================================
NOTES:
# LAST OF SEVERAL OCCURRENCES
COLUMN 17 PEAK WIND IN M.P.H.
PRELIMINARY LOCAL CLIMATOLOGICAL DATA (WS FORM: F-6) , PAGE 2
STATION: PRESCOTT AZ AIRPORT
MONTH: FEBRUARY
YEAR: 2022
LATITUDE: 34 39 N
LONGITUDE: 112 26 W
[TEMPERATURE DATA] [PRECIPITATION DATA] SYMBOLS USED IN COLUMN 16
AVERAGE MONTHLY: 39.0 TOTAL FOR MONTH: 0.36 1 = FOG OR MIST
DPTR FM NORMAL: -3.3 DPTR FM NORMAL: -0.92 2 = FOG REDUCING VISIBILITY
HIGHEST: 68 ON 13 GRTST 24HR 0.34 ON 22-23 TO 1/4 MILE OR LESS
LOWEST: 9 ON 24 3 = THUNDER
SNOW, ICE PELLETS, HAIL 4 = ICE PELLETS
TOTAL MONTH: M 5 = HAIL
GRTST 24HR M ON M 6 = FREEZING RAIN OR DRIZZLE
GRTST DEPTH: M ON M 7 = DUSTSTORM OR SANDSTORM:
VSBY 1/2 MILE OR LESS
8 = SMOKE OR HAZE
[NO. OF DAYS WITH] [WEATHER - DAYS WITH] 9 = BLOWING SNOW
X = TORNADO
MAX 32 OR BELOW: 0 0.01 INCH OR MORE: 3
MAX 90 OR ABOVE: 0 0.10 INCH OR MORE: 1
MIN 32 OR BELOW: 24 0.50 INCH OR MORE: 0
MIN 0 OR BELOW: 0 1.00 INCH OR MORE: 0
[HDD (BASE 65) ]
TOTAL THIS MO. 720 CLEAR (SCALE 0-3) 24
DPTR FM NORMAL 83 PTCLDY (SCALE 4-7) 3
TOTAL FM JUL 1 3030 CLOUDY (SCALE 8-10) 1
DPTR FM NORMAL 1
[CDD (BASE 65) ]
TOTAL THIS MO. 0
DPTR FM NORMAL 0 [PRESSURE DATA]
TOTAL FM JAN 1 0 HIGHEST SLP M ON M
DPTR FM NORMAL 0 LOWEST SLP 29.58 ON 21
[REMARKS]
#FINAL-02-22#