000
CXUS54 KFWD 072153
CF6PRX
PRELIMINARY LOCAL CLIMATOLOGICAL DATA (WS FORM: F-6)
STATION: PARIS
MONTH: AUGUST
YEAR: 2022
LATITUDE: 33 37 N
LONGITUDE: 95 27 W
TEMPERATURE IN F: :PCPN: SNOW: WIND :SUNSHINE: SKY :PK WND
================================================================================
1 2 3 4 5 6A 6B 7 8 9 10 11 12 13 14 15 16 17 18
12Z AVG MX 2MIN
DY MAX MIN AVG DEP HDD CDD WTR SNW DPTH SPD SPD DIR MIN PSBL S-S WX SPD DR
================================================================================
1 94 78 86 0 0 21 T M M 8.9 15 190 M M 0 M M
2 102 77 90 4 0 25 T M M 9.2 16 200 M M 0 20 190
3 102 77 90 4 0 25 T M M 9.5 16 210 M M 1 20 160
4 98 76 87 1 0 22 T M M 6.8 17 220 M M 0 8 M M
5 104 75 90 4 0 25 0.00 M M 8.7 22 160 M M 2 8 30 150
6 98 74 86 0 0 21 0.00 M M 9.8 14 170 M M 2 22 150
7 99 74 87 1 0 22 0.00 M M 8.4 14 170 M M 4 20 190
8 102 77 90 4 0 25 0.07 M M 9.4 18 80 M M 2 28 80
9 84 74 79 -7 0 14 T M M 7.6 17 60 M M 1 23 60
10 98 73 86 0 0 21 T M M 5.1 17 200 M M 3 13 22 200
11 97 71 84 -2 0 19 0.00 M M 7.2 15 70 M M 2 18 70
12 97 73 85 -1 0 20 0.00 M M 7.3 16 90 M M 3 21 90
13 98 73 86 0 0 21 0.00 M M 8.4 13 90 M M 0 20 120
14 100 69 85 0 0 20 0.00 M M 6.7 12 220 M M 1 M M
15 101 76 89 4 0 24 0.00 M M 6.0 12 210 M M 1 17 220
16 103 75 89 4 0 24 0.00 M M 6.4 10 230 M M 0 M M
17 94 76 85 0 0 20 0.00 M M 8.9 18 20 M M 1 18 20
18 79 71 75 -10 0 10 0.76 M M 6.3 13 110 M M 9 1 M M
19 91 69 80 -5 0 15 0.00 M M 6.1 12 130 M M 3 1 M M
20 95 71 83 -2 0 18 0.00 M M 7.4 12 180 M M 3 M M
21 79 72 76 -9 0 11 0.49 M M 7.4 17 30 M M 5 1 17 30
22 76 72 74 -10 0 9 0.98 M M 10.5 16 50 M M 10 1 22 40
23 85 72 79 -5 0 14 0.05 M M 8.6 17 60 M M 9 1 M M
24 89 72 81 -3 0 16 T M M 6.8 14 60 M M 8 21 30
25 90 70 80 -4 0 15 0.00 M M 5.8 12 100 M M 3 16 70
26 92 72 82 -2 0 17 0.00 M M 6.3 13 100 M M 3 16 70
27 93 73 83 0 0 18 0.00 M M 7.8 13 110 M M 3 M M
28 95 75 85 2 0 20 T M M 9.7 14 180 M M 2 20 200
29 93 74 84 1 0 19 T M M 8.9 16 130 M M 3 22 140
30 87 75 81 -2 0 16 0.01 M M 5.7 12 120 M M 7 1 M M
31 94 71 83 1 0 18 T M M 3.4 8 220 M M 3 1 16 180
================================================================================
SM 2909 2277 0 585 2.36 M 234.9 M 94
================================================================================
AV 93.8 73.5 7.6 FASTST M M 3 MAX(MPH)
MISC ----> 22 160 30 150
================================================================================
NOTES:
# LAST OF SEVERAL OCCURRENCES
COLUMN 17 PEAK WIND IN M.P.H.
PRELIMINARY LOCAL CLIMATOLOGICAL DATA (WS FORM: F-6) , PAGE 2
STATION: PARIS
MONTH: AUGUST
YEAR: 2022
LATITUDE: 33 37 N
LONGITUDE: 95 27 W
[TEMPERATURE DATA] [PRECIPITATION DATA] SYMBOLS USED IN COLUMN 16
AVERAGE MONTHLY: 83.6 TOTAL FOR MONTH: 2.36 1 = FOG OR MIST
DPTR FM NORMAL: -1.2 DPTR FM NORMAL: 0.14 2 = FOG REDUCING VISIBILITY
HIGHEST: 104 ON 5 GRTST 24HR 0.98 ON 21-22 TO 1/4 MILE OR LESS
LOWEST: 69 ON 19,14 3 = THUNDER
SNOW, ICE PELLETS, HAIL 4 = ICE PELLETS
TOTAL MONTH: M 5 = HAIL
GRTST 24HR M ON M 6 = FREEZING RAIN OR DRIZZLE
GRTST DEPTH: M ON M 7 = DUSTSTORM OR SANDSTORM:
VSBY 1/2 MILE OR LESS
8 = SMOKE OR HAZE
[NO. OF DAYS WITH] [WEATHER - DAYS WITH] 9 = BLOWING SNOW
X = TORNADO
MAX 32 OR BELOW: 0 0.01 INCH OR MORE: 6
MAX 90 OR ABOVE: 24 0.10 INCH OR MORE: 3
MIN 32 OR BELOW: 0 0.50 INCH OR MORE: 2
MIN 0 OR BELOW: 0 1.00 INCH OR MORE: 0
[HDD (BASE 65) ]
TOTAL THIS MO. 0 CLEAR (SCALE 0-3) 21
DPTR FM NORMAL 0 PTCLDY (SCALE 4-7) 6
TOTAL FM JUL 1 0 CLOUDY (SCALE 8-10) 4
DPTR FM NORMAL 0
[CDD (BASE 65) ]
TOTAL THIS MO. 585
DPTR FM NORMAL -29 [PRESSURE DATA]
TOTAL FM JAN 1 2203 HIGHEST SLP 30.12 ON 7
DPTR FM NORMAL 164 LOWEST SLP 29.78 ON 28
[REMARKS]
#FINAL-08-22#