000
CXUS56 KPDT 011810
CF6PSC
PRELIMINARY LOCAL CLIMATOLOGICAL DATA (WS FORM: F-6)
STATION: PASCO WA
MONTH: APRIL
YEAR: 2023
LATITUDE: 46 16 N
LONGITUDE: 119 7 W
TEMPERATURE IN F: :PCPN: SNOW: WIND :SUNSHINE: SKY :PK WND
================================================================================
1 2 3 4 5 6A 6B 7 8 9 10 11 12 13 14 15 16 17 18
12Z AVG MX 2MIN
DY MAX MIN AVG DEP HDD CDD WTR SNW DPTH SPD SPD DIR MIN PSBL S-S WX SPD DR
================================================================================
1 60 40 50 0 15 0 0.00 M M 20.3 31 220 M M 4 43 240
2 56 33 45 -5 20 0 T M M 9.3 22 210 M M 5 31 200
3 51 33 42 -8 23 0 0.33 M M 7.6 18 80 M M 7 13 25 70
4 55 29 42 -8 23 0 0.00 M M 3.6 17 240 M M 3 21 240
5 58 29 44 -6 21 0 0.00 M M 7.5 17 190 M M 0 24 190
6 64 32 48 -2 17 0 T M M 4.0 12 350 M M 8 15 10
7 64 48 56 5 9 0 0.02 M M 11.1 25 210 M M 8 33 200
8 64 40 52 1 13 0 0.00 M M 7.0 20 220 M M 4 26 230
9 70 42 56 5 9 0 0.09 M M 4.7 20 240 M M 7 26 250
10 60 49 55 4 10 0 0.19 M M 6.2 17 300 M M 7 1 23 300
11 59 35 47 -5 18 0 0.07 M M 12.7 32 240 M M 5 42 230
12 56 30 43 -9 22 0 0.00 M M 5.0 15 260 M M 5 18 260
13 58 31 45 -7 20 0 0.00 M M 5.4 15 220 M M 1 20 220
14 62 34 48 -4 17 0 0.00 M M 3.2 9 320 M M 2 15 310
15 67 30 49 -3 16 0 0.00 M M 3.5 10 310 M M 2 13 300
16 65 44 55 2 10 0 T M M 9.0 30 230 M M 5 48 230
17 63 33 48 -5 17 0 0.05 M M 4.5 25 160 M M 4 3 33 140
18 60 39 50 -3 15 0 T M M 14.5 26 230 M M 1 35 250
19 60 35 48 -5 17 0 0.00 M M 10.2 22 200 M M 4 30 200
20 56 37 47 -7 18 0 0.05 M M 8.6 22 200 M M 4 28 200
21 59 39 49 -5 16 0 0.00 M M 6.8 15 200 M M 2 22 220
22 69 42 56 2 9 0 0.00 M M 2.7 10 70 M M 5 12 30
23 73 46 60 6 5 0 0.02 M M 8.9 25 270 M M 7 33 270
24 69 47 58 3 7 0 T M M 9.9 23 240 M M 7 30 240
25 71 37 54 -1 11 0 0.00 M M 5.4 15 200 M M 0 21 190
26 80 37 59 4 6 0 0.00 M M 4.6 18 310 M M 0 24 320
27 79 44 62 6 3 0 0.00 M M 5.6 15 360 M M 0 20 10
28 85 37 61 5 4 0 0.00 M M 3.2 9 330 M M 0 13 340
29 88 44 66 10 0 1 0.00 M M 2.1 8 340 M M 0 11 340
30 85 48 67 10 0 2 0.00 M M 10.7 28 210 M M 0 33 220
================================================================================
SM 1966 1144 391 3 0.82 M 217.8 M 107
================================================================================
AV 65.5 38.1 7.3 FASTST M M 4 MAX(MPH)
MISC ----> 32 240 48 230
================================================================================
NOTES:
# LAST OF SEVERAL OCCURRENCES
COLUMN 17 PEAK WIND IN M.P.H.
PRELIMINARY LOCAL CLIMATOLOGICAL DATA (WS FORM: F-6) , PAGE 2
STATION: PASCO WA
MONTH: APRIL
YEAR: 2023
LATITUDE: 46 16 N
LONGITUDE: 119 7 W
[TEMPERATURE DATA] [PRECIPITATION DATA] SYMBOLS USED IN COLUMN 16
AVERAGE MONTHLY: 51.8 TOTAL FOR MONTH: 0.82 1 = FOG OR MIST
DPTR FM NORMAL: -0.9 DPTR FM NORMAL: 0.16 2 = FOG REDUCING VISIBILITY
HIGHEST: 88 ON 29 GRTST 24HR 0.33 ON 3- 3 TO 1/4 MILE OR LESS
LOWEST: 29 ON 5, 4 3 = THUNDER
SNOW, ICE PELLETS, HAIL 4 = ICE PELLETS
TOTAL MONTH: M 5 = HAIL
GRTST 24HR M ON M 6 = FREEZING RAIN OR DRIZZLE
GRTST DEPTH: M ON M 7 = DUSTSTORM OR SANDSTORM:
VSBY 1/2 MILE OR LESS
8 = SMOKE OR HAZE
[NO. OF DAYS WITH] [WEATHER - DAYS WITH] 9 = BLOWING SNOW
X = TORNADO
MAX 32 OR BELOW: 0 0.01 INCH OR MORE: 8
MAX 90 OR ABOVE: 0 0.10 INCH OR MORE: 2
MIN 32 OR BELOW: 6 0.50 INCH OR MORE: 0
MIN 0 OR BELOW: 0 1.00 INCH OR MORE: 0
[HDD (BASE 65) ]
TOTAL THIS MO. 391 CLEAR (SCALE 0-3) 13
DPTR FM NORMAL 20 PTCLDY (SCALE 4-7) 16
TOTAL FM JUL 1 5042 CLOUDY (SCALE 8-10) 1
DPTR FM NORMAL 215
[CDD (BASE 65) ]
TOTAL THIS MO. 3
DPTR FM NORMAL 1 [PRESSURE DATA]
TOTAL FM JAN 1 3 HIGHEST SLP 30.42 ON 20
DPTR FM NORMAL 1 LOWEST SLP 29.62 ON 30
[REMARKS]
#FINAL-04-23#