000
CXUS56 KPDT 011810
CF6PSC
PRELIMINARY LOCAL CLIMATOLOGICAL DATA (WS FORM: F-6)
STATION: PASCO WA
MONTH: JUNE
YEAR: 2022
LATITUDE: 46 16 N
LONGITUDE: 119 7 W
TEMPERATURE IN F: :PCPN: SNOW: WIND :SUNSHINE: SKY :PK WND
================================================================================
1 2 3 4 5 6A 6B 7 8 9 10 11 12 13 14 15 16 17 18
12Z AVG MX 2MIN
DY MAX MIN AVG DEP HDD CDD WTR SNW DPTH SPD SPD DIR MIN PSBL S-S WX SPD DR
================================================================================
1 85 52 69 4 0 4 0.00 M M 5.4 12 20 M M 5 17 340
2 89 57 73 8 0 8 T M M 6.4 35 160 M M 2 43 160
3 79 56 68 2 0 3 0.06 M M 6.3 18 280 M M 4 25 280
4 77 57 67 1 0 2 0.02 M M 7.7 14 140 M M 7 20 50
5 85 60 73 7 0 8 0.05 M M 12.0 33 220 M M 5 44 230
6 81 54 68 2 0 3 T M M 8.3 25 210 M M 3 3 31 210
7 87 47 67 1 0 2 0.00 M M 4.0 13 70 M M 1 19 80
8 87 61 74 8 0 9 T M M 8.9 18 220 M M 3 23 210
9 88 59 74 8 0 9 T M M 6.9 18 290 M M 4 24 300
10 79 63 71 4 0 6 0.48 M M 9.0 18 210 M M 9 1 24 250
11 82 60 71 4 0 6 0.03 M M 11.3 22 200 M M 6 30 200
12 70 54 62 -5 3 0 0.36 M M 8.7 21 240 M M 8 1 28 230
13 72 52 62 -5 3 0 0.08 M M 15.0 26 270 M M 8 36 280
14 75 53 64 -3 1 0 0.00 M M 15.8 26 230 M M 2 35 230
15 80 50 65 -3 0 0 0.00 M M 7.5 15 350 M M 0 19 350
16 82 56 69 1 0 4 0.00 M M 5.8 13 140 M M 0 23 240
17 80 58 69 1 0 4 0.03 M M 8.2 21 220 M M 4 26 200
18 69 56 63 -5 2 0 T M M 10.4 23 210 M M 9 29 210
19 79 54 67 -1 0 2 T M M 7.9 20 220 M M 7 27 210
20 81 55 68 -1 0 3 0.00 M M 8.0 15 220 M M 0 22 260
21 90 49 70 1 0 5 0.00 M M 3.1 12 120 M M 0 17 150
22 96 54 75 6 0 10 0.00 M M 7.4 21 300 M M 0 36 260
23 86 56 71 2 0 6 0.00 M M 7.2 20 320 M M 0 27 320
24 85 55 70 0 0 5 0.00 M M 9.3 20 320 M M 1 26 310
25 94 48 71 1 0 6 0.00 M M 6.2 16 50 M M 0 26 60
26 100 52 76 6 0 11 0.00 M M 5.3 10 340 M M 0 17 350
27 105 57 81 11 0 16 0.00 M M 4.6 9 340 M M 0 16 320
28 92 67 80 9 0 15 0.00 M M 15.9 30 250 M M 0 42 220
29 89 56 73 2 0 8 0.00 M M 6.5 15 110 M M 0 21 140
30 91 53 72 1 0 7 0.00 M M 2.8 9 310 M M 0 13 350
================================================================================
SM 2535 1661 9 162 1.11 M 241.8 M 88
================================================================================
AV 84.5 55.4 8.1 FASTST M M 3 MAX(MPH)
MISC ----> 35 160 44 230
================================================================================
NOTES:
# LAST OF SEVERAL OCCURRENCES
COLUMN 17 PEAK WIND IN M.P.H.
PRELIMINARY LOCAL CLIMATOLOGICAL DATA (WS FORM: F-6) , PAGE 2
STATION: PASCO WA
MONTH: JUNE
YEAR: 2022
LATITUDE: 46 16 N
LONGITUDE: 119 7 W
[TEMPERATURE DATA] [PRECIPITATION DATA] SYMBOLS USED IN COLUMN 16
AVERAGE MONTHLY: 69.9 TOTAL FOR MONTH: 1.11 1 = FOG OR MIST
DPTR FM NORMAL: 2.1 DPTR FM NORMAL: 0.50 2 = FOG REDUCING VISIBILITY
HIGHEST: 105 ON 27 GRTST 24HR 0.50 ON 10-11 TO 1/4 MILE OR LESS
LOWEST: 47 ON 7 3 = THUNDER
SNOW, ICE PELLETS, HAIL 4 = ICE PELLETS
TOTAL MONTH: M 5 = HAIL
GRTST 24HR M ON M 6 = FREEZING RAIN OR DRIZZLE
GRTST DEPTH: M ON M 7 = DUSTSTORM OR SANDSTORM:
VSBY 1/2 MILE OR LESS
8 = SMOKE OR HAZE
[NO. OF DAYS WITH] [WEATHER - DAYS WITH] 9 = BLOWING SNOW
X = TORNADO
MAX 32 OR BELOW: 0 0.01 INCH OR MORE: 8
MAX 90 OR ABOVE: 7 0.10 INCH OR MORE: 2
MIN 32 OR BELOW: 0 0.50 INCH OR MORE: 0
MIN 0 OR BELOW: 0 1.00 INCH OR MORE: 0
[HDD (BASE 65) ]
TOTAL THIS MO. 9 CLEAR (SCALE 0-3) 17
DPTR FM NORMAL -24 PTCLDY (SCALE 4-7) 11
TOTAL FM JUL 1 4630 CLOUDY (SCALE 8-10) 2
DPTR FM NORMAL -379
[CDD (BASE 65) ]
TOTAL THIS MO. 162
DPTR FM NORMAL 44 [PRESSURE DATA]
TOTAL FM JAN 1 173 HIGHEST SLP 30.28 ON 21
DPTR FM NORMAL 14 LOWEST SLP 29.59 ON 17
[REMARKS]
#FINAL-06-22#