000
CXUS56 KPDT 011910
CF6PSC
PRELIMINARY LOCAL CLIMATOLOGICAL DATA (WS FORM: F-6)
STATION: PASCO WA
MONTH: NOVEMBER
YEAR: 2021
LATITUDE: 46 16 N
LONGITUDE: 119 7 W
TEMPERATURE IN F: :PCPN: SNOW: WIND :SUNSHINE: SKY :PK WND
================================================================================
1 2 3 4 5 6A 6B 7 8 9 10 11 12 13 14 15 16 17 18
12Z AVG MX 2MIN
DY MAX MIN AVG DEP HDD CDD WTR SNW DPTH SPD SPD DIR MIN PSBL S-S WX SPD DR
================================================================================
1 50 31 41 -5 24 0 0.03 M M 3.2 9 240 M M 5 1 12 240
2 52 36 44 -1 21 0 0.01 M M 4.4 9 310 M M 7 1 13 310
3 53 41 47 2 18 0 0.00 M M 2.6 9 330 M M 9 18 12 70
4 67 49 58 14 7 0 0.18 M M 12.6 33 230 M M 7 18 46 230
5 57 36 47 3 18 0 T M M 4.8 16 180 M M 5 20 180
6 58 35 47 3 18 0 T M M 9.2 23 210 M M 4 31 220
7 57 38 48 4 17 0 0.00 M M 8.2 20 210 M M 2 27 220
8 61 34 48 5 17 0 0.00 M M 4.9 14 80 M M 0 18 90
9 58 40 49 6 16 0 0.13 M M 9.6 26 240 M M 6 1 35 230
10 57 41 49 7 16 0 T M M 6.0 16 240 M M 2 23 240
11 50 43 47 5 18 0 0.59 M M 4.0 15 310 M M 10 1 17 320
12 55 45 50 8 15 0 0.14 M M 3.3 20 310 M M 9 1 24 310
13 59 35 47 5 18 0 0.00 M M 3.5 12 30 M M 3 1 15 20
14 71 48 60 19 5 0 0.00 M M 16.0 36 220 M M 1 48 210
15 68 45 57 16 8 0 0.00 M M 14.1 39 230 M M 1 52 240
16 55 29 42 1 23 0 0.00 M M 10.2 24 240 M M 0 31 250
17 50 23 37 -3 28 0 0.00 M M 5.2 12 310 M M 0 15 310
18 43 32 38 -2 27 0 0.09 M M 5.9 16 310 M M 8 1 20 310
19 44 30 37 -3 28 0 0.23 M M 4.0 9 280 M M 7 1 11 280
20 47 27 37 -2 28 0 0.00 M M 4.7 9 20 M M 4 12 13 340
21 38 32 35 -4 30 0 0.00 M M 2.3 9 30 M M 10 1 13 20
22 39 36 38 -1 27 0 T M M 3.9 10 250 M M 10 18 13 260
23 55 31 43 4 22 0 0.06 M M 8.5 22 260 M M 6 1 30 260
24 51 30 41 3 24 0 0.00 M M 4.9 13 160 M M 1 18 210
25 52 36 44 6 21 0 T M M 3.5 17 190 M M 5 21 180
26 61 45 53 15 12 0 T M M 11.9 26 230 M M 2 35 240
27 56 41 49 12 16 0 T M M 2.9 12 130 M M 4 12 140
28 65 52 59 22 6 0 0.00 M M 11.5 26 210 M M 1 34 210
29 64 48 56 19 9 0 T M M 8.9 21 210 M M 4 24 210
30 64 48 56 19 9 0 0.00 M M 17.3 38 230 M M 4 49 240
================================================================================
SM 1657 1137 546 0 1.46 M 212.0 M 137
================================================================================
AV 55.2 37.9 7.1 FASTST M M 5 MAX(MPH)
MISC ----> 39 230 52 240
================================================================================
NOTES:
# LAST OF SEVERAL OCCURRENCES
COLUMN 17 PEAK WIND IN M.P.H.
PRELIMINARY LOCAL CLIMATOLOGICAL DATA (WS FORM: F-6) , PAGE 2
STATION: PASCO WA
MONTH: NOVEMBER
YEAR: 2021
LATITUDE: 46 16 N
LONGITUDE: 119 7 W
[TEMPERATURE DATA] [PRECIPITATION DATA] SYMBOLS USED IN COLUMN 16
AVERAGE MONTHLY: 46.6 TOTAL FOR MONTH: 1.46 1 = FOG OR MIST
DPTR FM NORMAL: 5.7 DPTR FM NORMAL: 0.59 2 = FOG REDUCING VISIBILITY
HIGHEST: 71 ON 14 GRTST 24HR 0.61 ON 11-12 TO 1/4 MILE OR LESS
LOWEST: 23 ON 17 3 = THUNDER
SNOW, ICE PELLETS, HAIL 4 = ICE PELLETS
TOTAL MONTH: M 5 = HAIL
GRTST 24HR M ON M 6 = FREEZING RAIN OR DRIZZLE
GRTST DEPTH: M ON M 7 = DUSTSTORM OR SANDSTORM:
VSBY 1/2 MILE OR LESS
8 = SMOKE OR HAZE
[NO. OF DAYS WITH] [WEATHER - DAYS WITH] 9 = BLOWING SNOW
X = TORNADO
MAX 32 OR BELOW: 0 0.01 INCH OR MORE: 9
MAX 90 OR ABOVE: 0 0.10 INCH OR MORE: 5
MIN 32 OR BELOW: 9 0.50 INCH OR MORE: 1
MIN 0 OR BELOW: 0 1.00 INCH OR MORE: 0
[HDD (BASE 65) ]
TOTAL THIS MO. 546 CLEAR (SCALE 0-3) 10
DPTR FM NORMAL -177 PTCLDY (SCALE 4-7) 15
TOTAL FM JUL 1 927 CLOUDY (SCALE 8-10) 5
DPTR FM NORMAL -291
[CDD (BASE 65) ]
TOTAL THIS MO. 0
DPTR FM NORMAL 0 [PRESSURE DATA]
TOTAL FM JAN 1 1252 HIGHEST SLP 30.60 ON 21
DPTR FM NORMAL 464 LOWEST SLP 29.55 ON 15
[REMARKS]
#FINAL-11-21#