000
CXUS56 KPDT 011810
CF6PSC
PRELIMINARY LOCAL CLIMATOLOGICAL DATA (WS FORM: F-6)
STATION: PASCO WA
MONTH: JUNE
YEAR: 2021
LATITUDE: 46 16 N
LONGITUDE: 119 7 W
TEMPERATURE IN F: :PCPN: SNOW: WIND :SUNSHINE: SKY :PK WND
================================================================================
1 2 3 4 5 6A 6B 7 8 9 10 11 12 13 14 15 16 17 18
12Z AVG MX 2MIN
DY MAX MIN AVG DEP HDD CDD WTR SNW DPTH SPD SPD DIR MIN PSBL S-S WX SPD DR
================================================================================
1 98 57 78 13 0 13 0.00 M M 2.3 8 350 M M 0 12 350
2 104 57 81 16 0 16 0.00 M M 4.3 12 90 M M 0 17 100
3 99 66 83 17 0 18 0.00 M M 5.9 18 320 M M 0 28 320
4 92 59 76 10 0 11 0.00 M M 8.4 20 280 M M 0 25 290
5 80 55 68 2 0 3 0.00 M M 15.8 35 220 M M 1 50 210
6 70 47 59 -7 6 0 0.00 M M 9.4 23 230 M M 2 30 230
7 70 54 62 -4 3 0 T M M 7.0 20 220 M M 3 8 24 200
8 79 50 65 -1 0 0 T M M 5.7 20 220 M M 3 25 220
9 78 58 68 2 0 3 0.00 M M 8.0 18 310 M M 3 24 300
10 79 51 65 -2 0 0 0.00 M M 11.6 24 210 M M 0 33 230
11 76 51 64 -3 1 0 0.07 M M 5.4 15 270 M M 5 1 20 210
12 86 59 73 6 0 8 0.02 M M 7.9 14 350 M M 1 19 90
13 94 62 78 11 0 13 0.00 M M 7.0 32 310 M M 0 43 270
14 89 61 75 8 0 10 T M M 6.4 20 310 M M 4 33 280
15 76 57 67 -1 0 2 0.10 M M 8.4 28 240 M M 5 39 250
16 82 47 65 -3 0 0 0.00 M M 3.6 10 20 M M 0 16 30
17 90 46 68 0 0 3 0.00 M M 3.9 12 90 M M 0 17 50
18 95 49 72 4 0 7 0.00 M M 3.9 15 310 M M 0 18 300
19 93 54 74 6 0 9 0.00 M M 7.8 22 320 M M 0 30 330
20 91 63 77 8 0 12 0.00 M M 7.5 15 340 M M 0 M M
21 96 59 78 9 0 13 0.00 M M 4.1 9 350 M M 0 16 330
22 98 62 80 11 0 15 0.00 M M 9.1 24 200 M M 0 8 33 200
23 99 72 86 17 0 21 0.00 M M 10.1 21 310 M M 0 29 310
24 99 57 78 8 0 13 0.00 M M 4.0 13 360 M M 0 17 320
25 99 69 84 14 0 19 0.00 M M 5.0 14 10 M M 2 8 18 350
26 110 64 87 17 0 22 0.00 M M 6.7 17 50 M M 0 26 80
27 115 67 91 21 0 26 0.00 M M 6.9 21 60 M M 0 26 60
28 114 70 92 21 0 27 0.00 M M 5.5 12 340 M M 0 13 350
29 113 69 91 20 0 26 0.00 M M 5.9 12 330 M M 0 8 15 340
30 113 74 94 23 0 29 0.00 M M 13.4 37 200 M M 0 8 48 200
================================================================================
SM 2777 1766 10 339 0.19 M 210.9 M 29
================================================================================
AV 92.6 58.9 7.0 FASTST M M 1 MAX(MPH)
MISC ----> 37 200 50 210
================================================================================
NOTES:
# LAST OF SEVERAL OCCURRENCES
COLUMN 17 PEAK WIND IN M.P.H.
PRELIMINARY LOCAL CLIMATOLOGICAL DATA (WS FORM: F-6) , PAGE 2
STATION: PASCO WA
MONTH: JUNE
YEAR: 2021
LATITUDE: 46 16 N
LONGITUDE: 119 7 W
[TEMPERATURE DATA] [PRECIPITATION DATA] SYMBOLS USED IN COLUMN 16
AVERAGE MONTHLY: 75.7 TOTAL FOR MONTH: 0.19 1 = FOG OR MIST
DPTR FM NORMAL: 7.9 DPTR FM NORMAL: -0.42 2 = FOG REDUCING VISIBILITY
HIGHEST: 115 ON 27 GRTST 24HR 0.10 ON 15-15 TO 1/4 MILE OR LESS
LOWEST: 46 ON 17 3 = THUNDER
SNOW, ICE PELLETS, HAIL 4 = ICE PELLETS
TOTAL MONTH: M 5 = HAIL
GRTST 24HR M ON M 6 = FREEZING RAIN OR DRIZZLE
GRTST DEPTH: M ON M 7 = DUSTSTORM OR SANDSTORM:
VSBY 1/2 MILE OR LESS
8 = SMOKE OR HAZE
[NO. OF DAYS WITH] [WEATHER - DAYS WITH] 9 = BLOWING SNOW
X = TORNADO
MAX 32 OR BELOW: 0 0.01 INCH OR MORE: 3
MAX 90 OR ABOVE: 19 0.10 INCH OR MORE: 1
MIN 32 OR BELOW: 0 0.50 INCH OR MORE: 0
MIN 0 OR BELOW: 0 1.00 INCH OR MORE: 0
[HDD (BASE 65) ]
TOTAL THIS MO. 10 CLEAR (SCALE 0-3) 25
DPTR FM NORMAL -23 PTCLDY (SCALE 4-7) 5
TOTAL FM JUL 1 4532 CLOUDY (SCALE 8-10) 0
DPTR FM NORMAL -477
[CDD (BASE 65) ]
TOTAL THIS MO. 339
DPTR FM NORMAL 221 [PRESSURE DATA]
TOTAL FM JAN 1 392 HIGHEST SLP 30.34 ON 16
DPTR FM NORMAL 233 LOWEST SLP 29.52 ON 29
[REMARKS]
#FINAL-06-21#