000
CXUS55 KALY 010810
CF6PSF
PRELIMINARY LOCAL CLIMATOLOGICAL DATA (WS FORM: F-6)
STATION: PITTSFIELD MA
MONTH: NOVEMBER
YEAR: 2023
LATITUDE: 42 25 N
LONGITUDE: 73 18 W
TEMPERATURE IN F: :PCPN: SNOW: WIND :SUNSHINE: SKY :PK WND
================================================================================
1 2 3 4 5 6A 6B 7 8 9 10 11 12 13 14 15 16 17 18
12Z AVG MX 2MIN
DY MAX MIN AVG DEP HDD CDD WTR SNW DPTH SPD SPD DIR MIN PSBL S-S WX SPD DR
================================================================================
1 38 27 33 -10 32 0 0.20 M M 5.3 16 290 M M 7 12 22 300
2 44 23 34 -8 31 0 0.00 M M 4.1 13 270 M M 3 18 270
3 53 29 41 -1 24 0 0.00 M M 7.5 21 230 M M 4 30 180
4 58 36 47 5 18 0 T M M 3.5 16 210 M M 4 26 240
5 54 33 44 3 21 0 0.00 M M 5.1 17 290 M M 6 25 290
6 49 27 38 -3 27 0 0.16 M M 3.3 15 160 M M 4 1 30 150
7 63 42 53 12 12 0 0.02 M M 13.0 26 280 M M 7 42 290
8 41 30 36 -4 29 0 T M M 9.2 28 300 M M 5 46 310
9 44 32 38 -2 27 0 0.07 M M 4.9 15 310 M M 9 16 23 300
10 47 38 43 3 22 0 0.00 M M 9.8 17 260 M M 3 24 280
11 43 28 36 -3 29 0 0.00 M M 9.0 21 300 M M 5 30 310
12 39 22 31 -8 34 0 0.00 M M 4.2 13 290 M M 3 19 310
13 40 18 29 -10 36 0 0.00 M M 1.4 12 230 M M 4 15 240
14 43 27 35 -3 30 0 0.01 M M 4.6 16 280 M M 10 1 24 280
15 48 25 37 -1 28 0 0.00 M M 4.7 12 230 M M 1 19 220
16 58 28 43 5 22 0 0.00 M M 2.3 15 270 M M 0 1 20 270
17 61 29 45 8 20 0 0.05 M M 6.9 24 220 M M 3 1 43 210
18 56 29 43 6 22 0 0.06 M M 8.8 17 280 M M 7 1 26 310
19 44 26 35 -2 30 0 T M M 7.6 23 290 M M 4 31 290
20 37 21 29 -7 36 0 0.00 M M 5.1 16 290 M M 1 20 290
21 34 14 24 -12 41 0 0.12 M M 6.6 20 130 M M 4 1 32 110
22 43 34 39 3 26 0 0.42 M M 5.6 18 120 M M 10 18 27 110
23 42 37 40 5 25 0 0.01 M M 11.7 25 300 M M 10 1 41 320
24 41 22 32 -3 33 0 0.00 M M 12.5 24 290 M M 7 38 290
25 35 18 27 -8 38 0 0.00 M M 4.9 14 300 M M 0 20 300
26 41 18 30 -4 35 0 0.17 M M 5.8 18 110 M M 4 1 33 110
27 41 30 36 2 29 0 0.47 M M 7.9 21 270 M M 8 1 29 300
28 32 25 29 -5 36 0 T M M 14.4 24 290 M M 8 1 35 290
29 31 18 25 -8 40 0 T M M 8.7 25 290 M M 4 37 270
30 43 24 34 1 31 0 0.00 M M 6.8 17 210 M M 3 27 250
================================================================================
SM 1343 810 864 0 1.76 M 205.2 M 148
================================================================================
AV 44.8 27.0 6.8 FASTST M M 5 MAX(MPH)
MISC ----> 28 300 46 310
================================================================================
NOTES:
# LAST OF SEVERAL OCCURRENCES
COLUMN 17 PEAK WIND IN M.P.H.
PRELIMINARY LOCAL CLIMATOLOGICAL DATA (WS FORM: F-6) , PAGE 2
STATION: PITTSFIELD MA
MONTH: NOVEMBER
YEAR: 2023
LATITUDE: 42 25 N
LONGITUDE: 73 18 W
[TEMPERATURE DATA] [PRECIPITATION DATA] SYMBOLS USED IN COLUMN 16
AVERAGE MONTHLY: 35.9 TOTAL FOR MONTH: 1.76 1 = FOG OR MIST
DPTR FM NORMAL: -2.0 DPTR FM NORMAL: -1.76 2 = FOG REDUCING VISIBILITY
HIGHEST: 63 ON 7 GRTST 24HR 0.64 ON 26-27 TO 1/4 MILE OR LESS
LOWEST: 14 ON 21 3 = THUNDER
SNOW, ICE PELLETS, HAIL 4 = ICE PELLETS
TOTAL MONTH: M 5 = HAIL
GRTST 24HR M ON M 6 = FREEZING RAIN OR DRIZZLE
GRTST DEPTH: M ON M 7 = DUSTSTORM OR SANDSTORM:
VSBY 1/2 MILE OR LESS
8 = SMOKE OR HAZE
[NO. OF DAYS WITH] [WEATHER - DAYS WITH] 9 = BLOWING SNOW
X = TORNADO
MAX 32 OR BELOW: 2 0.01 INCH OR MORE: 12
MAX 90 OR ABOVE: 0 0.10 INCH OR MORE: 6
MIN 32 OR BELOW: 24 0.50 INCH OR MORE: 0
MIN 0 OR BELOW: 0 1.00 INCH OR MORE: 0
[HDD (BASE 65) ]
TOTAL THIS MO. 864 CLEAR (SCALE 0-3) 8
DPTR FM NORMAL 51 PTCLDY (SCALE 4-7) 16
TOTAL FM JUL 1 1435 CLOUDY (SCALE 8-10) 6
DPTR FM NORMAL -147
[CDD (BASE 65) ]
TOTAL THIS MO. 0
DPTR FM NORMAL 0 [PRESSURE DATA]
TOTAL FM JAN 1 421 HIGHEST SLP 30.55 ON 21
DPTR FM NORMAL 76 LOWEST SLP 29.55 ON 27
[REMARKS]
#FINAL-11-23#