000
CXUS51 KALY 010815
CLMPSF
CLIMATE REPORT
NATIONAL WEATHER SERVICE ALBANY NY
415 AM EDT SUN OCT 01 2023
...................................
...THE PITTSFIELD MA CLIMATE SUMMARY FOR THE MONTH OF SEPTEMBER 2023...
CLIMATE NORMAL PERIOD: 1991 TO 2020
CLIMATE RECORD PERIOD: 9999 TO 9999
WEATHER OBSERVED NORMAL DEPART LAST YEAR`S
VALUE DATE(S) VALUE FROM VALUE DATE(S)
NORMAL
................................................................
TEMPERATURE (F)
HIGHEST 89 09/07 83 09/04
LOWEST 36 09/27 34 09/30
AVG. MAXIMUM 71.2 70.4 0.8 70.0
AVG. MINIMUM 51.8 48.9 2.9 49.6
MEAN 61.5 59.7 1.8 59.8
DAYS MAX >= 90 0 0.1 -0.1 0
DAYS MAX <= 32 0 0.0 0.0 0
DAYS MIN <= 32 0 0.4 -0.4 0
DAYS MIN <= 0 0 0.0 0.0 0
PRECIPITATION (INCHES)
TOTALS 3.06 4.50 -1.44 4.96
DAILY AVG. 0.11 0.17
DAYS >= .01 13 12
DAYS >= .10 7 8
DAYS >= .50 2 4
DAYS >= 1.00 0 2
GREATEST
24 HR. TOTAL 0.93 09/29 TO 09/30
DEGREE DAYS
HEATING TOTAL 166 190 -24 166
SINCE 7/1 200 251 -51 MM
COOLING TOTAL 68 30 38 16
SINCE 1/1 417 343 74 MM
................................................................
WIND (MPH)
AVERAGE WIND SPEED 4.5
HIGHEST WIND SPEED/DIRECTION 25/250 DATE 09/07
HIGHEST GUST SPEED/DIRECTION 37/250 DATE 09/07
SKY COVER
AVERAGE SKY COVER 0.49
AVERAGE RH (PERCENT) 78
WEATHER CONDITIONS. NUMBER OF DAYS WITH
THUNDERSTORM 4 MIXED PRECIP 0
HEAVY RAIN 4 RAIN 8
LIGHT RAIN 15 FREEZING RAIN 0
LT FREEZING RAIN 0 HAIL 0
HEAVY SNOW 0 SNOW 0
LIGHT SNOW 0 SLEET 0
FOG 24 FOG W/VIS <= 1/4 MILE 16
HAZE 2
- INDICATES NEGATIVE NUMBERS.
R INDICATES RECORD WAS SET OR TIED.
MM INDICATES DATA IS MISSING.
T INDICATES TRACE AMOUNT.
$$