000
CXUS51 KGYX 020047
CF6PWM
PRELIMINARY LOCAL CLIMATOLOGICAL DATA (WS FORM: F-6)
STATION: PORTLAND ME
MONTH: SEPTEMBER
YEAR: 2020
LATITUDE: 43 39 N
LONGITUDE: 70 19 W
TEMPERATURE IN F: :PCPN: SNOW: WIND :SUNSHINE: SKY :PK WND
================================================================================
1 2 3 4 5 6A 6B 7 8 9 10 11 12 13 14 15 16 17 18
12Z AVG MX 2MIN
DY MAX MIN AVG DEP HDD CDD WTR SNW DPTH SPD SPD DIR MIN PSBL S-S WX SPD DR
================================================================================
1 72 56 64 -1 1 0 0.00 0.0 0 6.4 17 150 M M 5 25 170
2 71 60 66 1 0 1 0.11 0.0 0 6.5 16 160 M M 9 1 23 150
3 75 64 70 5 0 5 T 0.0 0 3.4 8 110 M M 8 1 11 210
4 86 59 73 9 0 8 0.00 0.0 0 6.6 16 280 M M 2 1 22 250
5 79 51 65 1 0 0 0.00 0.0 0 5.8 17 300 M M 1 22 280
6 76 57 67 3 0 2 0.00 0.0 0 4.3 16 160 M M 5 19 150
7 76 57 67 4 0 2 0.00 0.0 0 8.8 22 180 M M 4 33 150
8 80 63 72 9 0 7 0.00 0.0 0 6.2 15 160 M M 3 1 19 160
9 75 65 70 7 0 5 0.00 0.0 0 4.9 12 160 M M 9 12 15 170
10 83 66 75 13 0 10 0.08 0.0 0 4.6 13 190 M M 7 12 17 210
11 73 55 64 2 1 0 0.00 0.0 0 10.0 17 360 M M 6 24 10
12 70 47 59 -3 6 0 0.00 0.0 0 4.6 13 150 M M 2 19 200
13 69 45 57 -4 8 0 0.00 0.0 0 8.1 17 170 M M 4 25 200
14 77 50 64 3 1 0 0.00 0.0 0 10.7 21 360 M M 3 27 330
15 64 40 52 -8 13 0 0.00 0.0 0 4.5 13 180 M M 1 16 200
16 74 47 61 1 4 0 0.00 0.0 0 8.4 21 220 M M 1 27 230
17 75 58 67 7 0 2 T 0.0 0 7.5 15 360 M M 5 21 220
18 68 50 59 0 6 0 T 0.0 0 10.5 20 340 M M 6 25 330
19 64 44 54 -5 11 0 0.00 0.0 0 9.2 18 310 M M 1 27 330
20 64 36 50 -9 15 0 0.00 0.0 0 6.4 17 350 M M 1 22 350
21 64 34 49 -9 16 0 0.00 0.0 0 5.0 13 120 M M 1 16 120
22 67 39 53 -5 12 0 0.00 0.0 0 10.9 23 340 M M 5 29 360
23 81 55 68 11 0 3 T 0.0 0 10.6 22 330 M M 2 35 330
24 85 51 68 11 0 3 0.00 0.0 0 4.3 17 280 M M 4 22 280
25 69 55 62 5 3 0 0.00 0.0 0 5.0 12 140 M M 2 14 80
26 66 56 61 5 4 0 0.00 0.0 0 4.3 13 160 M M 9 128 16 160
27 75 57 66 10 0 1 0.00 0.0 0 6.0 17 180 M M 8 128 22 190
28 70 65 68 13 0 3 0.05 0.0 0 7.9 14 190 M M 10 12 21 200
29 74 63 69 14 0 4 0.01 0.0 0 7.2 15 160 M M 8 12 21 170
30 76 58 67 13 0 2 0.43 0.0 0 12.7 33 190 M M 6 18 53 190
================================================================================
SM 2198 1603 101 58 0.68 0.0 211.3 M 138
================================================================================
AV 73.3 53.4 7.0 FASTST M M 5 MAX(MPH)
MISC ----> # 33 190 # 53 190
================================================================================
NOTES:
# LAST OF SEVERAL OCCURRENCES
COLUMN 17 PEAK WIND IN M.P.H.
PRELIMINARY LOCAL CLIMATOLOGICAL DATA (WS FORM: F-6) , PAGE 2
STATION: PORTLAND ME
MONTH: SEPTEMBER
YEAR: 2020
LATITUDE: 43 39 N
LONGITUDE: 70 19 W
[TEMPERATURE DATA] [PRECIPITATION DATA] SYMBOLS USED IN COLUMN 16
AVERAGE MONTHLY: 63.4 TOTAL FOR MONTH: 0.68 1 = FOG OR MIST
DPTR FM NORMAL: 3.3 DPTR FM NORMAL: -3.01 2 = FOG REDUCING VISIBILITY
HIGHEST: 86 ON 4 GRTST 24HR 0.43 ON 30-30 TO 1/4 MILE OR LESS
LOWEST: 34 ON 21 3 = THUNDER
SNOW, ICE PELLETS, HAIL 4 = ICE PELLETS
TOTAL MONTH: 0.0 INCH 5 = HAIL
GRTST 24HR 0.0 6 = FREEZING RAIN OR DRIZZLE
GRTST DEPTH: 0 7 = DUSTSTORM OR SANDSTORM:
VSBY 1/2 MILE OR LESS
8 = SMOKE OR HAZE
[NO. OF DAYS WITH] [WEATHER - DAYS WITH] 9 = BLOWING SNOW
X = TORNADO
MAX 32 OR BELOW: 0 0.01 INCH OR MORE: 5
MAX 90 OR ABOVE: 0 0.10 INCH OR MORE: 2
MIN 32 OR BELOW: 0 0.50 INCH OR MORE: 0
MIN 0 OR BELOW: 0 1.00 INCH OR MORE: 0
[HDD (BASE 65) ]
TOTAL THIS MO. 101 CLEAR (SCALE 0-3) 11
DPTR FM NORMAL -75 PTCLDY (SCALE 4-7) 15
TOTAL FM JUL 1 116 CLOUDY (SCALE 8-10) 4
DPTR FM NORMAL -105
[CDD (BASE 65) ]
TOTAL THIS MO. 58
DPTR FM NORMAL 28 [PRESSURE DATA]
TOTAL FM JAN 1 681 HIGHEST SLP M ON M
DPTR FM NORMAL 323 LOWEST SLP 29.35 ON 30
[REMARKS]
#FINAL-09-20#