000
CXUS56 KSGX 011045
CF6RAL
PRELIMINARY LOCAL CLIMATOLOGICAL DATA (WS FORM: F-6)
STATION: RIVERSIDE MUNI AIRPORT CA
MONTH: MAY
YEAR: 2022
LATITUDE: 33 57 N
LONGITUDE: 117 27 W
TEMPERATURE IN F: :PCPN: SNOW: WIND :SUNSHINE: SKY :PK WND
================================================================================
1 2 3 4 5 6A 6B 7 8 9 10 11 12 13 14 15 16 17 18
12Z AVG MX 2MIN
DY MAX MIN AVG DEP HDD CDD WTR SNW DPTH SPD SPD DIR MIN PSBL S-S WX SPD DR
================================================================================
1 78 53 66 1 0 1 0.00 M M 5.6 21 270 M M 0 27 270
2 79 56 68 2 0 3 0.00 M M 6.3 20 270 M M 4 26 270
3 76 57 67 1 0 2 T M M 6.6 17 270 M M 5 18 25 270
4 89 52 71 5 0 6 0.00 M M 5.0 20 270 M M 0 8 26 270
5 88 55 72 6 0 7 0.00 M M 5.5 18 260 M M 0 18 23 270
6 86 56 71 5 0 6 0.00 M M 5.4 20 270 M M 0 24 270
7 81 56 69 3 0 4 0.00 M M 6.3 21 270 M M 1 27 270
8 72 55 64 -2 1 0 T M M 7.0 18 240 M M 7 25 270
9 71 53 62 -5 3 0 0.00 M M 6.4 21 270 M M 5 25 270
10 73 47 60 -7 5 0 0.00 M M 6.8 22 250 M M 0 28 250
11 72 45 59 -8 6 0 T M M 6.5 22 260 M M 0 27 270
12 85 47 66 -1 0 1 0.00 M M 6.3 23 260 M M 0 26 240
13 95 55 75 8 0 10 0.00 M M 6.0 20 270 M M 0 25 270
14 98 61 80 13 0 15 0.00 M M 5.6 18 260 M M 0 24 250
15 91 61 76 8 0 11 0.00 M M 5.7 20 270 M M 0 25 270
16 82 56 69 1 0 4 0.00 M M 6.3 18 270 M M 0 24 270
17 79 55 67 -1 0 2 0.00 M M 5.6 20 270 M M 3 18 23 260
18 84 56 70 2 0 5 0.00 M M 6.6 18 270 M M 3 18 22 270
19 79 57 68 0 0 3 0.00 M M 6.8 20 260 M M 5 18 24 260
20 68 56 62 -6 3 0 0.00 M M 5.6 13 270 M M 10 18 18 270
21 74 57 66 -2 0 1 0.00 M M 7.9 21 270 M M 6 28 270
22 81 57 69 1 0 4 0.00 M M 7.3 21 270 M M 4 26 270
23 78 53 66 -3 0 1 0.00 M M 6.3 16 270 M M 2 18 21 250
24 88 57 73 4 0 8 0.00 M M 6.4 17 260 M M 2 18 22 260
25 86 57 72 3 0 7 0.00 M M 6.3 18 270 M M 0 23 280
26 88 57 73 4 0 8 0.00 M M 6.8 22 270 M M 0 18 27 270
27 82 55 69 0 0 4 0.00 M M 6.3 18 270 M M 3 8 22 270
28 68 56 62 -7 3 0 T M M 5.7 15 260 M M 9 18 19 270
29 76 58 67 -3 0 2 0.00 M M 6.3 17 260 M M 5 25 280
30 80 54 67 -3 0 2 0.00 M M 5.5 20 270 M M 2 27 270
31 83 55 69 -1 0 4 0.00 M M 4.7 18 270 M M 0 24 240
================================================================================
SM 2510 1705 21 121 T M 191.4 M 76
================================================================================
AV 81.0 55.0 6.2 FASTST M M 2 MAX(MPH)
MISC ----> 23 260 # 28 250
================================================================================
NOTES:
# LAST OF SEVERAL OCCURRENCES
COLUMN 17 PEAK WIND IN M.P.H.
PRELIMINARY LOCAL CLIMATOLOGICAL DATA (WS FORM: F-6) , PAGE 2
STATION: RIVERSIDE MUNI AIRPORT CA
MONTH: MAY
YEAR: 2022
LATITUDE: 33 57 N
LONGITUDE: 117 27 W
[TEMPERATURE DATA] [PRECIPITATION DATA] SYMBOLS USED IN COLUMN 16
AVERAGE MONTHLY: 68.0 TOTAL FOR MONTH: T 1 = FOG OR MIST
DPTR FM NORMAL: 0.4 DPTR FM NORMAL: -0.20 2 = FOG REDUCING VISIBILITY
HIGHEST: 98 ON 14 GRTST 24HR T ON 3- 3 TO 1/4 MILE OR LESS
LOWEST: 45 ON 11 3 = THUNDER
SNOW, ICE PELLETS, HAIL 4 = ICE PELLETS
TOTAL MONTH: M 5 = HAIL
GRTST 24HR M ON M 6 = FREEZING RAIN OR DRIZZLE
GRTST DEPTH: M ON M 7 = DUSTSTORM OR SANDSTORM:
VSBY 1/2 MILE OR LESS
8 = SMOKE OR HAZE
[NO. OF DAYS WITH] [WEATHER - DAYS WITH] 9 = BLOWING SNOW
X = TORNADO
MAX 32 OR BELOW: 0 0.01 INCH OR MORE: 0
MAX 90 OR ABOVE: 3 0.10 INCH OR MORE: 0
MIN 32 OR BELOW: 0 0.50 INCH OR MORE: 0
MIN 0 OR BELOW: 0 1.00 INCH OR MORE: 0
[HDD (BASE 65) ]
TOTAL THIS MO. 21 CLEAR (SCALE 0-3) 19
DPTR FM NORMAL -12 PTCLDY (SCALE 4-7) 10
TOTAL FM JUL 1 1056 CLOUDY (SCALE 8-10) 2
DPTR FM NORMAL -328
[CDD (BASE 65) ]
TOTAL THIS MO. 121
DPTR FM NORMAL 7 [PRESSURE DATA]
TOTAL FM JAN 1 280 HIGHEST SLP 30.14 ON 12
DPTR FM NORMAL 87 LOWEST SLP 29.72 ON 30
[REMARKS]
#FINAL-05-22#