000
CXUS53 KUNR 230930
CF6RAP
PRELIMINARY LOCAL CLIMATOLOGICAL DATA (WS FORM: F-6)
STATION: RAPID CITY AIRPORT SD
MONTH: APRIL
YEAR: 2024
LATITUDE: 44 2 N
LONGITUDE: 103 4 W
TEMPERATURE IN F: :PCPN: SNOW: WIND :SUNSHINE: SKY :PK WND
================================================================================
1 2 3 4 5 6A 6B 7 8 9 10 11 12 13 14 15 16 17 18
12Z AVG MX 2MIN
DY MAX MIN AVG DEP HDD CDD WTR SNW DPTH SPD SPD DIR MIN PSBL S-S WX SPD DR
================================================================================
1 36 20 28 -12 37 0 0.21 M M 4.2 12 340 M M 7 1 14 30
2 58 20 39 -2 26 0 0.00 M M 9.2 21 360 M M 1 12 26 360
3 63 25 44 3 21 0 0.00 M M 5.5 13 140 M M 0 19 150
4 68 32 50 9 15 0 0.00 M M 11.4 26 120 M M 0 35 120
5 67 36 52 11 13 0 0.00 M M 16.5 31 170 M M 0 8 38 180
6 61 32 47 5 18 0 1.14 M M 11.9 31 120 M M 5 18 40 120
7 43 33 38 -4 27 0 0.92 M M 18.6 30 330 M M 10 1 38 340
8 48 33 41 -1 24 0 0.11 M M 12.6 28 340 M M 8 1 36 330
9 63 32 48 6 17 0 0.00 M M 8.2 26 300 M M 2 31 300
10 57 31 44 2 21 0 0.00 M M 19.9 40 330 M M 2 52 320
11 59 27 43 0 22 0 0.00 M M 10.5 25 360 M M 1 35 360
12 74 29 52 9 13 0 0.00 M M 10.4 24 140 M M 0 31 160
13 86 43 65 22 0 0 T M M 8.2 30 320 M M 0 43 300
14 80 42 61 18 4 0 0.00 M M 10.3 23 180 M M 0 32 180
15 81 47 64 20 1 0 1.23 M M 18.4 47 350 M M 3 138 61 350
16 66 45 56 12 9 0 0.06 M M 26.4 46 330 M M 4 1 61 330
17 48 34 41 -3 24 0 0.01 M M 16.6 31 320 M M 8 1 40 330
18 50 27 39 -5 26 0 0.00 M M 14.3 26 330 M M 2 33 330
19 45 26 36 -9 29 0 0.00 M M 21.7 39 350 M M 1 52 350
20 48 19 34 -11 31 0 0.00 M M 7.4 17 350 M M 1 24 350
21 69 24 47 2 18 0 0.00 M M 11.2 29 190 M M 0 39 180
22 65 38 52 7 13 0 0.00 M M 17.8 35 340 M M 0 45 320
================================================================================
SM 1335 695 409 0 3.68 M 291.2 M 55
================================================================================
AV 60.7 31.6 13.2 FASTST M M 3 MAX(MPH)
MISC ----> 47 350 # 61 350
================================================================================
NOTES:
# LAST OF SEVERAL OCCURRENCES
COLUMN 17 PEAK WIND IN M.P.H.
PRELIMINARY LOCAL CLIMATOLOGICAL DATA (WS FORM: F-6) , PAGE 2
STATION: RAPID CITY AIRPORT SD
MONTH: APRIL
YEAR: 2024
LATITUDE: 44 2 N
LONGITUDE: 103 4 W
[TEMPERATURE DATA] [PRECIPITATION DATA] SYMBOLS USED IN COLUMN 16
AVERAGE MONTHLY: 46.1 TOTAL FOR MONTH: 3.68 1 = FOG OR MIST
DPTR FM NORMAL: 3.3 DPTR FM NORMAL: 2.27 2 = FOG REDUCING VISIBILITY
HIGHEST: 86 ON 13 GRTST 24HR 2.03 ON 6- 7 TO 1/4 MILE OR LESS
LOWEST: 19 ON 20 3 = THUNDER
SNOW, ICE PELLETS, HAIL 4 = ICE PELLETS
TOTAL MONTH: M 5 = HAIL
GRTST 24HR M ON M 6 = FREEZING RAIN OR DRIZZLE
GRTST DEPTH: M ON M 7 = DUSTSTORM OR SANDSTORM:
VSBY 1/2 MILE OR LESS
8 = SMOKE OR HAZE
[NO. OF DAYS WITH] [WEATHER - DAYS WITH] 9 = BLOWING SNOW
X = TORNADO
MAX 32 OR BELOW: 0 0.01 INCH OR MORE: 7
MAX 90 OR ABOVE: 0 0.10 INCH OR MORE: 5
MIN 32 OR BELOW: 13 0.50 INCH OR MORE: 3
MIN 0 OR BELOW: 0 1.00 INCH OR MORE: 2
[HDD (BASE 65) ]
TOTAL THIS MO. 409 CLEAR (SCALE 0-3) 15
DPTR FM NORMAL -77 PTCLDY (SCALE 4-7) 4
TOTAL FM JUL 1 5952 CLOUDY (SCALE 8-10) 3
DPTR FM NORMAL -710
[CDD (BASE 65) ]
TOTAL THIS MO. 0
DPTR FM NORMAL 0 [PRESSURE DATA]
TOTAL FM JAN 1 0 HIGHEST SLP M ON M
DPTR FM NORMAL 0 LOWEST SLP 29.33 ON 15
[REMARKS]